-- https://www.phpmyadmin.net/
--

START TRANSACTION;



--
-- Database: `farenet_wp914`
--

-- --------------------------------------------------------

--
-- Table structure for table `wpqa_actionscheduler_actions`
--

CREATE TABLE `wpqa_actionscheduler_actions` (
  `action_id` bigint(20) UNSIGNED NOT NULL,
  `hook` varchar(191) COLLATE utf8mb4_unicode_520_ci NOT NULL,
  `status` varchar(20) COLLATE utf8mb4_unicode_520_ci NOT NULL,
  `scheduled_date_gmt` datetime DEFAULT '0000-00-00 00:00:00',
  `scheduled_date_local` datetime DEFAULT '0000-00-00 00:00:00',
  `args` varchar(191) COLLATE utf8mb4_unicode_520_ci DEFAULT NULL,
  `schedule` longtext COLLATE utf8mb4_unicode_520_ci,
  `group_id` bigint(20) UNSIGNED NOT NULL DEFAULT '0',
  `attempts` int(11) NOT NULL DEFAULT '0',
  `last_attempt_gmt` datetime DEFAULT '0000-00-00 00:00:00',
  `last_attempt_local` datetime DEFAULT '0000-00-00 00:00:00',
  `claim_id` bigint(20) UNSIGNED NOT NULL DEFAULT '0',
  `extended_args` varchar(8000) COLLATE utf8mb4_unicode_520_ci DEFAULT NULL,
  `priority` tinyint(3) UNSIGNED NOT NULL DEFAULT '10'
) ENGINE=InnoDB DEFAULT CHARSET=utf8mb4 COLLATE=utf8mb4_unicode_520_ci;

--
-- Dumping data for table `wpqa_actionscheduler_actions`
--

INSERT INTO `wpqa_actionscheduler_actions` (`action_id`, `hook`, `status`, `scheduled_date_gmt`, `scheduled_date_local`, `args`, `schedule`, `group_id`, `attempts`, `last_attempt_gmt`, `last_attempt_local`, `claim_id`, `extended_args`, `priority`) VALUES
(12, 'wpforms_email_summaries_fetch_info_blocks', 'failed', '2023-03-22 19:43:08', '2023-03-22 19:43:08', '{\"tasks_meta_id\":null}', 'O:32:\"ActionScheduler_IntervalSchedule\":5:{s:22:\"\0*\0scheduled_timestamp\";i:1679514188;s:18:\"\0*\0first_timestamp\";i:1678852190;s:13:\"\0*\0recurrence\";i:604800;s:49:\"\0ActionScheduler_IntervalSchedule\0start_timestamp\";i:1679514188;s:53:\"\0ActionScheduler_IntervalSchedule\0interval_in_seconds\";i:604800;}', 2, 1, '2023-11-13 19:36:22', '2023-11-13 19:36:22', 0, NULL, 10),
(13, 'wpforms_process_forms_locator_scan', 'failed', '2023-03-16 19:43:08', '2023-03-16 19:43:08', '{\"tasks_meta_id\":3}', 'O:32:\"ActionScheduler_IntervalSchedule\":5:{s:22:\"\0*\0scheduled_timestamp\";i:1678995788;s:18:\"\0*\0first_timestamp\";i:1678909388;s:13:\"\0*\0recurrence\";i:86400;s:49:\"\0ActionScheduler_IntervalSchedule\0start_timestamp\";i:1678995788;s:53:\"\0ActionScheduler_IntervalSchedule\0interval_in_seconds\";i:86400;}', 2, 1, '2023-11-13 19:36:22', '2023-11-13 19:36:22', 0, NULL, 10),
(15, 'wpforms_process_forms_locator_scan', 'failed', '2023-11-14 19:36:22', '2023-11-14 19:36:22', '{\"tasks_meta_id\":3}', 'O:32:\"ActionScheduler_IntervalSchedule\":5:{s:22:\"\0*\0scheduled_timestamp\";i:1699990582;s:18:\"\0*\0first_timestamp\";i:1678909388;s:13:\"\0*\0recurrence\";i:86400;s:49:\"\0ActionScheduler_IntervalSchedule\0start_timestamp\";i:1699990582;s:53:\"\0ActionScheduler_IntervalSchedule\0interval_in_seconds\";i:86400;}', 2, 1, '2023-11-14 19:36:32', '2023-11-14 19:36:32', 0, NULL, 10),
(16, 'wpforms_email_summaries_fetch_info_blocks', 'failed', '2023-11-20 19:36:23', '2023-11-20 19:36:23', '{\"tasks_meta_id\":null}', 'O:32:\"ActionScheduler_IntervalSchedule\":5:{s:22:\"\0*\0scheduled_timestamp\";i:1700508983;s:18:\"\0*\0first_timestamp\";i:1678852190;s:13:\"\0*\0recurrence\";i:604800;s:49:\"\0ActionScheduler_IntervalSchedule\0start_timestamp\";i:1700508983;s:53:\"\0ActionScheduler_IntervalSchedule\0interval_in_seconds\";i:604800;}', 2, 1, '2023-11-20 22:17:20', '2023-11-20 22:17:20', 0, NULL, 10),
(206, 'action_scheduler/migration_hook', 'failed', '2023-11-13 21:32:30', '2023-11-13 21:32:30', '[]', 'O:30:\"ActionScheduler_SimpleSchedule\":2:{s:22:\"\0*\0scheduled_timestamp\";i:1699911150;s:41:\"\0ActionScheduler_SimpleSchedule\0timestamp\";i:1699911150;}', 1, 1, '2023-11-13 21:32:36', '2023-11-13 21:32:36', 0, NULL, 10),
(1033, 'wpforms_process_forms_locator_scan', 'failed', '2023-11-15 19:36:32', '2023-11-15 19:36:32', '{\"tasks_meta_id\":3}', 'O:32:\"ActionScheduler_IntervalSchedule\":5:{s:22:\"\0*\0scheduled_timestamp\";i:1700076992;s:18:\"\0*\0first_timestamp\";i:1678909388;s:13:\"\0*\0recurrence\";i:86400;s:49:\"\0ActionScheduler_IntervalSchedule\0start_timestamp\";i:1700076992;s:53:\"\0ActionScheduler_IntervalSchedule\0interval_in_seconds\";i:86400;}', 2, 1, '2023-11-15 19:36:40', '2023-11-15 19:36:40', 0, NULL, 10),
(1653, 'wpforms_process_forms_locator_scan', 'failed', '2023-11-16 19:36:40', '2023-11-16 19:36:40', '{\"tasks_meta_id\":3}', 'O:32:\"ActionScheduler_IntervalSchedule\":5:{s:22:\"\0*\0scheduled_timestamp\";i:1700163400;s:18:\"\0*\0first_timestamp\";i:1678909388;s:13:\"\0*\0recurrence\";i:86400;s:49:\"\0ActionScheduler_IntervalSchedule\0start_timestamp\";i:1700163400;s:53:\"\0ActionScheduler_IntervalSchedule\0interval_in_seconds\";i:86400;}', 2, 1, '2023-11-16 20:04:11', '2023-11-16 20:04:11', 0, NULL, 10),
(2126, 'wpforms_process_forms_locator_scan', 'failed', '2023-11-17 20:04:11', '2023-11-17 20:04:11', '{\"tasks_meta_id\":3}', 'O:32:\"ActionScheduler_IntervalSchedule\":5:{s:22:\"\0*\0scheduled_timestamp\";i:1700251451;s:18:\"\0*\0first_timestamp\";i:1678909388;s:13:\"\0*\0recurrence\";i:86400;s:49:\"\0ActionScheduler_IntervalSchedule\0start_timestamp\";i:1700251451;s:53:\"\0ActionScheduler_IntervalSchedule\0interval_in_seconds\";i:86400;}', 2, 1, '2023-11-18 06:33:44', '2023-11-18 06:33:44', 0, NULL, 10),
(2232, 'wpforms_email_summaries_fetch_info_blocks', 'failed', '2023-11-27 22:17:20', '2023-11-27 22:17:20', '{\"tasks_meta_id\":null}', 'O:32:\"ActionScheduler_IntervalSchedule\":5:{s:22:\"\0*\0scheduled_timestamp\";i:1701123440;s:18:\"\0*\0first_timestamp\";i:1678852190;s:13:\"\0*\0recurrence\";i:604800;s:49:\"\0ActionScheduler_IntervalSchedule\0start_timestamp\";i:1701123440;s:53:\"\0ActionScheduler_IntervalSchedule\0interval_in_seconds\";i:604800;}', 2, 1, '2023-11-27 22:29:39', '2023-11-27 22:29:39', 0, NULL, 10),
(2319, 'wpforms_email_summaries_fetch_info_blocks', 'failed', '2023-12-04 22:29:39', '2023-12-04 22:29:39', '{\"tasks_meta_id\":null}', 'O:32:\"ActionScheduler_IntervalSchedule\":5:{s:22:\"\0*\0scheduled_timestamp\";i:1701728979;s:18:\"\0*\0first_timestamp\";i:1678852190;s:13:\"\0*\0recurrence\";i:604800;s:49:\"\0ActionScheduler_IntervalSchedule\0start_timestamp\";i:1701728979;s:53:\"\0ActionScheduler_IntervalSchedule\0interval_in_seconds\";i:604800;}', 2, 1, '2023-12-05 00:51:15', '2023-12-05 00:51:15', 0, NULL, 10),
(2412, 'wpforms_email_summaries_fetch_info_blocks', 'failed', '2023-12-12 00:51:15', '2023-12-12 00:51:15', '{\"tasks_meta_id\":null}', 'O:32:\"ActionScheduler_IntervalSchedule\":5:{s:22:\"\0*\0scheduled_timestamp\";i:1702342275;s:18:\"\0*\0first_timestamp\";i:1678852190;s:13:\"\0*\0recurrence\";i:604800;s:49:\"\0ActionScheduler_IntervalSchedule\0start_timestamp\";i:1702342275;s:53:\"\0ActionScheduler_IntervalSchedule\0interval_in_seconds\";i:604800;}', 2, 1, '2023-12-12 15:01:27', '2023-12-12 15:01:27', 0, NULL, 10),
(4313, 'action_scheduler/migration_hook', 'failed', '2024-03-07 15:20:22', '2024-03-07 15:20:22', '[]', 'O:30:\"ActionScheduler_SimpleSchedule\":2:{s:22:\"\0*\0scheduled_timestamp\";i:1709824822;s:41:\"\0ActionScheduler_SimpleSchedule\0timestamp\";i:1709824822;}', 1, 1, '2024-03-07 15:20:28', '2024-03-07 15:20:28', 0, NULL, 10),
(29068, 'forminator_daily_cron', 'complete', '2024-05-05 16:11:48', '2024-05-05 16:11:48', '[]', 'O:30:\"ActionScheduler_SimpleSchedule\":2:{s:22:\"\0*\0scheduled_timestamp\";i:1714925508;s:41:\"\0ActionScheduler_SimpleSchedule\0timestamp\";i:1714925508;}', 3, 1, '2024-05-05 18:31:37', '2024-05-05 18:31:37', 0, NULL, 10),
(29131, 'forminator_action_scheduler_cleanup', 'complete', '2024-05-05 10:11:42', '2024-05-05 10:11:42', '[]', 'O:32:\"ActionScheduler_IntervalSchedule\":5:{s:22:\"\0*\0scheduled_timestamp\";i:1714903902;s:18:\"\0*\0first_timestamp\";i:1699904579;s:13:\"\0*\0recurrence\";i:7200;s:49:\"\0ActionScheduler_IntervalSchedule\0start_timestamp\";i:1714903902;s:53:\"\0ActionScheduler_IntervalSchedule\0interval_in_seconds\";i:7200;}', 3, 1, '2024-05-05 18:31:37', '2024-05-05 18:31:37', 0, NULL, 10),
(29142, 'forminator_general_data_protection_cleanup', 'complete', '2024-05-05 10:32:47', '2024-05-05 10:32:47', '[]', 'O:32:\"ActionScheduler_IntervalSchedule\":5:{s:22:\"\0*\0scheduled_timestamp\";i:1714905167;s:18:\"\0*\0first_timestamp\";i:1699904579;s:13:\"\0*\0recurrence\";i:3600;s:49:\"\0ActionScheduler_IntervalSchedule\0start_timestamp\";i:1714905167;s:53:\"\0ActionScheduler_IntervalSchedule\0interval_in_seconds\";i:3600;}', 3, 1, '2024-05-05 18:31:37', '2024-05-05 18:31:37', 0, NULL, 10),
(29143, 'forminator_process_report', 'complete', '2024-05-05 18:32:37', '2024-05-05 18:32:37', '[]', 'O:32:\"ActionScheduler_IntervalSchedule\":5:{s:22:\"\0*\0scheduled_timestamp\";i:1714933957;s:18:\"\0*\0first_timestamp\";i:1699904599;s:13:\"\0*\0recurrence\";i:60;s:49:\"\0ActionScheduler_IntervalSchedule\0start_timestamp\";i:1714933957;s:53:\"\0ActionScheduler_IntervalSchedule\0interval_in_seconds\";i:60;}', 3, 1, '2024-05-05 18:38:01', '2024-05-05 18:38:01', 0, NULL, 10),
(29144, 'forminator_send_export', 'complete', '2024-05-05 18:32:37', '2024-05-05 18:32:37', '[]', 'O:32:\"ActionScheduler_IntervalSchedule\":5:{s:22:\"\0*\0scheduled_timestamp\";i:1714933957;s:18:\"\0*\0first_timestamp\";i:1699904589;s:13:\"\0*\0recurrence\";i:60;s:49:\"\0ActionScheduler_IntervalSchedule\0start_timestamp\";i:1714933957;s:53:\"\0ActionScheduler_IntervalSchedule\0interval_in_seconds\";i:60;}', 3, 1, '2024-05-05 18:38:01', '2024-05-05 18:38:01', 0, NULL, 10),
(29145, 'forminator_action_scheduler_cleanup', 'pending', '2024-05-05 20:31:37', '2024-05-05 20:31:37', '[]', 'O:32:\"ActionScheduler_IntervalSchedule\":5:{s:22:\"\0*\0scheduled_timestamp\";i:1714941097;s:18:\"\0*\0first_timestamp\";i:1699904579;s:13:\"\0*\0recurrence\";i:7200;s:49:\"\0ActionScheduler_IntervalSchedule\0start_timestamp\";i:1714941097;s:53:\"\0ActionScheduler_IntervalSchedule\0interval_in_seconds\";i:7200;}', 3, 0, '0000-00-00 00:00:00', '0000-00-00 00:00:00', 0, NULL, 10),
(29146, 'forminator_general_data_protection_cleanup', 'pending', '2024-05-05 19:31:37', '2024-05-05 19:31:37', '[]', 'O:32:\"ActionScheduler_IntervalSchedule\":5:{s:22:\"\0*\0scheduled_timestamp\";i:1714937497;s:18:\"\0*\0first_timestamp\";i:1699904579;s:13:\"\0*\0recurrence\";i:3600;s:49:\"\0ActionScheduler_IntervalSchedule\0start_timestamp\";i:1714937497;s:53:\"\0ActionScheduler_IntervalSchedule\0interval_in_seconds\";i:3600;}', 3, 0, '0000-00-00 00:00:00', '0000-00-00 00:00:00', 0, NULL, 10),
(29147, 'forminator_daily_cron', 'pending', '2024-05-06 19:31:38', '2024-05-06 19:31:38', '[]', 'O:30:\"ActionScheduler_SimpleSchedule\":2:{s:22:\"\0*\0scheduled_timestamp\";i:1715023898;s:41:\"\0ActionScheduler_SimpleSchedule\0timestamp\";i:1715023898;}', 3, 0, '0000-00-00 00:00:00', '0000-00-00 00:00:00', 0, NULL, 10),
(29148, 'forminator_process_report', 'complete', '2024-05-05 18:39:01', '2024-05-05 18:39:01', '[]', 'O:32:\"ActionScheduler_IntervalSchedule\":5:{s:22:\"\0*\0scheduled_timestamp\";i:1714934341;s:18:\"\0*\0first_timestamp\";i:1699904599;s:13:\"\0*\0recurrence\";i:60;s:49:\"\0ActionScheduler_IntervalSchedule\0start_timestamp\";i:1714934341;s:53:\"\0ActionScheduler_IntervalSchedule\0interval_in_seconds\";i:60;}', 3, 1, '2024-05-05 18:39:32', '2024-05-05 18:39:32', 0, NULL, 10),
(29149, 'forminator_send_export', 'complete', '2024-05-05 18:39:01', '2024-05-05 18:39:01', '[]', 'O:32:\"ActionScheduler_IntervalSchedule\":5:{s:22:\"\0*\0scheduled_timestamp\";i:1714934341;s:18:\"\0*\0first_timestamp\";i:1699904589;s:13:\"\0*\0recurrence\";i:60;s:49:\"\0ActionScheduler_IntervalSchedule\0start_timestamp\";i:1714934341;s:53:\"\0ActionScheduler_IntervalSchedule\0interval_in_seconds\";i:60;}', 3, 1, '2024-05-05 18:39:32', '2024-05-05 18:39:32', 0, NULL, 10),
(29150, 'forminator_process_report', 'complete', '2024-05-05 18:40:32', '2024-05-05 18:40:32', '[]', 'O:32:\"ActionScheduler_IntervalSchedule\":5:{s:22:\"\0*\0scheduled_timestamp\";i:1714934432;s:18:\"\0*\0first_timestamp\";i:1699904599;s:13:\"\0*\0recurrence\";i:60;s:49:\"\0ActionScheduler_IntervalSchedule\0start_timestamp\";i:1714934432;s:53:\"\0ActionScheduler_IntervalSchedule\0interval_in_seconds\";i:60;}', 3, 1, '2024-05-05 18:40:42', '2024-05-05 18:40:42', 0, NULL, 10),
(29151, 'forminator_send_export', 'complete', '2024-05-05 18:40:32', '2024-05-05 18:40:32', '[]', 'O:32:\"ActionScheduler_IntervalSchedule\":5:{s:22:\"\0*\0scheduled_timestamp\";i:1714934432;s:18:\"\0*\0first_timestamp\";i:1699904589;s:13:\"\0*\0recurrence\";i:60;s:49:\"\0ActionScheduler_IntervalSchedule\0start_timestamp\";i:1714934432;s:53:\"\0ActionScheduler_IntervalSchedule\0interval_in_seconds\";i:60;}', 3, 1, '2024-05-05 18:40:42', '2024-05-05 18:40:42', 0, NULL, 10),
(29152, 'forminator_process_report', 'complete', '2024-05-05 18:41:42', '2024-05-05 18:41:42', '[]', 'O:32:\"ActionScheduler_IntervalSchedule\":5:{s:22:\"\0*\0scheduled_timestamp\";i:1714934502;s:18:\"\0*\0first_timestamp\";i:1699904599;s:13:\"\0*\0recurrence\";i:60;s:49:\"\0ActionScheduler_IntervalSchedule\0start_timestamp\";i:1714934502;s:53:\"\0ActionScheduler_IntervalSchedule\0interval_in_seconds\";i:60;}', 3, 1, '2024-05-05 18:42:20', '2024-05-05 18:42:20', 0, NULL, 10),
(29153, 'forminator_send_export', 'complete', '2024-05-05 18:41:42', '2024-05-05 18:41:42', '[]', 'O:32:\"ActionScheduler_IntervalSchedule\":5:{s:22:\"\0*\0scheduled_timestamp\";i:1714934502;s:18:\"\0*\0first_timestamp\";i:1699904589;s:13:\"\0*\0recurrence\";i:60;s:49:\"\0ActionScheduler_IntervalSchedule\0start_timestamp\";i:1714934502;s:53:\"\0ActionScheduler_IntervalSchedule\0interval_in_seconds\";i:60;}', 3, 1, '2024-05-05 18:42:20', '2024-05-05 18:42:20', 0, NULL, 10),
(29154, 'forminator_process_report', 'pending', '2024-05-05 18:43:20', '2024-05-05 18:43:20', '[]', 'O:32:\"ActionScheduler_IntervalSchedule\":5:{s:22:\"\0*\0scheduled_timestamp\";i:1714934600;s:18:\"\0*\0first_timestamp\";i:1699904599;s:13:\"\0*\0recurrence\";i:60;s:49:\"\0ActionScheduler_IntervalSchedule\0start_timestamp\";i:1714934600;s:53:\"\0ActionScheduler_IntervalSchedule\0interval_in_seconds\";i:60;}', 3, 0, '0000-00-00 00:00:00', '0000-00-00 00:00:00', 0, NULL, 10),
(29155, 'forminator_send_export', 'pending', '2024-05-05 18:43:20', '2024-05-05 18:43:20', '[]', 'O:32:\"ActionScheduler_IntervalSchedule\":5:{s:22:\"\0*\0scheduled_timestamp\";i:1714934600;s:18:\"\0*\0first_timestamp\";i:1699904589;s:13:\"\0*\0recurrence\";i:60;s:49:\"\0ActionScheduler_IntervalSchedule\0start_timestamp\";i:1714934600;s:53:\"\0ActionScheduler_IntervalSchedule\0interval_in_seconds\";i:60;}', 3, 0, '0000-00-00 00:00:00', '0000-00-00 00:00:00', 0, NULL, 10);

-- --------------------------------------------------------

--
-- Table structure for table `wpqa_actionscheduler_claims`
--

CREATE TABLE `wpqa_actionscheduler_claims` (
  `claim_id` bigint(20) UNSIGNED NOT NULL,
  `date_created_gmt` datetime DEFAULT '0000-00-00 00:00:00'
) ENGINE=InnoDB DEFAULT CHARSET=utf8mb4 COLLATE=utf8mb4_unicode_520_ci;

-- --------------------------------------------------------

--
-- Table structure for table `wpqa_actionscheduler_groups`
--

CREATE TABLE `wpqa_actionscheduler_groups` (
  `group_id` bigint(20) UNSIGNED NOT NULL,
  `slug` varchar(255) COLLATE utf8mb4_unicode_520_ci NOT NULL
) ENGINE=InnoDB DEFAULT CHARSET=utf8mb4 COLLATE=utf8mb4_unicode_520_ci;

--
-- Dumping data for table `wpqa_actionscheduler_groups`
--

INSERT INTO `wpqa_actionscheduler_groups` (`group_id`, `slug`) VALUES
(1, 'action-scheduler-migration'),
(2, 'wpforms'),
(3, 'forminator');

-- --------------------------------------------------------

--
-- Table structure for table `wpqa_actionscheduler_logs`
--

CREATE TABLE `wpqa_actionscheduler_logs` (
  `log_id` bigint(20) UNSIGNED NOT NULL,
  `action_id` bigint(20) UNSIGNED NOT NULL,
  `message` text COLLATE utf8mb4_unicode_520_ci NOT NULL,
  `log_date_gmt` datetime DEFAULT '0000-00-00 00:00:00',
  `log_date_local` datetime DEFAULT '0000-00-00 00:00:00'
) ENGINE=InnoDB DEFAULT CHARSET=utf8mb4 COLLATE=utf8mb4_unicode_520_ci;

--
-- Dumping data for table `wpqa_actionscheduler_logs`
--

INSERT INTO `wpqa_actionscheduler_logs` (`log_id`, `action_id`, `message`, `log_date_gmt`, `log_date_local`) VALUES
(18, 12, 'action created', '2023-03-15 19:43:08', '2023-03-15 19:43:08'),
(21, 13, 'action created', '2023-03-15 19:43:08', '2023-03-15 19:43:08'),
(23, 13, 'action started via Async Request', '2023-11-13 19:36:22', '2023-11-13 19:36:22'),
(24, 13, 'action failed via Async Request: Scheduled action for wpforms_process_forms_locator_scan will not be executed as no callbacks are registered.', '2023-11-13 19:36:22', '2023-11-13 19:36:22'),
(25, 15, 'action created', '2023-11-13 19:36:22', '2023-11-13 19:36:22'),
(26, 12, 'action started via Async Request', '2023-11-13 19:36:22', '2023-11-13 19:36:22'),
(27, 12, 'action failed via Async Request: Scheduled action for wpforms_email_summaries_fetch_info_blocks will not be executed as no callbacks are registered.', '2023-11-13 19:36:22', '2023-11-13 19:36:22'),
(28, 16, 'action created', '2023-11-13 19:36:23', '2023-11-13 19:36:23'),
(588, 206, 'action created', '2023-11-13 21:31:30', '2023-11-13 21:31:30'),
(595, 206, 'action started via Async Request', '2023-11-13 21:32:36', '2023-11-13 21:32:36'),
(596, 206, 'action failed via Async Request: Scheduled action for action_scheduler/migration_hook will not be executed as no callbacks are registered.', '2023-11-13 21:32:36', '2023-11-13 21:32:36'),
(3069, 15, 'action started via WP Cron', '2023-11-14 19:36:32', '2023-11-14 19:36:32'),
(3070, 15, 'action failed via WP Cron: Scheduled action for wpforms_process_forms_locator_scan will not be executed as no callbacks are registered.', '2023-11-14 19:36:32', '2023-11-14 19:36:32'),
(3071, 1033, 'action created', '2023-11-14 19:36:32', '2023-11-14 19:36:32'),
(4929, 1033, 'action started via Async Request', '2023-11-15 19:36:40', '2023-11-15 19:36:40'),
(4930, 1033, 'action failed via Async Request: Scheduled action for wpforms_process_forms_locator_scan will not be executed as no callbacks are registered.', '2023-11-15 19:36:40', '2023-11-15 19:36:40'),
(4931, 1653, 'action created', '2023-11-15 19:36:40', '2023-11-15 19:36:40'),
(6348, 1653, 'action started via WP Cron', '2023-11-16 20:04:11', '2023-11-16 20:04:11'),
(6349, 1653, 'action failed via WP Cron: Scheduled action for wpforms_process_forms_locator_scan will not be executed as no callbacks are registered.', '2023-11-16 20:04:11', '2023-11-16 20:04:11'),
(6350, 2126, 'action created', '2023-11-16 20:04:11', '2023-11-16 20:04:11'),
(6555, 2126, 'action started via WP Cron', '2023-11-18 06:33:44', '2023-11-18 06:33:44'),
(6556, 2126, 'action failed via WP Cron: Scheduled action for wpforms_process_forms_locator_scan will not be executed as no callbacks are registered.', '2023-11-18 06:33:44', '2023-11-18 06:33:44'),
(6557, 2126, 'This action appears to be consistently failing. A new instance will not be scheduled.', '2023-11-18 06:33:44', '2023-11-18 06:33:44'),
(6669, 16, 'action started via WP Cron', '2023-11-20 22:17:20', '2023-11-20 22:17:20'),
(6670, 16, 'action failed via WP Cron: Scheduled action for wpforms_email_summaries_fetch_info_blocks will not be executed as no callbacks are registered.', '2023-11-20 22:17:20', '2023-11-20 22:17:20'),
(6671, 2232, 'action created', '2023-11-20 22:17:20', '2023-11-20 22:17:20'),
(6930, 2232, 'action started via WP Cron', '2023-11-27 22:29:39', '2023-11-27 22:29:39'),
(6931, 2232, 'action failed via WP Cron: Scheduled action for wpforms_email_summaries_fetch_info_blocks will not be executed as no callbacks are registered.', '2023-11-27 22:29:39', '2023-11-27 22:29:39'),
(6932, 2319, 'action created', '2023-11-27 22:29:39', '2023-11-27 22:29:39'),
(7209, 2319, 'action started via WP Cron', '2023-12-05 00:51:15', '2023-12-05 00:51:15'),
(7210, 2319, 'action failed via WP Cron: Scheduled action for wpforms_email_summaries_fetch_info_blocks will not be executed as no callbacks are registered.', '2023-12-05 00:51:15', '2023-12-05 00:51:15'),
(7211, 2412, 'action created', '2023-12-05 00:51:15', '2023-12-05 00:51:15'),
(7473, 2412, 'action started via WP Cron', '2023-12-12 15:01:27', '2023-12-12 15:01:27'),
(7474, 2412, 'action failed via WP Cron: Scheduled action for wpforms_email_summaries_fetch_info_blocks will not be executed as no callbacks are registered.', '2023-12-12 15:01:27', '2023-12-12 15:01:27'),
(7475, 2412, 'This action appears to be consistently failing. A new instance will not be scheduled.', '2023-12-12 15:01:27', '2023-12-12 15:01:27'),
(12915, 4313, 'action created', '2024-03-07 15:19:22', '2024-03-07 15:19:22'),
(12922, 4313, 'action started via WP Cron', '2024-03-07 15:20:28', '2024-03-07 15:20:28'),
(12923, 4313, 'action failed via WP Cron: Scheduled action for action_scheduler/migration_hook will not be executed as no callbacks are registered.', '2024-03-07 15:20:28', '2024-03-07 15:20:28'),
(87182, 29068, 'action created', '2024-05-04 15:11:48', '2024-05-04 15:11:48'),
(87371, 29131, 'action created', '2024-05-05 08:11:42', '2024-05-05 08:11:42'),
(87404, 29142, 'action created', '2024-05-05 09:32:47', '2024-05-05 09:32:47'),
(87407, 29143, 'action created', '2024-05-05 18:31:37', '2024-05-05 18:31:37'),
(87410, 29144, 'action created', '2024-05-05 18:31:37', '2024-05-05 18:31:37'),
(87411, 29131, 'action started via WP Cron', '2024-05-05 18:31:37', '2024-05-05 18:31:37'),
(87412, 29131, 'action complete via WP Cron', '2024-05-05 18:31:37', '2024-05-05 18:31:37'),
(87413, 29145, 'action created', '2024-05-05 18:31:37', '2024-05-05 18:31:37'),
(87414, 29142, 'action started via WP Cron', '2024-05-05 18:31:37', '2024-05-05 18:31:37'),
(87415, 29142, 'action complete via WP Cron', '2024-05-05 18:31:37', '2024-05-05 18:31:37'),
(87416, 29146, 'action created', '2024-05-05 18:31:37', '2024-05-05 18:31:37'),
(87417, 29068, 'action started via WP Cron', '2024-05-05 18:31:37', '2024-05-05 18:31:37'),
(87418, 29068, 'action complete via WP Cron', '2024-05-05 18:31:37', '2024-05-05 18:31:37'),
(87419, 29147, 'action created', '2024-05-05 18:31:38', '2024-05-05 18:31:38'),
(87420, 29143, 'action started via WP Cron', '2024-05-05 18:38:01', '2024-05-05 18:38:01'),
(87421, 29143, 'action complete via WP Cron', '2024-05-05 18:38:01', '2024-05-05 18:38:01'),
(87422, 29148, 'action created', '2024-05-05 18:38:01', '2024-05-05 18:38:01'),
(87423, 29144, 'action started via WP Cron', '2024-05-05 18:38:01', '2024-05-05 18:38:01'),
(87424, 29144, 'action complete via WP Cron', '2024-05-05 18:38:01', '2024-05-05 18:38:01'),
(87425, 29149, 'action created', '2024-05-05 18:38:01', '2024-05-05 18:38:01'),
(87426, 29148, 'action started via WP Cron', '2024-05-05 18:39:32', '2024-05-05 18:39:32'),
(87427, 29148, 'action complete via WP Cron', '2024-05-05 18:39:32', '2024-05-05 18:39:32'),
(87428, 29150, 'action created', '2024-05-05 18:39:32', '2024-05-05 18:39:32'),
(87429, 29149, 'action started via WP Cron', '2024-05-05 18:39:32', '2024-05-05 18:39:32'),
(87430, 29149, 'action complete via WP Cron', '2024-05-05 18:39:32', '2024-05-05 18:39:32'),
(87431, 29151, 'action created', '2024-05-05 18:39:32', '2024-05-05 18:39:32'),
(87432, 29150, 'action started via Async Request', '2024-05-05 18:40:42', '2024-05-05 18:40:42'),
(87433, 29150, 'action complete via Async Request', '2024-05-05 18:40:42', '2024-05-05 18:40:42'),
(87434, 29152, 'action created', '2024-05-05 18:40:42', '2024-05-05 18:40:42'),
(87435, 29151, 'action started via Async Request', '2024-05-05 18:40:42', '2024-05-05 18:40:42'),
(87436, 29151, 'action complete via Async Request', '2024-05-05 18:40:42', '2024-05-05 18:40:42'),
(87437, 29153, 'action created', '2024-05-05 18:40:42', '2024-05-05 18:40:42'),
(87438, 29152, 'action started via WP Cron', '2024-05-05 18:42:20', '2024-05-05 18:42:20'),
(87439, 29152, 'action complete via WP Cron', '2024-05-05 18:42:20', '2024-05-05 18:42:20'),
(87440, 29154, 'action created', '2024-05-05 18:42:20', '2024-05-05 18:42:20'),
(87441, 29153, 'action started via WP Cron', '2024-05-05 18:42:20', '2024-05-05 18:42:20'),
(87442, 29153, 'action complete via WP Cron', '2024-05-05 18:42:20', '2024-05-05 18:42:20'),
(87443, 29155, 'action created', '2024-05-05 18:42:20', '2024-05-05 18:42:20');

-- --------------------------------------------------------

--
-- Table structure for table `wpqa_bm_guests`
--

CREATE TABLE `wpqa_bm_guests` (
  `id` bigint(20) NOT NULL,
  `secret` varchar(30) NOT NULL,
  `name` varchar(255) NOT NULL,
  `email` varchar(100) DEFAULT NULL,
  `ip` varchar(40) NOT NULL,
  `meta` longtext NOT NULL,
  `last_changed` bigint(20) DEFAULT NULL,
  `created_at` datetime NOT NULL DEFAULT CURRENT_TIMESTAMP,
  `updated_at` datetime NOT NULL DEFAULT CURRENT_TIMESTAMP ON UPDATE CURRENT_TIMESTAMP,
  `deleted_at` datetime DEFAULT NULL
) ENGINE=InnoDB DEFAULT CHARSET=utf8mb4;

-- --------------------------------------------------------

--
-- Table structure for table `wpqa_bm_mentions`
--

CREATE TABLE `wpqa_bm_mentions` (
  `id` bigint(20) NOT NULL,
  `thread_id` bigint(20) NOT NULL,
  `message_id` bigint(20) NOT NULL,
  `user_id` bigint(20) NOT NULL,
  `type` enum('mention','reply','reaction') NOT NULL
) ENGINE=InnoDB DEFAULT CHARSET=utf8mb4;

-- --------------------------------------------------------

--
-- Table structure for table `wpqa_bm_message_messages`
--

CREATE TABLE `wpqa_bm_message_messages` (
  `id` bigint(20) NOT NULL,
  `thread_id` bigint(20) NOT NULL,
  `sender_id` bigint(20) NOT NULL,
  `message` longtext NOT NULL,
  `date_sent` datetime NOT NULL,
  `created_at` bigint(20) NOT NULL DEFAULT '0',
  `updated_at` bigint(20) NOT NULL DEFAULT '0',
  `temp_id` varchar(50) DEFAULT NULL
) ENGINE=InnoDB DEFAULT CHARSET=utf8mb4;

--
-- Dumping data for table `wpqa_bm_message_messages`
--

INSERT INTO `wpqa_bm_message_messages` (`id`, `thread_id`, `sender_id`, `message`, `date_sent`, `created_at`, `updated_at`, `temp_id`) VALUES
(1, 1, 3, 'Hola', '2023-10-25 21:33:28', 16982696086178, 16982696086178, NULL),
(2, 3, 124, 'ola', '2024-04-05 18:59:10', 17123435502951, 17123435502951, NULL),
(3, 3, 124, '👻', '2024-04-05 18:59:21', 17123435611775, 17123435611775, NULL),
(4, 3, 124, 'XD', '2024-04-05 22:30:38', 17123562387587, 17123562387587, NULL);

-- --------------------------------------------------------

--
-- Table structure for table `wpqa_bm_message_meta`
--

CREATE TABLE `wpqa_bm_message_meta` (
  `meta_id` bigint(20) NOT NULL,
  `bm_message_id` bigint(20) NOT NULL,
  `meta_key` varchar(255) DEFAULT NULL,
  `meta_value` longtext
) ENGINE=InnoDB DEFAULT CHARSET=utf8mb4;

-- --------------------------------------------------------

--
-- Table structure for table `wpqa_bm_message_recipients`
--

CREATE TABLE `wpqa_bm_message_recipients` (
  `id` bigint(20) NOT NULL,
  `user_id` bigint(20) NOT NULL,
  `thread_id` bigint(20) NOT NULL,
  `unread_count` int(10) NOT NULL DEFAULT '0',
  `last_read` datetime NOT NULL DEFAULT '1970-01-01 00:00:00',
  `last_delivered` datetime NOT NULL DEFAULT '1970-01-01 00:00:00',
  `last_email` datetime NOT NULL DEFAULT '1970-01-01 00:00:00',
  `is_muted` tinyint(1) NOT NULL DEFAULT '0',
  `is_pinned` tinyint(1) NOT NULL DEFAULT '0',
  `is_deleted` tinyint(1) NOT NULL DEFAULT '0',
  `last_update` bigint(20) NOT NULL DEFAULT '0'
) ENGINE=InnoDB DEFAULT CHARSET=utf8mb4;

--
-- Dumping data for table `wpqa_bm_message_recipients`
--

INSERT INTO `wpqa_bm_message_recipients` (`id`, `user_id`, `thread_id`, `unread_count`, `last_read`, `last_delivered`, `last_email`, `is_muted`, `is_pinned`, `is_deleted`, `last_update`) VALUES
(1, 5, 1, 1, '1970-01-01 00:00:00', '1970-01-01 00:00:00', '2023-10-25 21:33:28', 0, 0, 0, 16982696086209),
(2, 3, 1, 0, '1970-01-01 00:00:00', '1970-01-01 00:00:00', '1970-01-01 00:00:00', 0, 0, 0, 16982696086209),
(3, 3, 2, 0, '1970-01-01 00:00:00', '1970-01-01 00:00:00', '1970-01-01 00:00:00', 0, 0, 0, 0),
(4, 4, 2, 0, '1970-01-01 00:00:00', '1970-01-01 00:00:00', '1970-01-01 00:00:00', 0, 0, 0, 0),
(5, 122, 3, 3, '1970-01-01 00:00:00', '1970-01-01 00:00:00', '2024-04-05 22:30:38', 0, 0, 0, 17123562387577),
(6, 124, 3, 0, '2024-04-05 22:39:42', '2024-04-05 22:39:42', '1970-01-01 00:00:00', 0, 0, 0, 17123435502855);

-- --------------------------------------------------------

--
-- Table structure for table `wpqa_bm_moderation`
--

CREATE TABLE `wpqa_bm_moderation` (
  `id` bigint(20) NOT NULL,
  `user_id` bigint(20) NOT NULL,
  `thread_id` bigint(20) NOT NULL,
  `type` enum('ban','mute') NOT NULL,
  `expiration` datetime DEFAULT NULL,
  `admin_id` bigint(20) NOT NULL,
  `created_at` datetime NOT NULL DEFAULT CURRENT_TIMESTAMP,
  `updated_at` datetime NOT NULL DEFAULT CURRENT_TIMESTAMP ON UPDATE CURRENT_TIMESTAMP
) ENGINE=InnoDB DEFAULT CHARSET=utf8mb4;

-- --------------------------------------------------------

--
-- Table structure for table `wpqa_bm_threads`
--

CREATE TABLE `wpqa_bm_threads` (
  `id` bigint(20) NOT NULL,
  `subject` varchar(255) NOT NULL,
  `type` enum('thread','group','chat-room') NOT NULL DEFAULT 'thread'
) ENGINE=InnoDB DEFAULT CHARSET=utf8mb4;

--
-- Dumping data for table `wpqa_bm_threads`
--

INSERT INTO `wpqa_bm_threads` (`id`, `subject`, `type`) VALUES
(1, '', 'thread'),
(2, '', 'thread'),
(3, '', 'thread');

-- --------------------------------------------------------

--
-- Table structure for table `wpqa_bm_thread_meta`
--

CREATE TABLE `wpqa_bm_thread_meta` (
  `meta_id` bigint(20) NOT NULL,
  `bm_thread_id` bigint(20) NOT NULL,
  `meta_key` varchar(255) DEFAULT NULL,
  `meta_value` longtext
) ENGINE=InnoDB DEFAULT CHARSET=utf8mb4;

--
-- Dumping data for table `wpqa_bm_thread_meta`
--

INSERT INTO `wpqa_bm_thread_meta` (`meta_id`, `bm_thread_id`, `meta_key`, `meta_value`) VALUES
(1, 1, 'thread_starter_user_id', '3'),
(2, 1, 'thread_start_time', '1698269608'),
(3, 3, 'thread_starter_user_id', '124'),
(4, 3, 'thread_start_time', '1712343550');

-- --------------------------------------------------------

--
-- Table structure for table `wpqa_bm_user_index`
--

CREATE TABLE `wpqa_bm_user_index` (
  `ID` bigint(20) NOT NULL,
  `user_nicename` varchar(50) NOT NULL DEFAULT '',
  `display_name` varchar(250) NOT NULL DEFAULT '',
  `nickname` varchar(255) DEFAULT NULL,
  `first_name` varchar(255) DEFAULT NULL,
  `last_name` varchar(255) DEFAULT NULL,
  `last_activity` datetime NOT NULL DEFAULT '1970-01-01 00:00:00',
  `last_changed` bigint(20) DEFAULT NULL
) ENGINE=InnoDB DEFAULT CHARSET=utf8mb4;

--
-- Dumping data for table `wpqa_bm_user_index`
--

INSERT INTO `wpqa_bm_user_index` (`ID`, `user_nicename`, `display_name`, `nickname`, `first_name`, `last_name`, `last_activity`, `last_changed`) VALUES
(1, 'admin', 'Admin Farenet', 'Admin Farenet', 'Admin', 'Farenet', '2024-03-25 17:17:19', NULL),
(3, 'kflores', 'Kamila Flores', 'Kamila Flores', 'Kamila', 'Flores', '2023-11-09 22:53:38', NULL),
(5, 'jbayton', 'Terry Muñoz', 'Terry Muñoz', 'Terry', 'Muñoz', '2023-04-12 03:30:29', NULL),
(6, 'mzanabria', 'Miriam Zanabria', 'Miriam Zanabria', 'Miriam', 'Zanabria', '2023-04-19 21:57:40', NULL),
(7, 'ecarranza', 'Ernesto Carranza Casas', 'Ernesto Carranza Casas', 'Ernesto', 'Carranza Casas', '2024-04-30 18:08:08', NULL),
(8, 'pflores', 'Patricia Flores', 'Patricia Flores', 'Patricia', 'Flores', '2024-05-02 16:17:04', NULL),
(29, 'rgalindo', 'Richard Galindo', 'rgalindo', 'Richard', 'Galindo', '1970-01-01 00:00:00', NULL),
(30, 'yabanto', 'Yerson Abanto', 'yabanto', 'Yerson', 'Abanto', '1970-01-01 00:00:00', NULL),
(31, 'mpimentel', 'Mario Pimentel', 'mpimentel', 'Mario', 'Pimentel', '1970-01-01 00:00:00', NULL),
(32, 'gampuero', 'Gustavo Ampuero', 'gampuero', 'Gustavo', 'Ampuero', '1970-01-01 00:00:00', NULL),
(33, 'vluzurriaga', 'Victor Luzurriaga', 'vluzurriaga', 'Victor', 'Luzurriaga', '1970-01-01 00:00:00', NULL),
(34, 'pbazalar', 'Paul bazalar', 'pbazalar', 'Paul', 'Bazalar', '1970-01-01 00:00:00', NULL),
(35, 'aalvarado', 'CESAR ANTHONY ALVARADO CESPEDES', 'aalvarado', 'Anthony', 'Alvarado', '1970-01-01 00:00:00', NULL),
(41, 'amuoz', 'ABRAHAM FRANKLIN MU?OZ HERNANDEZ', 'amuoz', 'Abraham', 'Mu?oz', '1970-01-01 00:00:00', NULL),
(42, 'bayala', 'BRAYAN RAFAEL AYALA SANCHEZ', 'bayala', 'Brayan', 'Ayala', '1970-01-01 00:00:00', NULL),
(43, 'atapia', 'ALEXANDER VINCENT TAPIA MARTINEZ', 'atapia', 'Alexander', 'Tapia', '1970-01-01 00:00:00', NULL),
(44, 'aescobar', 'Alain Abraham Escobar Curi', 'aescobar', 'Alain', 'Escobar', '1970-01-01 00:00:00', NULL),
(45, 'jvergara', 'Jhon Vergara Limas', 'jvergara', 'Jhon', 'Vergara', '1970-01-01 00:00:00', NULL),
(46, 'jtafur', 'JOSE ROBERT TAFUR REYES', 'jtafur', 'Jose', 'Tafur', '1970-01-01 00:00:00', NULL),
(48, 'jcaycho', 'Julio Caycho', 'Julio Caycho', 'Julio', 'Caycho', '2024-03-25 14:43:18', NULL),
(49, 'cponte', 'Carla Ponte', 'Carla Ponte', 'Carla', 'Ponte', '2024-03-25 20:49:23', NULL),
(50, 'adelgado', 'Anthoanet Delgado', 'Anthoanet Delgado', 'Anthoanet', 'Delgado', '2024-03-26 15:05:25', NULL),
(51, 'sbendezu', 'Silvana Bendezu', 'Silvana Bendezu', 'Silvana', 'Bendezu', '2024-03-27 21:38:05', NULL),
(52, 'jmora', 'jadira Mora', 'jadira Mora', 'jadira', 'Mora', '2024-03-26 15:53:05', NULL),
(53, 'kseminario', 'Karim Seminario', 'Karim Seminario', 'Karim', 'Seminario', '2024-03-26 17:34:42', NULL),
(54, 'rzavaleta', 'Reyna Zavaleta', 'Reyna Zavaleta', 'Reyna', 'Zavaleta', '2024-04-22 23:07:39', NULL),
(56, 'cbernales', 'Camila Bernales', 'Camila Bernales', 'Camila', 'Bernales', '2024-03-28 18:58:26', NULL),
(57, 'cespinoza', 'Carlos', 'Carlos', 'Carlos', 'Espinoza', '2024-04-11 21:28:19', NULL),
(58, 'mplacencia', 'maria Placencia', 'maria Placencia', 'maria', 'Placencia', '2024-04-22 21:35:12', NULL),
(59, 'dgalindo', 'Dana Galindo', 'Dana Galindo', 'Dana', 'Galindo', '2024-04-11 21:31:36', NULL),
(61, 'mzambrano', 'Medaly Zambrano', 'Medaly Zambrano', 'Medaly', 'Zambrano', '2024-04-29 14:36:52', NULL),
(62, 'jsanmartin', 'Jose San martin', 'Jose San martin', 'Jose', 'San martin', '2024-04-15 18:15:45', NULL),
(63, 'dcabrera', 'Dany Cabrera', 'Dany Cabrera', 'Dany', 'Cabrera', '2024-04-22 21:30:15', NULL),
(64, 'scardenas', 'Sonia Cardenas', 'Sonia Cardenas', 'Sonia', 'Cardenas', '2024-04-27 13:21:46', NULL),
(65, 'jurbano', 'Janeth Urbano', 'Janeth Urbano', 'Janeth', 'Urbano', '2024-04-29 18:29:52', NULL),
(66, 'nflores', 'Nicole Flores', 'Nicole Flores', 'Nicole', 'Flores', '2024-04-23 18:02:43', NULL),
(67, 'dabad', 'Diego Abad', 'Diego Abad', 'Diego', 'Abad', '2024-04-13 19:02:53', NULL),
(68, 'jmandujano', 'jhosmel Mandujano', 'jhosmel Mandujano', 'jhosmel', 'Mandujano', '2024-04-04 21:58:31', NULL),
(69, 'mdelacruz', 'mdelacruz', 'Melani De la cruz', 'Melani', 'De la cruz', '2024-04-25 13:52:12', NULL),
(70, 'mcastro', 'Medaly Castro', 'Medali De la cruz', 'Medaly', 'Castro', '2024-04-26 21:14:18', NULL),
(71, 'rachulla', 'Roxana Achulla', 'Roxana Achulla', 'Roxana', 'Achulla', '2024-04-24 17:20:07', NULL),
(72, 'nzegarra', 'Nestor Zegarra', 'Nestor Zegarra', 'Nestor', 'Zegarra', '2024-05-02 13:36:20', NULL),
(73, 'cvalverde', 'Christian Valverde', 'Christian Valverde', 'Christian', 'Valverde', '1970-01-01 00:00:00', NULL),
(74, 'mlevano', 'Miguel Levano', 'Miguel Levano', 'Miguel', 'Levano', '2024-04-12 15:37:30', NULL),
(75, 'cmamani', 'carol Yañez', 'carol Yañez', 'carol', 'Yañez', '2024-04-29 20:45:11', NULL),
(76, 'bquequezana', 'Berty Quequezana', 'Berty Quequezana', 'Berty', 'Quequezana', '1970-01-01 00:00:00', NULL),
(77, 'jobregon', 'Javier Obregon', 'Javier Obregon', 'Javier', 'Obregon', '2024-04-12 15:51:44', NULL),
(78, 'azegarra', 'Alejandro Muñoz', 'Alejandro Muñoz', 'Alejandro', 'Muñoz', '1970-01-01 00:00:00', NULL),
(79, 'jpimentel', 'johans Pimental', 'johans Pimental', 'johans', 'Pimental', '1970-01-01 00:00:00', NULL),
(80, 'arupay', 'Antonio Rupay', 'Antonio Rupay', 'Antonio', 'Rupay', '2024-04-02 19:39:37', NULL),
(81, 'spasache', 'Sheila Pasache', 'Sheila Pasache', 'Sheila', 'Pasache', '1970-01-01 00:00:00', NULL),
(82, 'aaparcana', 'Ana Aparcana', 'Ana Aparcana', 'Ana', 'Aparcana', '1970-01-01 00:00:00', NULL),
(83, 'equispe', 'Evelyn Quispe', 'Evelyn Quispe', 'Evelyn', 'Quispe', '1970-01-01 00:00:00', NULL),
(84, 'ygutierrez', 'Yanira Gutierrez', 'Yanira Gutierrez', 'Yanira', 'Gutierrez', '1970-01-01 00:00:00', NULL),
(85, 'jrojas', 'Jean Rojas', 'Jean Rojas', 'Jean', 'Rojas', '1970-01-01 00:00:00', NULL),
(86, 'gsilva', 'Gino Silva', 'Gino Silva', 'Gino', 'Silva', '1970-01-01 00:00:00', NULL),
(87, 'bflores', 'Brian Flores', 'Brian Flores', 'Brian', 'Flores', '1970-01-01 00:00:00', NULL),
(88, 'cchunga', 'Carla Chunga', 'Carla Chunga', 'Carla', 'Chunga', '1970-01-01 00:00:00', NULL),
(89, 'kcerda', 'Kimberly Cerda', 'Kimberly Cerda', 'Kimberly', 'Cerda', '2024-04-22 22:44:57', NULL),
(90, 'jboza', 'Jazmin Boza', 'Jazmin Boza', 'Jazmin', 'Boza', '2024-04-26 00:46:19', NULL),
(91, 'pburga', 'Paola Burga', 'Paola Burga', 'Paola', 'Burga', '2024-04-23 01:18:26', NULL),
(92, 'bvarona', 'Bruno Varona', 'Bruno Varona', 'Bruno', 'Varona', '1970-01-01 00:00:00', NULL),
(93, 'lbaboc', 'Lorena Baboc', 'Lorena Baboc', 'Lorena', 'Baboc', '1970-01-01 00:00:00', NULL),
(94, 'echavez', 'Erick Chavez', 'Erick Chavez', 'Erick', 'Chavez', '1970-01-01 00:00:00', NULL),
(95, 'lcontreras', 'Luis Contreras', 'Luis Contreras', 'Luis', 'Contreras', '2024-04-26 20:10:07', NULL),
(96, 'dmamani', 'Dante Mamani', 'Dante Mamani', 'Dante', 'Mamani', '1970-01-01 00:00:00', NULL),
(97, 'sflores', 'Stefany Flores', 'Stefany Flores', 'Stefany', 'Flores', '2024-04-11 15:47:44', NULL),
(98, 'jpariona', 'Jacqueline', 'Jacqueline Pariona', 'Jacqueline', 'Pariona', '2024-05-05 18:38:01', NULL),
(99, 'cdelrio', 'candy Del rio', 'candy Del rio', 'candy', 'Del rio', '2024-05-03 16:05:34', NULL),
(100, 'ivillegas', 'Isaac Villegas', 'Isaac Villegas', 'Isaac', 'Villegas', '1970-01-01 00:00:00', NULL),
(101, 'hestela', 'Hanmerly Estela', 'Hanmerly Estela', 'Hanmerly', 'Estela', '2024-04-29 18:03:28', NULL),
(102, 'jzavaleta', 'Jose Zavaleta', 'Jose Zavaleta', 'Jose', 'Zavaleta', '1970-01-01 00:00:00', NULL),
(103, 'rmendoza', 'Ruth Mendoza', 'Ruth Mendoza', 'Ruth', 'Mendoza', '1970-01-01 00:00:00', NULL),
(104, 'jgastulo', 'Jennifer Gastulo', 'Jennifer Gastulo', 'Jennifer', 'Gastulo', '2024-05-04 01:06:49', NULL),
(105, 'dmurata', 'Dayanna Murata', 'Dayanna Murata', 'Dayanna', 'Murata', '2024-04-29 18:11:36', NULL),
(106, 'cmuchcco', 'Cesar Muchcco', 'Cesar Muchcco', 'Cesar', 'Muchcco', '1970-01-01 00:00:00', NULL),
(107, 'fpalacios', 'Felix Palacios', 'Felix Palacios', 'Felix', 'Palacios', '2024-04-04 15:18:25', NULL),
(108, 'vzuniga', 'Vicente Zuñiga', 'Vicente Zuñiga', 'Vicente', 'Zuñiga', '1970-01-01 00:00:00', NULL),
(109, 'nysukayama', 'Nory Nysukayama', 'Nory Nysukayama', 'Nory', 'Nysukayama', '1970-01-01 00:00:00', NULL),
(110, 'aauccasi', 'Alheli Auccasi', 'Alheli Auccasi', 'Alheli', 'Auccasi', '1970-01-01 00:00:00', NULL),
(111, 'nreyna', 'Norma Reyna', 'Norma Reyna', 'Norma', 'Reyna', '1970-01-01 00:00:00', NULL),
(113, 'rrobles', 'Rolf Robles', 'Rolf Robles', 'Rolf', 'Robles', '1970-01-01 00:00:00', NULL),
(114, 'jmanrique', 'Jairo Manrique', 'Jairo Manrique', 'Jairo', 'Manrique', '1970-01-01 00:00:00', NULL),
(115, 'acarrion', 'Alexis Carrion', 'Alexis Carrion', 'Alexis', 'Carrion', '1970-01-01 00:00:00', NULL),
(116, 'sramos', 'Samuel Ramos', 'Samuel Ramos', 'Samuel', 'Ramos', '2024-04-11 21:57:19', NULL),
(117, 'bfernandez', 'Brayan Fernandez', 'Brayan Fernandez', 'Brayan', 'Fernandez', '2024-04-16 21:13:09', NULL),
(118, 'projas', 'Piero Rojas', 'Piero Rojas', 'Piero', 'Rojas', '2024-04-16 21:09:01', NULL),
(119, 'jvaldivia', 'Julissa Valdivia', 'Julissa Valdivia', 'Julissa', 'Valdivia', '2024-04-03 23:42:14', NULL),
(120, 'jhuaman', 'Jorge Human', 'Jorge Human', 'Jorge', 'Human', '2024-04-03 17:00:26', NULL),
(121, 'srosales', 'Silvia Rosales', 'Silvia Rosales', 'Silvia', 'Rosales', '1970-01-01 00:00:00', NULL),
(122, 'jhuertas', 'James Huertas', 'James Huertas', 'James', 'Huertas', '1970-01-01 00:00:00', NULL),
(123, 'mdarrigo', 'Melody Darrigo', 'Melody Darrigo', 'Melody', 'Darrigo', '2024-04-24 21:30:55', NULL),
(124, 'mparedes', 'Meliza Paredes', 'Meliza Paredes', 'Meliza', 'Paredes', '2024-04-23 01:12:44', NULL),
(125, 'ireyes', 'Ingrind Reyes', 'Ingrind Reyes', 'Ingrind', 'Reyes', '2024-04-04 00:08:23', NULL),
(126, 'ygomez', 'Yasmin Gomez', 'Yasmin Gomez', 'Yasmin', 'Gomez', '2024-04-22 22:00:26', NULL),
(127, 'euricay', 'Erick Uricay', 'Erick Uricay', 'Erick', 'Uricay', '1970-01-01 00:00:00', NULL),
(128, 'ajavier', 'Astrid Javier', 'Astrid Javier', 'Astrid', 'Javier', '2024-04-26 15:05:24', NULL),
(129, 'sloyola', 'Sheila Loyola', 'Sheila Loyola', 'Sheila', 'Loyola', '2024-04-23 22:36:54', NULL),
(130, 'jpizarro', 'Joselyn', 'Joselyn Pizarro', 'Joselyn', 'Pizarro', '2024-05-05 08:16:46', NULL),
(131, 'efajardo', 'Edgard Fajardo', 'Edgard Fajardo', 'Edgard', 'Fajardo', '1970-01-01 00:00:00', NULL),
(132, 'pmachado', 'Piero Machado', 'Piero Machado', 'Piero', 'Machado', '2024-04-13 19:41:18', NULL),
(133, 'achavarria', 'Antonio Chavarria', 'Antonio Chavarria', 'Antonio', 'Chavarria', '1970-01-01 00:00:00', NULL),
(134, 'cgomez', 'cgomez', 'Crishin Gomez', 'Zoila Cristhin', 'Gomez Acaro', '2024-04-22 23:10:49', NULL),
(135, 'adiaz', 'Angel Diaz', 'Angel Diaz', 'Angel', 'Diaz', '1970-01-01 00:00:00', NULL),
(136, 'sbruno', 'Shirley Bruno', 'Shirley Bruno', 'Shirley', 'Bruno', '1970-01-01 00:00:00', NULL),
(137, 'ffarias', 'Fresscia Farias', 'Fresscia Farias', 'Fresscia', 'Farias', '2024-05-04 16:44:06', NULL),
(138, 'rchonlon', 'Ronald', 'Ronald Chonlon', 'Ronald', 'Chonlon', '2024-04-04 17:27:00', NULL),
(139, 'bchamba', 'Brayan Chamba', 'Brayan Chamba', 'Brayan', 'Chamba', '2024-05-04 20:46:13', NULL),
(140, 'jipanaque', 'Jhonatan Ipanaque', 'Jhonatan Ipanaque', 'Jhonatan', 'Ipanaque', '2024-04-05 17:34:40', NULL),
(141, 'aterrones', 'Alexander Terrones', 'Alexander Terrones', 'Alexander', 'Terrones', '1970-01-01 00:00:00', NULL),
(142, 'drodriguez', 'Diana Rodriguez', 'Diana Rodriguez', 'Diana', 'Rodriguez', '2024-04-16 00:00:49', NULL),
(143, 'ghervias', 'Gabriela Hervias', 'Gabriela Hervias', 'Gabriela', 'Hervias', '2024-04-22 22:46:17', NULL),
(144, 'raquije', 'Ruth Aquije', 'Ruth Aquije', 'Ruth', 'Aquije', '1970-01-01 00:00:00', NULL);

-- --------------------------------------------------------

--
-- Table structure for table `wpqa_bm_user_roles_index`
--

CREATE TABLE `wpqa_bm_user_roles_index` (
  `user_id` bigint(20) NOT NULL,
  `role` varchar(50) NOT NULL
) ENGINE=InnoDB DEFAULT CHARSET=utf8mb4;

--
-- Dumping data for table `wpqa_bm_user_roles_index`
--

INSERT INTO `wpqa_bm_user_roles_index` (`user_id`, `role`) VALUES
(1, 'administrator'),
(1, 'tutor_instructor'),
(3, 'Desarrollo TI'),
(5, 'subscriber'),
(6, 'administrator'),
(7, 'administrator'),
(7, 'tutor_instructor'),
(8, 'administrator'),
(8, 'tutor_instructor'),
(29, 'Técnico Mecánico'),
(30, 'Técnico Mecánico'),
(31, 'Técnico Mecánico'),
(32, 'Técnico Mecánico'),
(33, 'Técnico Mecánico'),
(34, 'Técnico Mecánico'),
(35, 'Ejecutivo de Servicio al cliente'),
(41, 'Técnico Mecánico'),
(42, 'Técnico Mecánico'),
(43, 'Técnico Mecánico'),
(44, 'Técnico Mecánico'),
(45, 'Técnico Mecánico'),
(46, 'Técnico Mecánico'),
(48, 'Lider de planta'),
(49, 'Promotor de Servicios'),
(50, 'Ejecutivo de Servicio al cliente'),
(51, 'Ejecutivo de Servicio al cliente'),
(52, 'Ejecutivo de Servicio al cliente'),
(53, 'Ejecutivo de Servicio al cliente'),
(54, 'Ejecutivo de Servicio al cliente'),
(56, 'Ejecutivo de Servicio al cliente'),
(57, 'Lider de planta'),
(58, 'Ejecutivo de Servicio al cliente'),
(59, 'Ejecutivo de Servicio al cliente'),
(61, 'Promotor de Servicios'),
(62, 'Ingeniero Supervisor'),
(63, 'Lider de planta'),
(64, 'Ejecutivo de Servicio al cliente'),
(65, 'Ejecutivo de Servicio al cliente'),
(66, 'Promotor de Servicios'),
(67, 'Lider de planta'),
(68, 'Ingeniero Supervisor'),
(69, 'Ejecutivo de Servicio al cliente'),
(70, 'Ejecutivo de Servicio al cliente'),
(71, 'Ejecutivo de Servicio al cliente'),
(72, 'Promotor de Servicios'),
(73, 'Auxiliar de Limpieza'),
(74, 'Lider de planta'),
(75, 'Ejecutivo de Servicio al cliente'),
(76, 'Ejecutivo de Servicio al cliente'),
(77, 'Ingeniero Supervisor'),
(78, 'Técnico Mecánico'),
(79, 'Técnico Mecánico'),
(80, 'Lider de planta'),
(81, 'Ejecutivo de Servicio al cliente'),
(82, 'Ejecutivo de Servicio al cliente'),
(83, 'Ejecutivo de Servicio al cliente'),
(84, 'Ejecutivo de Servicio al cliente'),
(85, 'Ingeniero Supervisor'),
(86, 'Auxiliar de Limpieza'),
(87, 'Promotor de Servicios'),
(88, 'Lider de planta'),
(89, 'Ejecutivo de Servicio al cliente'),
(90, 'Ejecutivo de Servicio al cliente'),
(91, 'Ejecutivo de Servicio al cliente'),
(92, 'Auxiliar de Limpieza'),
(93, 'Promotor de Servicios'),
(94, 'Ejecutivo de Servicio al cliente'),
(95, 'Lider de planta'),
(96, 'Ingeniero Supervisor'),
(97, 'Ejecutivo de Servicio al cliente'),
(98, 'Ejecutivo de Servicio al cliente'),
(99, 'Ejecutivo de Servicio al cliente'),
(100, 'Auxiliar de Limpieza'),
(101, 'Lider de planta'),
(102, 'Ingeniero Supervisor'),
(103, 'Ejecutivo de Servicio al cliente'),
(104, 'Ejecutivo de Servicio al cliente'),
(105, 'Promotor de Servicios'),
(106, 'Auxiliar de Limpieza'),
(107, 'Lider de planta'),
(108, 'Ingeniero Supervisor'),
(109, 'Ejecutivo de Servicio al cliente'),
(110, 'Ejecutivo de Servicio al cliente'),
(111, 'Ejecutivo de Servicio al cliente'),
(113, 'Auxiliar de Limpieza'),
(114, 'Lider de planta'),
(115, 'Técnico Mecánico'),
(116, 'Lider de planta'),
(117, 'Ejecutivo de Servicio al cliente'),
(118, 'Ejecutivo de Servicio al cliente'),
(119, 'Lider de planta'),
(120, 'Ingeniero Supervisor'),
(121, 'Promotor de Servicios'),
(122, 'Ejecutivo de Servicio al cliente'),
(123, 'Ejecutivo de Servicio al cliente'),
(124, 'Ejecutivo de Servicio al cliente'),
(125, 'Ejecutivo de Servicio al cliente'),
(126, 'Lider de planta'),
(127, 'Ingeniero Supervisor'),
(128, 'Ejecutivo de Servicio al cliente'),
(129, 'Ejecutivo de Servicio al cliente'),
(130, 'Promotor de Servicios'),
(131, 'Auxiliar de Limpieza'),
(132, 'Lider de planta'),
(133, 'Ingeniero Supervisor'),
(134, 'Ejecutivo de Servicio al cliente'),
(135, 'Auxiliar de Limpieza'),
(136, 'Lider de planta'),
(137, 'Ejecutivo de Servicio al cliente'),
(138, 'Ingeniero Supervisor'),
(139, 'Ejecutivo de Servicio al cliente'),
(140, 'Auxiliar de Limpieza'),
(141, 'Ingeniero Supervisor'),
(142, 'Ejecutivo de Servicio al cliente'),
(143, 'Ejecutivo de Servicio al cliente'),
(144, 'Ejecutivo de Servicio al cliente');

-- --------------------------------------------------------

--
-- Table structure for table `wpqa_bp_activity`
--

CREATE TABLE `wpqa_bp_activity` (
  `id` bigint(20) NOT NULL,
  `user_id` bigint(20) NOT NULL,
  `component` varchar(75) COLLATE utf8mb4_unicode_520_ci NOT NULL,
  `type` varchar(75) COLLATE utf8mb4_unicode_520_ci NOT NULL,
  `action` text COLLATE utf8mb4_unicode_520_ci NOT NULL,
  `content` longtext COLLATE utf8mb4_unicode_520_ci NOT NULL,
  `primary_link` text COLLATE utf8mb4_unicode_520_ci NOT NULL,
  `item_id` bigint(20) NOT NULL,
  `secondary_item_id` bigint(20) DEFAULT NULL,
  `date_recorded` datetime NOT NULL,
  `hide_sitewide` tinyint(1) DEFAULT '0',
  `mptt_left` int(11) NOT NULL DEFAULT '0',
  `mptt_right` int(11) NOT NULL DEFAULT '0',
  `is_spam` tinyint(1) NOT NULL DEFAULT '0',
  `privacy` varchar(10) COLLATE utf8mb4_unicode_520_ci DEFAULT 'public'
) ENGINE=InnoDB DEFAULT CHARSET=utf8mb4 COLLATE=utf8mb4_unicode_520_ci;

--
-- Dumping data for table `wpqa_bp_activity`
--

INSERT INTO `wpqa_bp_activity` (`id`, `user_id`, `component`, `type`, `action`, `content`, `primary_link`, `item_id`, `secondary_item_id`, `date_recorded`, `hide_sitewide`, `mptt_left`, `mptt_right`, `is_spam`, `privacy`) VALUES
(1, 1, 'members', 'last_activity', '', '', '', 0, NULL, '2024-03-25 17:17:19', 0, 0, 0, 0, 'public'),
(3, 1, 'xprofile', 'updated_profile', 'El perfil de <a href=\"https://intranet.farenet.com/miembros/admin/profile/\">Admin Farenet</a> fue actualizado', '', 'https://intranet.farenet.com/miembros/admin/profile/', 0, 0, '2023-04-04 20:03:15', 0, 0, 0, 0, 'public'),
(4, 1, 'blogs', 'new_blog_post', '<a href=\"https://intranet.farenet.com/miembros/admin/\">Admin Farenet</a> ha escrito una entrada nueva', '', 'https://intranet.farenet.com/?p=313', 1, 313, '2023-04-04 23:02:44', 0, 0, 0, 0, 'public'),
(5, 1, 'blogs', 'new_blog_post', '<a href=\"https://intranet.farenet.com/miembros/admin/\">Admin Farenet</a> ha escrito una entrada nueva', '', 'https://intranet.farenet.com/?p=315', 1, 315, '2023-04-04 23:02:44', 0, 0, 0, 0, 'public'),
(6, 1, 'blogs', 'new_blog_post', '<a href=\"https://intranet.farenet.com/miembros/admin/\">Admin Farenet</a> ha escrito una entrada nueva', '', 'https://intranet.farenet.com/?p=317', 1, 317, '2023-04-04 23:02:44', 0, 0, 0, 0, 'public'),
(7, 1, 'blogs', 'new_blog_post', '<a href=\"https://intranet.farenet.com/miembros/admin/\">Admin Farenet</a> ha escrito una entrada nueva', '', 'https://intranet.farenet.com/?p=419', 1, 419, '2023-04-10 17:10:26', 0, 0, 0, 0, 'public'),
(8, 1, 'groups', 'created_group', '<a href=\"https://intranet.farenet.com/miembros/admin/\">Admin Farenet</a> ha creado el grupo <a href=\"https://intranet.farenet.com/grupos/sistemas/\">Sistemas</a>', '', 'https://intranet.farenet.com/miembros/admin/', 1, 0, '2023-04-11 17:20:24', 1, 0, 0, 0, 'public'),
(9, 3, 'members', 'last_activity', '', '', '', 0, NULL, '2023-11-09 22:53:38', 0, 0, 0, 0, 'public'),
(14, 3, 'members', 'new_avatar', '<a href=\"https://intranet.farenet.com/miembros/kflores/\">Kamila Flores</a> ha cambiado su imagen de perfil.', '', 'https://intranet.farenet.com/miembros/kflores/', 0, 0, '2023-04-11 23:50:08', 0, 0, 0, 0, 'public'),
(16, 5, 'members', 'last_activity', '', '', '', 0, NULL, '2023-04-12 03:30:29', 0, 0, 0, 0, 'public'),
(18, 3, 'groups', 'joined_group', '<a href=\"https://intranet.farenet.com/miembros/kflores/\">Kamila Flores</a> ahora pertenece al grupo <a href=\"https://intranet.farenet.com/grupos/sistemas/\">Sistemas</a>', '', 'https://intranet.farenet.com/miembros/admin/', 1, 0, '2023-04-12 00:02:29', 1, 0, 0, 0, 'public'),
(19, 5, 'groups', 'joined_group', '<a href=\"https://intranet.farenet.com/miembros/jbayton/\">Terry Muñoz</a> ahora pertenece al grupo <a href=\"https://intranet.farenet.com/grupos/sistemas/\">Sistemas</a>', '', 'https://intranet.farenet.com/miembros/admin/', 1, 0, '2023-04-12 00:02:33', 1, 0, 0, 0, 'public'),
(20, 5, 'friends', 'friendship_created', '<a href=\"https://intranet.farenet.com/miembros/jbayton/\">Terry Muñoz</a> y <a href=\"https://intranet.farenet.com/miembros/kflores/\">Kamila Flores</a> son ahora amigos', '', 'https://intranet.farenet.com/miembros/kflores/', 2, 3, '2023-04-19 20:15:48', 0, 0, 0, 0, 'public'),
(21, 6, 'members', 'last_activity', '', '', '', 0, NULL, '2023-04-19 21:57:40', 0, 0, 0, 0, 'public'),
(22, 3, 'blogs', 'new_blog_post', '<a href=\"https://intranet.farenet.com/miembros/kflores/\">Kamila Flores</a> ha escrito una entrada nueva', '', 'https://intranet.farenet.com/?p=562', 1, 562, '2023-04-19 21:59:28', 0, 0, 0, 0, 'public'),
(23, 7, 'members', 'last_activity', '', '', '', 0, NULL, '2024-04-30 18:08:08', 0, 0, 0, 0, 'public'),
(24, 1, 'activity', 'new_tutor_course', '<a href=\"https://intranet.farenet.com/miembros/admin/\">Admin Farenet</a> added a new course', '', 'https://intranet.farenet.com/miembros/admin/', 585, 0, '2023-10-25 21:08:55', 0, 0, 0, 0, 'public'),
(25, 3, 'activity', 'new_tutor_enrolled_course', '<a href=\"https://intranet.farenet.com/miembros/kflores/\">Kamila Flores</a> enrolled in a new course', '', 'https://intranet.farenet.com/miembros/kflores/', 649, 0, '2023-10-25 23:03:10', 0, 0, 0, 0, 'public'),
(26, 1, 'activity', 'new_tutor_course', '<a href=\"https://intranet.farenet.com/miembros/admin/\">Admin Farenet</a> added a new course', '', 'https://intranet.farenet.com/miembros/admin/', 585, 0, '2023-10-25 23:38:46', 0, 0, 0, 0, 'public'),
(27, 1, 'activity', 'new_tutor_course', '<a href=\"https://intranet.farenet.com/miembros/admin/\">Admin Farenet</a> added a new course', '', 'https://intranet.farenet.com/miembros/admin/', 463, 0, '2023-10-25 23:38:48', 0, 0, 0, 0, 'public'),
(28, 3, 'xprofile', 'updated_profile', 'El perfil de <a href=\"https://intranet.farenet.com/miembros/kflores/profile/\">Kamila Flores</a> fue actualizado', '', 'https://intranet.farenet.com/miembros/kflores/profile/', 0, 0, '2023-11-13 19:26:10', 0, 0, 0, 0, 'public'),
(29, 1, 'activity', 'new_tutor_course', '<a href=\"https://intranet.farenet.com/miembros/admin/\">Admin Farenet</a> added a new course', '', 'https://intranet.farenet.com/miembros/admin/', 1065, 0, '2023-11-14 15:33:22', 0, 0, 0, 0, 'public'),
(30, 8, 'members', 'last_activity', '', '', '', 0, NULL, '2024-05-02 16:17:04', 0, 0, 0, 0, 'public'),
(31, 8, 'activity', 'new_tutor_enrolled_course', '<a href=\"https://intranet.farenet.com/miembros/pflores/\">Patricia Flores</a> enrolled in a new course', '', 'https://intranet.farenet.com/miembros/pflores/', 1391, 0, '2024-03-06 21:01:30', 0, 0, 0, 0, 'public'),
(32, 8, 'activity', 'new_tutor_course', '<a href=\"https://intranet.farenet.com/miembros/pflores/\">Patricia Flores</a> added a new course', '', 'https://intranet.farenet.com/miembros/pflores/', 1388, 0, '2024-03-06 21:02:14', 0, 0, 0, 0, 'public'),
(33, 8, 'activity', 'new_tutor_course', '<a href=\"https://intranet.farenet.com/miembros/pflores/\">Patricia Flores</a> added a new course', '', 'https://intranet.farenet.com/miembros/pflores/', 1395, 0, '2024-03-06 21:45:43', 0, 0, 0, 0, 'public'),
(34, 8, 'activity', 'new_tutor_course', '<a href=\"https://intranet.farenet.com/miembros/pflores/\">Patricia Flores</a> added a new course', '', 'https://intranet.farenet.com/miembros/pflores/', 1404, 0, '2024-03-06 22:08:32', 0, 0, 0, 0, 'public'),
(37, 1, 'activity', 'new_tutor_enrolled_course', '<a href=\"https://intranet.farenet.com/miembros/admin/\">Admin Farenet</a> enrolled in a new course', '', 'https://intranet.farenet.com/miembros/admin/', 1416, 0, '2024-03-07 15:55:11', 0, 0, 0, 0, 'public'),
(38, 8, 'activity', 'new_tutor_course', '<a href=\"https://intranet.farenet.com/miembros/pflores/\">Patricia Flores</a> added a new course', '', 'https://intranet.farenet.com/miembros/pflores/', 1421, 0, '2024-03-12 23:15:37', 0, 0, 0, 0, 'public'),
(39, 7, 'activity', 'new_tutor_enrolled_course', '<a href=\"https://intranet.farenet.com/miembros/ecarranza/\">Ernesto Carranza Casas</a> enrolled in a new course', '', 'https://intranet.farenet.com/miembros/ecarranza/', 1435, 0, '2024-03-12 23:17:50', 0, 0, 0, 0, 'public'),
(40, 8, 'activity', 'new_tutor_course', '<a href=\"https://intranet.farenet.com/miembros/pflores/\">Patricia Flores</a> added a new course', '', 'https://intranet.farenet.com/miembros/pflores/', 1444, 0, '2024-03-13 00:05:34', 0, 0, 0, 0, 'public'),
(41, 8, 'activity', 'new_tutor_course', '<a href=\"https://intranet.farenet.com/miembros/pflores/\">Patricia Flores</a> added a new course', '', 'https://intranet.farenet.com/miembros/pflores/', 1454, 0, '2024-03-13 14:36:48', 0, 0, 0, 0, 'public'),
(42, 7, 'activity', 'new_tutor_enrolled_course', '<a href=\"https://intranet.farenet.com/miembros/ecarranza/\">Ernesto Carranza Casas</a> enrolled in a new course', '', 'https://intranet.farenet.com/miembros/ecarranza/', 1458, 0, '2024-03-13 14:47:53', 0, 0, 0, 0, 'public'),
(43, 1, 'activity', 'new_tutor_enrolled_course', '<a href=\"https://intranet.farenet.com/miembros/admin/\">Admin Farenet</a> enrolled in a new course', '', 'https://intranet.farenet.com/miembros/admin/', 1459, 0, '2024-03-13 14:56:50', 0, 0, 0, 0, 'public'),
(44, 7, 'activity', 'new_tutor_enrolled_course', '<a href=\"https://intranet.farenet.com/miembros/ecarranza/\">Ernesto Carranza Casas</a> enrolled in a new course', '', 'https://intranet.farenet.com/miembros/ecarranza/', 1460, 0, '2024-03-13 14:57:39', 0, 0, 0, 0, 'public'),
(45, 1, 'activity', 'new_tutor_enrolled_course', '<a href=\"https://intranet.farenet.com/miembros/admin/\">Admin Farenet</a> enrolled in a new course', '', 'https://intranet.farenet.com/miembros/admin/', 1467, 0, '2024-03-13 15:03:05', 0, 0, 0, 0, 'public'),
(46, 1, 'activity', 'new_tutor_course', '<a href=\"https://intranet.farenet.com/miembros/admin/\">Admin Farenet</a> added a new course', '', 'https://intranet.farenet.com/miembros/admin/', 1469, 0, '2024-03-13 15:08:10', 0, 0, 0, 0, 'public'),
(47, 1, 'activity', 'new_tutor_enrolled_course', '<a href=\"https://intranet.farenet.com/miembros/admin/\">Admin Farenet</a> enrolled in a new course', '', 'https://intranet.farenet.com/miembros/admin/', 1481, 0, '2024-03-13 15:34:18', 0, 0, 0, 0, 'public'),
(48, 8, 'activity', 'new_tutor_course', '<a href=\"https://intranet.farenet.com/miembros/pflores/\">Patricia Flores</a> added a new course', '', 'https://intranet.farenet.com/miembros/pflores/', 1513, 0, '2024-03-13 18:02:17', 0, 0, 0, 0, 'public'),
(49, 48, 'members', 'last_activity', '', '', '', 0, NULL, '2024-03-25 14:43:18', 0, 0, 0, 0, 'public'),
(50, 48, 'activity', 'new_tutor_enrolled_course', '<a href=\"https://intranet.farenet.com/miembros/jcaycho/\">Julio Caycho</a> enrolled in a new course', '', 'https://intranet.farenet.com/miembros/jcaycho/', 1523, 0, '2024-03-20 21:55:15', 0, 0, 0, 0, 'public'),
(51, 48, 'activity', 'new_tutor_enrolled_course', '<a href=\"https://intranet.farenet.com/miembros/jcaycho/\">Julio Caycho</a> enrolled in a new course', '', 'https://intranet.farenet.com/miembros/jcaycho/', 1524, 0, '2024-03-25 14:07:10', 0, 0, 0, 0, 'public'),
(52, 48, 'activity', 'new_tutor_enrolled_course', '<a href=\"https://intranet.farenet.com/miembros/jcaycho/\">Julio Caycho</a> enrolled in a new course', '', 'https://intranet.farenet.com/miembros/jcaycho/', 1525, 0, '2024-03-25 14:11:07', 0, 0, 0, 0, 'public'),
(53, 48, 'activity', 'new_tutor_enrolled_course', '<a href=\"https://intranet.farenet.com/miembros/jcaycho/\">Julio Caycho</a> enrolled in a new course', '', 'https://intranet.farenet.com/miembros/jcaycho/', 1526, 0, '2024-03-25 14:16:37', 0, 0, 0, 0, 'public'),
(54, 48, 'activity', 'new_tutor_enrolled_course', '<a href=\"https://intranet.farenet.com/miembros/jcaycho/\">Julio Caycho</a> enrolled in a new course', '', 'https://intranet.farenet.com/miembros/jcaycho/', 1527, 0, '2024-03-25 14:18:29', 0, 0, 0, 0, 'public'),
(55, 48, 'activity', 'new_tutor_enrolled_course', '<a href=\"https://intranet.farenet.com/miembros/jcaycho/\">Julio Caycho</a> enrolled in a new course', '', 'https://intranet.farenet.com/miembros/jcaycho/', 1528, 0, '2024-03-25 14:25:58', 0, 0, 0, 0, 'public'),
(56, 48, 'activity', 'new_tutor_enrolled_course', '<a href=\"https://intranet.farenet.com/miembros/jcaycho/\">Julio Caycho</a> enrolled in a new course', '', 'https://intranet.farenet.com/miembros/jcaycho/', 1529, 0, '2024-03-25 14:28:42', 0, 0, 0, 0, 'public'),
(57, 49, 'members', 'last_activity', '', '', '', 0, NULL, '2024-03-25 20:49:23', 0, 0, 0, 0, 'public'),
(58, 50, 'members', 'last_activity', '', '', '', 0, NULL, '2024-03-26 15:05:25', 0, 0, 0, 0, 'public'),
(59, 49, 'activity', 'new_tutor_enrolled_course', '<a href=\"https://intranet.farenet.com/miembros/cponte/\">Carla Ponte</a> enrolled in a new course', '', 'https://intranet.farenet.com/miembros/cponte/', 1531, 0, '2024-03-25 15:14:33', 0, 0, 0, 0, 'public'),
(60, 49, 'activity', 'new_tutor_enrolled_course', '<a href=\"https://intranet.farenet.com/miembros/cponte/\">Carla Ponte</a> enrolled in a new course', '', 'https://intranet.farenet.com/miembros/cponte/', 1532, 0, '2024-03-25 15:15:40', 0, 0, 0, 0, 'public'),
(61, 49, 'activity', 'new_tutor_enrolled_course', '<a href=\"https://intranet.farenet.com/miembros/cponte/\">Carla Ponte</a> enrolled in a new course', '', 'https://intranet.farenet.com/miembros/cponte/', 1533, 0, '2024-03-25 15:16:44', 0, 0, 0, 0, 'public'),
(62, 49, 'activity', 'new_tutor_enrolled_course', '<a href=\"https://intranet.farenet.com/miembros/cponte/\">Carla Ponte</a> enrolled in a new course', '', 'https://intranet.farenet.com/miembros/cponte/', 1534, 0, '2024-03-25 15:17:56', 0, 0, 0, 0, 'public'),
(63, 49, 'activity', 'new_tutor_enrolled_course', '<a href=\"https://intranet.farenet.com/miembros/cponte/\">Carla Ponte</a> enrolled in a new course', '', 'https://intranet.farenet.com/miembros/cponte/', 1539, 0, '2024-03-25 18:26:30', 0, 0, 0, 0, 'public'),
(64, 49, 'activity', 'new_tutor_enrolled_course', '<a href=\"https://intranet.farenet.com/miembros/cponte/\">Carla Ponte</a> enrolled in a new course', '', 'https://intranet.farenet.com/miembros/cponte/', 1540, 0, '2024-03-25 19:04:21', 0, 0, 0, 0, 'public'),
(65, 49, 'activity', 'new_tutor_enrolled_course', '<a href=\"https://intranet.farenet.com/miembros/cponte/\">Carla Ponte</a> enrolled in a new course', '', 'https://intranet.farenet.com/miembros/cponte/', 1541, 0, '2024-03-25 20:16:49', 0, 0, 0, 0, 'public'),
(66, 49, 'activity', 'new_tutor_enrolled_course', '<a href=\"https://intranet.farenet.com/miembros/cponte/\">Carla Ponte</a> enrolled in a new course', '', 'https://intranet.farenet.com/miembros/cponte/', 1542, 0, '2024-03-25 20:17:55', 0, 0, 0, 0, 'public'),
(67, 50, 'activity', 'new_tutor_enrolled_course', '<a href=\"https://intranet.farenet.com/miembros/adelgado/\">Anthoanet Delgado</a> enrolled in a new course', '', 'https://intranet.farenet.com/miembros/adelgado/', 1543, 0, '2024-03-26 14:26:55', 0, 0, 0, 0, 'public'),
(68, 50, 'activity', 'new_tutor_enrolled_course', '<a href=\"https://intranet.farenet.com/miembros/adelgado/\">Anthoanet Delgado</a> enrolled in a new course', '', 'https://intranet.farenet.com/miembros/adelgado/', 1544, 0, '2024-03-26 14:27:39', 0, 0, 0, 0, 'public'),
(69, 50, 'activity', 'new_tutor_enrolled_course', '<a href=\"https://intranet.farenet.com/miembros/adelgado/\">Anthoanet Delgado</a> enrolled in a new course', '', 'https://intranet.farenet.com/miembros/adelgado/', 1545, 0, '2024-03-26 14:28:20', 0, 0, 0, 0, 'public'),
(70, 50, 'activity', 'new_tutor_enrolled_course', '<a href=\"https://intranet.farenet.com/miembros/adelgado/\">Anthoanet Delgado</a> enrolled in a new course', '', 'https://intranet.farenet.com/miembros/adelgado/', 1546, 0, '2024-03-26 14:31:12', 0, 0, 0, 0, 'public'),
(71, 50, 'activity', 'new_tutor_enrolled_course', '<a href=\"https://intranet.farenet.com/miembros/adelgado/\">Anthoanet Delgado</a> enrolled in a new course', '', 'https://intranet.farenet.com/miembros/adelgado/', 1547, 0, '2024-03-26 14:33:24', 0, 0, 0, 0, 'public'),
(72, 50, 'activity', 'new_tutor_enrolled_course', '<a href=\"https://intranet.farenet.com/miembros/adelgado/\">Anthoanet Delgado</a> enrolled in a new course', '', 'https://intranet.farenet.com/miembros/adelgado/', 1548, 0, '2024-03-26 14:35:37', 0, 0, 0, 0, 'public'),
(73, 50, 'activity', 'new_tutor_enrolled_course', '<a href=\"https://intranet.farenet.com/miembros/adelgado/\">Anthoanet Delgado</a> enrolled in a new course', '', 'https://intranet.farenet.com/miembros/adelgado/', 1549, 0, '2024-03-26 14:37:11', 0, 0, 0, 0, 'public'),
(74, 50, 'activity', 'new_tutor_enrolled_course', '<a href=\"https://intranet.farenet.com/miembros/adelgado/\">Anthoanet Delgado</a> enrolled in a new course', '', 'https://intranet.farenet.com/miembros/adelgado/', 1550, 0, '2024-03-26 14:48:55', 0, 0, 0, 0, 'public'),
(75, 51, 'members', 'last_activity', '', '', '', 0, NULL, '2024-03-27 21:38:05', 0, 0, 0, 0, 'public'),
(76, 52, 'members', 'last_activity', '', '', '', 0, NULL, '2024-03-26 15:53:05', 0, 0, 0, 0, 'public'),
(77, 53, 'members', 'last_activity', '', '', '', 0, NULL, '2024-03-26 17:34:42', 0, 0, 0, 0, 'public'),
(78, 51, 'activity', 'new_tutor_enrolled_course', '<a href=\"https://intranet.farenet.com/miembros/sbendezu/\">Silvana Bendezu</a> enrolled in a new course', '', 'https://intranet.farenet.com/miembros/sbendezu/', 1551, 0, '2024-03-26 15:20:51', 0, 0, 0, 0, 'public'),
(79, 51, 'activity', 'new_tutor_enrolled_course', '<a href=\"https://intranet.farenet.com/miembros/sbendezu/\">Silvana Bendezu</a> enrolled in a new course', '', 'https://intranet.farenet.com/miembros/sbendezu/', 1552, 0, '2024-03-26 15:22:05', 0, 0, 0, 0, 'public'),
(80, 51, 'activity', 'new_tutor_enrolled_course', '<a href=\"https://intranet.farenet.com/miembros/sbendezu/\">Silvana Bendezu</a> enrolled in a new course', '', 'https://intranet.farenet.com/miembros/sbendezu/', 1553, 0, '2024-03-26 15:24:08', 0, 0, 0, 0, 'public'),
(81, 52, 'activity', 'new_tutor_enrolled_course', '<a href=\"https://intranet.farenet.com/miembros/jmora/\">jadira Mora</a> enrolled in a new course', '', 'https://intranet.farenet.com/miembros/jmora/', 1554, 0, '2024-03-26 15:31:33', 0, 0, 0, 0, 'public'),
(82, 52, 'activity', 'new_tutor_enrolled_course', '<a href=\"https://intranet.farenet.com/miembros/jmora/\">jadira Mora</a> enrolled in a new course', '', 'https://intranet.farenet.com/miembros/jmora/', 1555, 0, '2024-03-26 15:32:38', 0, 0, 0, 0, 'public'),
(83, 53, 'activity', 'new_tutor_enrolled_course', '<a href=\"https://intranet.farenet.com/miembros/kseminario/\">Karim Seminario</a> enrolled in a new course', '', 'https://intranet.farenet.com/miembros/kseminario/', 1556, 0, '2024-03-26 15:37:13', 0, 0, 0, 0, 'public'),
(84, 53, 'activity', 'new_tutor_enrolled_course', '<a href=\"https://intranet.farenet.com/miembros/kseminario/\">Karim Seminario</a> enrolled in a new course', '', 'https://intranet.farenet.com/miembros/kseminario/', 1557, 0, '2024-03-26 15:41:53', 0, 0, 0, 0, 'public'),
(85, 53, 'activity', 'new_tutor_enrolled_course', '<a href=\"https://intranet.farenet.com/miembros/kseminario/\">Karim Seminario</a> enrolled in a new course', '', 'https://intranet.farenet.com/miembros/kseminario/', 1558, 0, '2024-03-26 15:42:25', 0, 0, 0, 0, 'public'),
(86, 52, 'activity', 'new_tutor_enrolled_course', '<a href=\"https://intranet.farenet.com/miembros/jmora/\">jadira Mora</a> enrolled in a new course', '', 'https://intranet.farenet.com/miembros/jmora/', 1559, 0, '2024-03-26 15:44:02', 0, 0, 0, 0, 'public'),
(87, 52, 'activity', 'new_tutor_enrolled_course', '<a href=\"https://intranet.farenet.com/miembros/jmora/\">jadira Mora</a> enrolled in a new course', '', 'https://intranet.farenet.com/miembros/jmora/', 1560, 0, '2024-03-26 15:45:05', 0, 0, 0, 0, 'public'),
(88, 52, 'activity', 'new_tutor_enrolled_course', '<a href=\"https://intranet.farenet.com/miembros/jmora/\">jadira Mora</a> enrolled in a new course', '', 'https://intranet.farenet.com/miembros/jmora/', 1561, 0, '2024-03-26 15:45:49', 0, 0, 0, 0, 'public'),
(89, 52, 'activity', 'new_tutor_enrolled_course', '<a href=\"https://intranet.farenet.com/miembros/jmora/\">jadira Mora</a> enrolled in a new course', '', 'https://intranet.farenet.com/miembros/jmora/', 1562, 0, '2024-03-26 15:46:51', 0, 0, 0, 0, 'public'),
(90, 52, 'activity', 'new_tutor_enrolled_course', '<a href=\"https://intranet.farenet.com/miembros/jmora/\">jadira Mora</a> enrolled in a new course', '', 'https://intranet.farenet.com/miembros/jmora/', 1563, 0, '2024-03-26 15:47:39', 0, 0, 0, 0, 'public'),
(91, 52, 'activity', 'new_tutor_enrolled_course', '<a href=\"https://intranet.farenet.com/miembros/jmora/\">jadira Mora</a> enrolled in a new course', '', 'https://intranet.farenet.com/miembros/jmora/', 1564, 0, '2024-03-26 15:52:20', 0, 0, 0, 0, 'public'),
(92, 51, 'activity', 'new_tutor_enrolled_course', '<a href=\"https://intranet.farenet.com/miembros/sbendezu/\">Silvana Bendezu</a> enrolled in a new course', '', 'https://intranet.farenet.com/miembros/sbendezu/', 1565, 0, '2024-03-26 15:54:20', 0, 0, 0, 0, 'public'),
(93, 51, 'activity', 'new_tutor_enrolled_course', '<a href=\"https://intranet.farenet.com/miembros/sbendezu/\">Silvana Bendezu</a> enrolled in a new course', '', 'https://intranet.farenet.com/miembros/sbendezu/', 1566, 0, '2024-03-26 16:04:49', 0, 0, 0, 0, 'public'),
(94, 51, 'activity', 'new_tutor_enrolled_course', '<a href=\"https://intranet.farenet.com/miembros/sbendezu/\">Silvana Bendezu</a> enrolled in a new course', '', 'https://intranet.farenet.com/miembros/sbendezu/', 1567, 0, '2024-03-26 16:06:38', 0, 0, 0, 0, 'public'),
(95, 51, 'activity', 'new_tutor_enrolled_course', '<a href=\"https://intranet.farenet.com/miembros/sbendezu/\">Silvana Bendezu</a> enrolled in a new course', '', 'https://intranet.farenet.com/miembros/sbendezu/', 1568, 0, '2024-03-26 16:08:55', 0, 0, 0, 0, 'public'),
(96, 53, 'activity', 'new_tutor_enrolled_course', '<a href=\"https://intranet.farenet.com/miembros/kseminario/\">Karim Seminario</a> enrolled in a new course', '', 'https://intranet.farenet.com/miembros/kseminario/', 1569, 0, '2024-03-26 16:09:41', 0, 0, 0, 0, 'public'),
(97, 53, 'activity', 'new_tutor_enrolled_course', '<a href=\"https://intranet.farenet.com/miembros/kseminario/\">Karim Seminario</a> enrolled in a new course', '', 'https://intranet.farenet.com/miembros/kseminario/', 1570, 0, '2024-03-26 16:15:28', 0, 0, 0, 0, 'public'),
(98, 53, 'activity', 'new_tutor_enrolled_course', '<a href=\"https://intranet.farenet.com/miembros/kseminario/\">Karim Seminario</a> enrolled in a new course', '', 'https://intranet.farenet.com/miembros/kseminario/', 1571, 0, '2024-03-26 16:16:13', 0, 0, 0, 0, 'public'),
(99, 53, 'activity', 'new_tutor_enrolled_course', '<a href=\"https://intranet.farenet.com/miembros/kseminario/\">Karim Seminario</a> enrolled in a new course', '', 'https://intranet.farenet.com/miembros/kseminario/', 1572, 0, '2024-03-26 16:16:56', 0, 0, 0, 0, 'public'),
(100, 53, 'activity', 'new_tutor_enrolled_course', '<a href=\"https://intranet.farenet.com/miembros/kseminario/\">Karim Seminario</a> enrolled in a new course', '', 'https://intranet.farenet.com/miembros/kseminario/', 1573, 0, '2024-03-26 16:17:37', 0, 0, 0, 0, 'public'),
(101, 7, 'activity', 'new_tutor_enrolled_course', '<a href=\"https://intranet.farenet.com/miembros/ecarranza/\">Ernesto Carranza Casas</a> enrolled in a new course', '', 'https://intranet.farenet.com/miembros/ecarranza/', 1574, 0, '2024-03-27 16:54:06', 0, 0, 0, 0, 'public'),
(102, 51, 'activity', 'new_tutor_enrolled_course', '<a href=\"https://intranet.farenet.com/miembros/sbendezu/\">Silvana Bendezu</a> enrolled in a new course', '', 'https://intranet.farenet.com/miembros/sbendezu/', 1575, 0, '2024-03-27 21:37:00', 0, 0, 0, 0, 'public'),
(103, 56, 'members', 'last_activity', '', '', '', 0, NULL, '2024-03-28 18:58:26', 0, 0, 0, 0, 'public'),
(104, 56, 'activity', 'new_tutor_enrolled_course', '<a href=\"https://intranet.farenet.com/miembros/cbernales/\">Camila Bernales</a> enrolled in a new course', '', 'https://intranet.farenet.com/miembros/cbernales/', 1576, 0, '2024-03-27 22:14:43', 0, 0, 0, 0, 'public'),
(106, 56, 'activity', 'new_tutor_enrolled_course', '<a href=\"https://intranet.farenet.com/miembros/cbernales/\">Camila Bernales</a> enrolled in a new course', '', 'https://intranet.farenet.com/miembros/cbernales/', 1577, 0, '2024-03-28 18:57:01', 0, 0, 0, 0, 'public'),
(107, 74, 'members', 'last_activity', '', '', '', 0, NULL, '2024-04-12 15:37:30', 0, 0, 0, 0, 'public'),
(108, 68, 'members', 'last_activity', '', '', '', 0, NULL, '2024-04-04 21:58:31', 0, 0, 0, 0, 'public'),
(109, 63, 'members', 'last_activity', '', '', '', 0, NULL, '2024-04-22 21:30:15', 0, 0, 0, 0, 'public'),
(110, 63, 'activity', 'new_tutor_enrolled_course', '<a href=\"https://intranet.farenet.com/miembros/dcabrera/\">Dany Cabrera</a> enrolled in a new course', '', 'https://intranet.farenet.com/miembros/dcabrera/', 1579, 0, '2024-04-01 21:07:59', 0, 0, 0, 0, 'public'),
(111, 64, 'members', 'last_activity', '', '', '', 0, NULL, '2024-04-27 13:21:46', 0, 0, 0, 0, 'public'),
(112, 80, 'members', 'last_activity', '', '', '', 0, NULL, '2024-04-02 19:39:37', 0, 0, 0, 0, 'public'),
(113, 120, 'members', 'last_activity', '', '', '', 0, NULL, '2024-04-03 17:00:26', 0, 0, 0, 0, 'public'),
(114, 95, 'members', 'last_activity', '', '', '', 0, NULL, '2024-04-26 20:10:07', 0, 0, 0, 0, 'public'),
(115, 95, 'activity', 'new_tutor_enrolled_course', '<a href=\"https://intranet.farenet.com/miembros/lcontreras/\">Luis Contreras</a> enrolled in a new course', '', 'https://intranet.farenet.com/miembros/lcontreras/', 1601, 0, '2024-04-03 22:04:55', 0, 0, 0, 0, 'public'),
(116, 119, 'members', 'last_activity', '', '', '', 0, NULL, '2024-04-03 23:42:14', 0, 0, 0, 0, 'public'),
(117, 125, 'members', 'last_activity', '', '', '', 0, NULL, '2024-04-04 00:08:23', 0, 0, 0, 0, 'public'),
(118, 124, 'members', 'last_activity', '', '', '', 0, NULL, '2024-04-23 01:12:44', 0, 0, 0, 0, 'public'),
(119, 125, 'activity', 'new_tutor_enrolled_course', '<a href=\"https://intranet.farenet.com/miembros/ireyes/\">Ingrind Reyes</a> enrolled in a new course', '', 'https://intranet.farenet.com/miembros/ireyes/', 1603, 0, '2024-04-03 23:54:02', 0, 0, 0, 0, 'public'),
(120, 125, 'activity', 'new_tutor_enrolled_course', '<a href=\"https://intranet.farenet.com/miembros/ireyes/\">Ingrind Reyes</a> enrolled in a new course', '', 'https://intranet.farenet.com/miembros/ireyes/', 1604, 0, '2024-04-03 23:56:51', 0, 0, 0, 0, 'public'),
(121, 124, 'activity', 'new_tutor_enrolled_course', '<a href=\"https://intranet.farenet.com/miembros/mparedes/\">Meliza Paredes</a> enrolled in a new course', '', 'https://intranet.farenet.com/miembros/mparedes/', 1605, 0, '2024-04-04 02:06:46', 0, 0, 0, 0, 'public'),
(122, 124, 'activity', 'new_tutor_enrolled_course', '<a href=\"https://intranet.farenet.com/miembros/mparedes/\">Meliza Paredes</a> enrolled in a new course', '', 'https://intranet.farenet.com/miembros/mparedes/', 1606, 0, '2024-04-04 02:10:57', 0, 0, 0, 0, 'public'),
(123, 124, 'activity', 'new_tutor_enrolled_course', '<a href=\"https://intranet.farenet.com/miembros/mparedes/\">Meliza Paredes</a> enrolled in a new course', '', 'https://intranet.farenet.com/miembros/mparedes/', 1607, 0, '2024-04-04 02:14:37', 0, 0, 0, 0, 'public'),
(124, 124, 'activity', 'new_tutor_enrolled_course', '<a href=\"https://intranet.farenet.com/miembros/mparedes/\">Meliza Paredes</a> enrolled in a new course', '', 'https://intranet.farenet.com/miembros/mparedes/', 1608, 0, '2024-04-04 02:16:51', 0, 0, 0, 0, 'public'),
(125, 124, 'activity', 'new_tutor_enrolled_course', '<a href=\"https://intranet.farenet.com/miembros/mparedes/\">Meliza Paredes</a> enrolled in a new course', '', 'https://intranet.farenet.com/miembros/mparedes/', 1609, 0, '2024-04-04 02:18:44', 0, 0, 0, 0, 'public'),
(126, 124, 'activity', 'new_tutor_enrolled_course', '<a href=\"https://intranet.farenet.com/miembros/mparedes/\">Meliza Paredes</a> enrolled in a new course', '', 'https://intranet.farenet.com/miembros/mparedes/', 1610, 0, '2024-04-04 02:24:42', 0, 0, 0, 0, 'public'),
(127, 123, 'members', 'last_activity', '', '', '', 0, NULL, '2024-04-24 21:30:55', 0, 0, 0, 0, 'public'),
(128, 126, 'members', 'last_activity', '', '', '', 0, NULL, '2024-04-22 22:00:26', 0, 0, 0, 0, 'public'),
(129, 107, 'members', 'last_activity', '', '', '', 0, NULL, '2024-04-04 15:18:25', 0, 0, 0, 0, 'public'),
(130, 138, 'members', 'last_activity', '', '', '', 0, NULL, '2024-04-04 17:27:00', 0, 0, 0, 0, 'public'),
(131, 65, 'members', 'last_activity', '', '', '', 0, NULL, '2024-04-29 18:29:52', 0, 0, 0, 0, 'public'),
(132, 67, 'members', 'last_activity', '', '', '', 0, NULL, '2024-04-13 19:02:53', 0, 0, 0, 0, 'public'),
(133, 70, 'members', 'last_activity', '', '', '', 0, NULL, '2024-04-26 21:14:18', 0, 0, 0, 0, 'public'),
(134, 70, 'activity', 'new_tutor_enrolled_course', '<a href=\"https://intranet.farenet.com/miembros/mcastro/\">Medali De la cruz</a> enrolled in a new course', '', 'https://intranet.farenet.com/miembros/mcastro/', 1612, 0, '2024-04-04 17:51:38', 0, 0, 0, 0, 'public'),
(135, 67, 'activity', 'new_tutor_enrolled_course', '<a href=\"https://intranet.farenet.com/miembros/dabad/\">Diego Abad</a> enrolled in a new course', '', 'https://intranet.farenet.com/miembros/dabad/', 1613, 0, '2024-04-04 18:40:17', 0, 0, 0, 0, 'public'),
(136, 67, 'activity', 'new_tutor_enrolled_course', '<a href=\"https://intranet.farenet.com/miembros/dabad/\">Diego Abad</a> enrolled in a new course', '', 'https://intranet.farenet.com/miembros/dabad/', 1614, 0, '2024-04-04 18:51:13', 0, 0, 0, 0, 'public'),
(137, 69, 'members', 'last_activity', '', '', '', 0, NULL, '2024-04-25 13:52:12', 0, 0, 0, 0, 'public'),
(138, 97, 'members', 'last_activity', '', '', '', 0, NULL, '2024-04-11 15:47:44', 0, 0, 0, 0, 'public'),
(139, 97, 'activity', 'new_tutor_enrolled_course', '<a href=\"https://intranet.farenet.com/miembros/sflores/\">Stefany Flores</a> enrolled in a new course', '', 'https://intranet.farenet.com/miembros/sflores/', 1623, 0, '2024-04-05 01:09:41', 0, 0, 0, 0, 'public'),
(140, 97, 'activity', 'new_tutor_enrolled_course', '<a href=\"https://intranet.farenet.com/miembros/sflores/\">Stefany Flores</a> enrolled in a new course', '', 'https://intranet.farenet.com/miembros/sflores/', 1624, 0, '2024-04-05 01:15:18', 0, 0, 0, 0, 'public'),
(141, 140, 'members', 'last_activity', '', '', '', 0, NULL, '2024-04-05 17:34:40', 0, 0, 0, 0, 'public'),
(142, 7, 'activity', 'new_tutor_course', '<a href=\"https://intranet.farenet.com/miembros/ecarranza/\">Ernesto Carranza Casas</a> added a new course', '', 'https://intranet.farenet.com/miembros/ecarranza/', 1629, 0, '2024-04-10 15:11:37', 0, 0, 0, 0, 'public'),
(143, 7, 'activity', 'new_tutor_course', '<a href=\"https://intranet.farenet.com/miembros/ecarranza/\">Ernesto Carranza Casas</a> added a new course', '', 'https://intranet.farenet.com/miembros/ecarranza/', 1631, 0, '2024-04-10 15:25:27', 0, 0, 0, 0, 'public'),
(144, 7, 'activity', 'new_tutor_enrolled_course', '<a href=\"https://intranet.farenet.com/miembros/ecarranza/\">Ernesto Carranza Casas</a> enrolled in a new course', '', 'https://intranet.farenet.com/miembros/ecarranza/', 1634, 0, '2024-04-10 15:26:47', 0, 0, 0, 0, 'public'),
(145, 7, 'activity', 'new_tutor_course', '<a href=\"https://intranet.farenet.com/miembros/ecarranza/\">Ernesto Carranza Casas</a> added a new course', '', 'https://intranet.farenet.com/miembros/ecarranza/', 1635, 0, '2024-04-10 15:51:41', 0, 0, 0, 0, 'public'),
(146, 99, 'members', 'last_activity', '', '', '', 0, NULL, '2024-05-03 16:05:34', 0, 0, 0, 0, 'public'),
(147, 98, 'members', 'last_activity', '', '', '', 0, NULL, '2024-05-05 18:38:01', 0, 0, 0, 0, 'public'),
(148, 7, 'activity', 'new_tutor_enrolled_course', '<a href=\"https://intranet.farenet.com/miembros/ecarranza/\">Ernesto Carranza Casas</a> enrolled in a new course', '', 'https://intranet.farenet.com/miembros/ecarranza/', 1644, 0, '2024-04-11 17:13:04', 0, 0, 0, 0, 'public'),
(149, 57, 'members', 'last_activity', '', '', '', 0, NULL, '2024-04-11 21:28:19', 0, 0, 0, 0, 'public'),
(150, 59, 'members', 'last_activity', '', '', '', 0, NULL, '2024-04-11 21:31:36', 0, 0, 0, 0, 'public'),
(151, 7, 'activity', 'new_tutor_enrolled_course', '<a href=\"https://intranet.farenet.com/miembros/ecarranza/\">Ernesto Carranza Casas</a> enrolled in a new course', '', 'https://intranet.farenet.com/miembros/ecarranza/', 1648, 0, '2024-04-11 21:36:58', 0, 0, 0, 0, 'public'),
(152, 116, 'members', 'last_activity', '', '', '', 0, NULL, '2024-04-11 21:57:19', 0, 0, 0, 0, 'public'),
(153, 117, 'members', 'last_activity', '', '', '', 0, NULL, '2024-04-16 21:13:09', 0, 0, 0, 0, 'public'),
(154, 118, 'members', 'last_activity', '', '', '', 0, NULL, '2024-04-16 21:09:01', 0, 0, 0, 0, 'public'),
(155, 77, 'members', 'last_activity', '', '', '', 0, NULL, '2024-04-12 15:51:44', 0, 0, 0, 0, 'public'),
(156, 118, 'activity', 'new_tutor_enrolled_course', '<a href=\"https://intranet.farenet.com/miembros/projas/\">Piero Rojas</a> enrolled in a new course', '', 'https://intranet.farenet.com/miembros/projas/', 1651, 0, '2024-04-12 16:02:24', 0, 0, 0, 0, 'public'),
(157, 118, 'activity', 'new_tutor_enrolled_course', '<a href=\"https://intranet.farenet.com/miembros/projas/\">Piero Rojas</a> enrolled in a new course', '', 'https://intranet.farenet.com/miembros/projas/', 1652, 0, '2024-04-12 16:11:06', 0, 0, 0, 0, 'public'),
(158, 7, 'activity', 'new_tutor_enrolled_course', '<a href=\"https://intranet.farenet.com/miembros/ecarranza/\">Ernesto Carranza Casas</a> enrolled in a new course', '', 'https://intranet.farenet.com/miembros/ecarranza/', 1654, 0, '2024-04-12 21:21:18', 0, 0, 0, 0, 'public'),
(159, 134, 'members', 'last_activity', '', '', '', 0, NULL, '2024-04-22 23:10:49', 0, 0, 0, 0, 'public'),
(160, 134, 'activity', 'new_tutor_enrolled_course', '<a href=\"https://intranet.farenet.com/miembros/cgomez/\">cgomez</a> enrolled in a new course', '', 'https://intranet.farenet.com/miembros/cgomez/', 1655, 0, '2024-04-12 21:55:34', 0, 0, 0, 0, 'public'),
(161, 134, 'activity', 'new_tutor_enrolled_course', '<a href=\"https://intranet.farenet.com/miembros/cgomez/\">cgomez</a> enrolled in a new course', '', 'https://intranet.farenet.com/miembros/cgomez/', 1656, 0, '2024-04-12 21:58:34', 0, 0, 0, 0, 'public'),
(162, 134, 'activity', 'new_tutor_enrolled_course', '<a href=\"https://intranet.farenet.com/miembros/cgomez/\">cgomez</a> enrolled in a new course', '', 'https://intranet.farenet.com/miembros/cgomez/', 1657, 0, '2024-04-12 21:59:56', 0, 0, 0, 0, 'public'),
(163, 134, 'activity', 'new_tutor_enrolled_course', '<a href=\"https://intranet.farenet.com/miembros/cgomez/\">cgomez</a> enrolled in a new course', '', 'https://intranet.farenet.com/miembros/cgomez/', 1658, 0, '2024-04-12 22:01:52', 0, 0, 0, 0, 'public'),
(164, 134, 'activity', 'new_tutor_enrolled_course', '<a href=\"https://intranet.farenet.com/miembros/cgomez/\">cgomez</a> enrolled in a new course', '', 'https://intranet.farenet.com/miembros/cgomez/', 1659, 0, '2024-04-12 22:02:38', 0, 0, 0, 0, 'public'),
(165, 134, 'activity', 'new_tutor_enrolled_course', '<a href=\"https://intranet.farenet.com/miembros/cgomez/\">cgomez</a> enrolled in a new course', '', 'https://intranet.farenet.com/miembros/cgomez/', 1660, 0, '2024-04-12 22:03:32', 0, 0, 0, 0, 'public'),
(166, 134, 'activity', 'new_tutor_enrolled_course', '<a href=\"https://intranet.farenet.com/miembros/cgomez/\">cgomez</a> enrolled in a new course', '', 'https://intranet.farenet.com/miembros/cgomez/', 1661, 0, '2024-04-12 22:08:16', 0, 0, 0, 0, 'public'),
(167, 134, 'activity', 'new_tutor_enrolled_course', '<a href=\"https://intranet.farenet.com/miembros/cgomez/\">cgomez</a> enrolled in a new course', '', 'https://intranet.farenet.com/miembros/cgomez/', 1662, 0, '2024-04-12 22:15:40', 0, 0, 0, 0, 'public'),
(168, 67, 'activity', 'new_tutor_enrolled_course', '<a href=\"https://intranet.farenet.com/miembros/dabad/\">Diego Abad</a> enrolled in a new course', '', 'https://intranet.farenet.com/miembros/dabad/', 1663, 0, '2024-04-13 17:10:02', 0, 0, 0, 0, 'public'),
(169, 67, 'activity', 'new_tutor_enrolled_course', '<a href=\"https://intranet.farenet.com/miembros/dabad/\">Diego Abad</a> enrolled in a new course', '', 'https://intranet.farenet.com/miembros/dabad/', 1664, 0, '2024-04-13 18:42:44', 0, 0, 0, 0, 'public'),
(170, 132, 'members', 'last_activity', '', '', '', 0, NULL, '2024-04-13 19:41:18', 0, 0, 0, 0, 'public'),
(171, 66, 'members', 'last_activity', '', '', '', 0, NULL, '2024-04-23 18:02:43', 0, 0, 0, 0, 'public'),
(172, 66, 'activity', 'new_tutor_enrolled_course', '<a href=\"https://intranet.farenet.com/miembros/nflores/\">Nicole Flores</a> enrolled in a new course', '', 'https://intranet.farenet.com/miembros/nflores/', 1665, 0, '2024-04-13 19:49:46', 0, 0, 0, 0, 'public'),
(173, 58, 'members', 'last_activity', '', '', '', 0, NULL, '2024-04-22 21:35:12', 0, 0, 0, 0, 'public'),
(174, 54, 'members', 'last_activity', '', '', '', 0, NULL, '2024-04-22 23:07:39', 0, 0, 0, 0, 'public'),
(175, 62, 'members', 'last_activity', '', '', '', 0, NULL, '2024-04-15 18:15:45', 0, 0, 0, 0, 'public'),
(176, 142, 'members', 'last_activity', '', '', '', 0, NULL, '2024-04-16 00:00:49', 0, 0, 0, 0, 'public'),
(177, 89, 'members', 'last_activity', '', '', '', 0, NULL, '2024-04-22 22:44:57', 0, 0, 0, 0, 'public'),
(178, 89, 'activity', 'new_tutor_enrolled_course', '<a href=\"https://intranet.farenet.com/miembros/kcerda/\">Kimberly Cerda</a> enrolled in a new course', '', 'https://intranet.farenet.com/miembros/kcerda/', 1667, 0, '2024-04-15 23:02:10', 0, 0, 0, 0, 'public'),
(179, 89, 'activity', 'new_tutor_enrolled_course', '<a href=\"https://intranet.farenet.com/miembros/kcerda/\">Kimberly Cerda</a> enrolled in a new course', '', 'https://intranet.farenet.com/miembros/kcerda/', 1668, 0, '2024-04-15 23:03:50', 0, 0, 0, 0, 'public'),
(180, 90, 'members', 'last_activity', '', '', '', 0, NULL, '2024-04-26 00:46:19', 0, 0, 0, 0, 'public'),
(181, 90, 'activity', 'new_tutor_enrolled_course', '<a href=\"https://intranet.farenet.com/miembros/jboza/\">Jazmin Boza</a> enrolled in a new course', '', 'https://intranet.farenet.com/miembros/jboza/', 1669, 0, '2024-04-16 15:10:57', 0, 0, 0, 0, 'public'),
(182, 117, 'activity', 'new_tutor_enrolled_course', '<a href=\"https://intranet.farenet.com/miembros/bfernandez/\">Brayan Fernandez</a> enrolled in a new course', '', 'https://intranet.farenet.com/miembros/bfernandez/', 1670, 0, '2024-04-16 21:11:08', 0, 0, 0, 0, 'public'),
(183, 89, 'activity', 'new_tutor_enrolled_course', '<a href=\"https://intranet.farenet.com/miembros/kcerda/\">Kimberly Cerda</a> enrolled in a new course', '', 'https://intranet.farenet.com/miembros/kcerda/', 1671, 0, '2024-04-16 22:44:25', 0, 0, 0, 0, 'public'),
(184, 91, 'members', 'last_activity', '', '', '', 0, NULL, '2024-04-23 01:18:26', 0, 0, 0, 0, 'public'),
(185, 143, 'members', 'last_activity', '', '', '', 0, NULL, '2024-04-22 22:46:17', 0, 0, 0, 0, 'public'),
(186, 71, 'members', 'last_activity', '', '', '', 0, NULL, '2024-04-24 17:20:07', 0, 0, 0, 0, 'public'),
(187, 71, 'activity', 'new_tutor_enrolled_course', '<a href=\"https://intranet.farenet.com/miembros/rachulla/\">Roxana Achulla</a> enrolled in a new course', '', 'https://intranet.farenet.com/miembros/rachulla/', 1672, 0, '2024-04-17 23:15:14', 0, 0, 0, 0, 'public'),
(188, 71, 'activity', 'new_tutor_enrolled_course', '<a href=\"https://intranet.farenet.com/miembros/rachulla/\">Roxana Achulla</a> enrolled in a new course', '', 'https://intranet.farenet.com/miembros/rachulla/', 1673, 0, '2024-04-17 23:19:54', 0, 0, 0, 0, 'public'),
(189, 71, 'activity', 'new_tutor_enrolled_course', '<a href=\"https://intranet.farenet.com/miembros/rachulla/\">Roxana Achulla</a> enrolled in a new course', '', 'https://intranet.farenet.com/miembros/rachulla/', 1674, 0, '2024-04-17 23:20:39', 0, 0, 0, 0, 'public'),
(190, 71, 'activity', 'new_tutor_enrolled_course', '<a href=\"https://intranet.farenet.com/miembros/rachulla/\">Roxana Achulla</a> enrolled in a new course', '', 'https://intranet.farenet.com/miembros/rachulla/', 1675, 0, '2024-04-17 23:26:41', 0, 0, 0, 0, 'public'),
(191, 71, 'activity', 'new_tutor_enrolled_course', '<a href=\"https://intranet.farenet.com/miembros/rachulla/\">Roxana Achulla</a> enrolled in a new course', '', 'https://intranet.farenet.com/miembros/rachulla/', 1676, 0, '2024-04-17 23:27:24', 0, 0, 0, 0, 'public'),
(192, 71, 'activity', 'new_tutor_enrolled_course', '<a href=\"https://intranet.farenet.com/miembros/rachulla/\">Roxana Achulla</a> enrolled in a new course', '', 'https://intranet.farenet.com/miembros/rachulla/', 1677, 0, '2024-04-17 23:28:05', 0, 0, 0, 0, 'public'),
(193, 90, 'activity', 'new_tutor_enrolled_course', '<a href=\"https://intranet.farenet.com/miembros/jboza/\">Jazmin Boza</a> enrolled in a new course', '', 'https://intranet.farenet.com/miembros/jboza/', 1678, 0, '2024-04-18 01:08:28', 0, 0, 0, 0, 'public'),
(194, 72, 'members', 'last_activity', '', '', '', 0, NULL, '2024-05-02 13:36:20', 0, 0, 0, 0, 'public'),
(195, 72, 'activity', 'new_tutor_enrolled_course', '<a href=\"https://intranet.farenet.com/miembros/nzegarra/\">Nestor Zegarra</a> enrolled in a new course', '', 'https://intranet.farenet.com/miembros/nzegarra/', 1679, 0, '2024-04-18 14:37:20', 0, 0, 0, 0, 'public'),
(196, 69, 'activity', 'new_tutor_enrolled_course', '<a href=\"https://intranet.farenet.com/miembros/mdelacruz/\">mdelacruz</a> enrolled in a new course', '', 'https://intranet.farenet.com/miembros/mdelacruz/', 1680, 0, '2024-04-18 14:39:21', 0, 0, 0, 0, 'public'),
(197, 69, 'activity', 'new_tutor_enrolled_course', '<a href=\"https://intranet.farenet.com/miembros/mdelacruz/\">mdelacruz</a> enrolled in a new course', '', 'https://intranet.farenet.com/miembros/mdelacruz/', 1681, 0, '2024-04-18 14:43:31', 0, 0, 0, 0, 'public'),
(198, 69, 'activity', 'new_tutor_enrolled_course', '<a href=\"https://intranet.farenet.com/miembros/mdelacruz/\">mdelacruz</a> enrolled in a new course', '', 'https://intranet.farenet.com/miembros/mdelacruz/', 1682, 0, '2024-04-18 14:48:25', 0, 0, 0, 0, 'public'),
(199, 72, 'activity', 'new_tutor_enrolled_course', '<a href=\"https://intranet.farenet.com/miembros/nzegarra/\">Nestor Zegarra</a> enrolled in a new course', '', 'https://intranet.farenet.com/miembros/nzegarra/', 1683, 0, '2024-04-18 14:52:49', 0, 0, 0, 0, 'public'),
(200, 69, 'activity', 'new_tutor_enrolled_course', '<a href=\"https://intranet.farenet.com/miembros/mdelacruz/\">mdelacruz</a> enrolled in a new course', '', 'https://intranet.farenet.com/miembros/mdelacruz/', 1684, 0, '2024-04-18 14:53:50', 0, 0, 0, 0, 'public'),
(201, 72, 'activity', 'new_tutor_enrolled_course', '<a href=\"https://intranet.farenet.com/miembros/nzegarra/\">Nestor Zegarra</a> enrolled in a new course', '', 'https://intranet.farenet.com/miembros/nzegarra/', 1685, 0, '2024-04-18 14:58:05', 0, 0, 0, 0, 'public'),
(202, 72, 'activity', 'new_tutor_enrolled_course', '<a href=\"https://intranet.farenet.com/miembros/nzegarra/\">Nestor Zegarra</a> enrolled in a new course', '', 'https://intranet.farenet.com/miembros/nzegarra/', 1686, 0, '2024-04-18 15:01:31', 0, 0, 0, 0, 'public'),
(203, 72, 'activity', 'new_tutor_enrolled_course', '<a href=\"https://intranet.farenet.com/miembros/nzegarra/\">Nestor Zegarra</a> enrolled in a new course', '', 'https://intranet.farenet.com/miembros/nzegarra/', 1687, 0, '2024-04-18 15:06:19', 0, 0, 0, 0, 'public'),
(204, 69, 'activity', 'new_tutor_enrolled_course', '<a href=\"https://intranet.farenet.com/miembros/mdelacruz/\">mdelacruz</a> enrolled in a new course', '', 'https://intranet.farenet.com/miembros/mdelacruz/', 1688, 0, '2024-04-18 16:57:05', 0, 0, 0, 0, 'public'),
(205, 143, 'activity', 'new_tutor_enrolled_course', '<a href=\"https://intranet.farenet.com/miembros/ghervias/\">Gabriela Hervias</a> enrolled in a new course', '', 'https://intranet.farenet.com/miembros/ghervias/', 1689, 0, '2024-04-18 18:23:54', 0, 0, 0, 0, 'public'),
(206, 71, 'activity', 'new_tutor_enrolled_course', '<a href=\"https://intranet.farenet.com/miembros/rachulla/\">Roxana Achulla</a> enrolled in a new course', '', 'https://intranet.farenet.com/miembros/rachulla/', 1690, 0, '2024-04-18 19:26:57', 0, 0, 0, 0, 'public'),
(207, 91, 'activity', 'new_tutor_enrolled_course', '<a href=\"https://intranet.farenet.com/miembros/pburga/\">Paola Burga</a> enrolled in a new course', '', 'https://intranet.farenet.com/miembros/pburga/', 1691, 0, '2024-04-19 00:26:49', 0, 0, 0, 0, 'public'),
(208, 91, 'activity', 'new_tutor_enrolled_course', '<a href=\"https://intranet.farenet.com/miembros/pburga/\">Paola Burga</a> enrolled in a new course', '', 'https://intranet.farenet.com/miembros/pburga/', 1692, 0, '2024-04-19 00:44:34', 0, 0, 0, 0, 'public'),
(209, 91, 'activity', 'new_tutor_enrolled_course', '<a href=\"https://intranet.farenet.com/miembros/pburga/\">Paola Burga</a> enrolled in a new course', '', 'https://intranet.farenet.com/miembros/pburga/', 1693, 0, '2024-04-19 01:05:04', 0, 0, 0, 0, 'public'),
(210, 91, 'activity', 'new_tutor_enrolled_course', '<a href=\"https://intranet.farenet.com/miembros/pburga/\">Paola Burga</a> enrolled in a new course', '', 'https://intranet.farenet.com/miembros/pburga/', 1694, 0, '2024-04-19 01:14:19', 0, 0, 0, 0, 'public'),
(211, 91, 'activity', 'new_tutor_enrolled_course', '<a href=\"https://intranet.farenet.com/miembros/pburga/\">Paola Burga</a> enrolled in a new course', '', 'https://intranet.farenet.com/miembros/pburga/', 1695, 0, '2024-04-19 01:26:59', 0, 0, 0, 0, 'public'),
(212, 91, 'activity', 'new_tutor_enrolled_course', '<a href=\"https://intranet.farenet.com/miembros/pburga/\">Paola Burga</a> enrolled in a new course', '', 'https://intranet.farenet.com/miembros/pburga/', 1696, 0, '2024-04-19 01:41:19', 0, 0, 0, 0, 'public'),
(213, 143, 'activity', 'new_tutor_enrolled_course', '<a href=\"https://intranet.farenet.com/miembros/ghervias/\">Gabriela Hervias</a> enrolled in a new course', '', 'https://intranet.farenet.com/miembros/ghervias/', 1697, 0, '2024-04-19 16:14:03', 0, 0, 0, 0, 'public'),
(214, 143, 'activity', 'new_tutor_enrolled_course', '<a href=\"https://intranet.farenet.com/miembros/ghervias/\">Gabriela Hervias</a> enrolled in a new course', '', 'https://intranet.farenet.com/miembros/ghervias/', 1698, 0, '2024-04-19 16:41:51', 0, 0, 0, 0, 'public'),
(215, 143, 'activity', 'new_tutor_enrolled_course', '<a href=\"https://intranet.farenet.com/miembros/ghervias/\">Gabriela Hervias</a> enrolled in a new course', '', 'https://intranet.farenet.com/miembros/ghervias/', 1699, 0, '2024-04-19 16:51:01', 0, 0, 0, 0, 'public'),
(216, 143, 'activity', 'new_tutor_enrolled_course', '<a href=\"https://intranet.farenet.com/miembros/ghervias/\">Gabriela Hervias</a> enrolled in a new course', '', 'https://intranet.farenet.com/miembros/ghervias/', 1700, 0, '2024-04-19 17:07:29', 0, 0, 0, 0, 'public'),
(217, 143, 'activity', 'new_tutor_enrolled_course', '<a href=\"https://intranet.farenet.com/miembros/ghervias/\">Gabriela Hervias</a> enrolled in a new course', '', 'https://intranet.farenet.com/miembros/ghervias/', 1701, 0, '2024-04-19 17:20:59', 0, 0, 0, 0, 'public'),
(218, 143, 'activity', 'new_tutor_enrolled_course', '<a href=\"https://intranet.farenet.com/miembros/ghervias/\">Gabriela Hervias</a> enrolled in a new course', '', 'https://intranet.farenet.com/miembros/ghervias/', 1702, 0, '2024-04-19 20:43:57', 0, 0, 0, 0, 'public'),
(219, 91, 'activity', 'new_tutor_enrolled_course', '<a href=\"https://intranet.farenet.com/miembros/pburga/\">Paola Burga</a> enrolled in a new course', '', 'https://intranet.farenet.com/miembros/pburga/', 1703, 0, '2024-04-19 23:30:30', 0, 0, 0, 0, 'public'),
(220, 91, 'activity', 'new_tutor_enrolled_course', '<a href=\"https://intranet.farenet.com/miembros/pburga/\">Paola Burga</a> enrolled in a new course', '', 'https://intranet.farenet.com/miembros/pburga/', 1704, 0, '2024-04-20 00:15:22', 0, 0, 0, 0, 'public'),
(221, 90, 'activity', 'new_tutor_enrolled_course', '<a href=\"https://intranet.farenet.com/miembros/jboza/\">Jazmin Boza</a> enrolled in a new course', '', 'https://intranet.farenet.com/miembros/jboza/', 1705, 0, '2024-04-20 15:55:45', 0, 0, 0, 0, 'public'),
(222, 90, 'activity', 'new_tutor_enrolled_course', '<a href=\"https://intranet.farenet.com/miembros/jboza/\">Jazmin Boza</a> enrolled in a new course', '', 'https://intranet.farenet.com/miembros/jboza/', 1706, 0, '2024-04-20 16:07:29', 0, 0, 0, 0, 'public'),
(223, 90, 'activity', 'new_tutor_enrolled_course', '<a href=\"https://intranet.farenet.com/miembros/jboza/\">Jazmin Boza</a> enrolled in a new course', '', 'https://intranet.farenet.com/miembros/jboza/', 1707, 0, '2024-04-20 16:56:38', 0, 0, 0, 0, 'public'),
(224, 65, 'activity', 'new_tutor_enrolled_course', '<a href=\"https://intranet.farenet.com/miembros/jurbano/\">Janeth Urbano</a> enrolled in a new course', '', 'https://intranet.farenet.com/miembros/jurbano/', 1710, 0, '2024-04-22 21:18:23', 0, 0, 0, 0, 'public'),
(225, 54, 'activity', 'new_tutor_enrolled_course', '<a href=\"https://intranet.farenet.com/miembros/rzavaleta/\">Reyna Zavaleta</a> enrolled in a new course', '', 'https://intranet.farenet.com/miembros/rzavaleta/', 1711, 0, '2024-04-22 21:36:09', 0, 0, 0, 0, 'public'),
(226, 54, 'activity', 'new_tutor_enrolled_course', '<a href=\"https://intranet.farenet.com/miembros/rzavaleta/\">Reyna Zavaleta</a> enrolled in a new course', '', 'https://intranet.farenet.com/miembros/rzavaleta/', 1712, 0, '2024-04-22 22:02:51', 0, 0, 0, 0, 'public'),
(227, 54, 'activity', 'new_tutor_enrolled_course', '<a href=\"https://intranet.farenet.com/miembros/rzavaleta/\">Reyna Zavaleta</a> enrolled in a new course', '', 'https://intranet.farenet.com/miembros/rzavaleta/', 1713, 0, '2024-04-22 22:08:04', 0, 0, 0, 0, 'public'),
(228, 54, 'activity', 'new_tutor_enrolled_course', '<a href=\"https://intranet.farenet.com/miembros/rzavaleta/\">Reyna Zavaleta</a> enrolled in a new course', '', 'https://intranet.farenet.com/miembros/rzavaleta/', 1715, 0, '2024-04-22 22:31:37', 0, 0, 0, 0, 'public'),
(229, 54, 'activity', 'new_tutor_enrolled_course', '<a href=\"https://intranet.farenet.com/miembros/rzavaleta/\">Reyna Zavaleta</a> enrolled in a new course', '', 'https://intranet.farenet.com/miembros/rzavaleta/', 1716, 0, '2024-04-22 22:44:19', 0, 0, 0, 0, 'public'),
(230, 54, 'activity', 'new_tutor_enrolled_course', '<a href=\"https://intranet.farenet.com/miembros/rzavaleta/\">Reyna Zavaleta</a> enrolled in a new course', '', 'https://intranet.farenet.com/miembros/rzavaleta/', 1717, 0, '2024-04-22 22:53:11', 0, 0, 0, 0, 'public'),
(231, 54, 'activity', 'new_tutor_enrolled_course', '<a href=\"https://intranet.farenet.com/miembros/rzavaleta/\">Reyna Zavaleta</a> enrolled in a new course', '', 'https://intranet.farenet.com/miembros/rzavaleta/', 1718, 0, '2024-04-22 23:01:20', 0, 0, 0, 0, 'public'),
(232, 75, 'members', 'last_activity', '', '', '', 0, NULL, '2024-04-29 20:45:11', 0, 0, 0, 0, 'public'),
(233, 75, 'activity', 'new_tutor_enrolled_course', '<a href=\"https://intranet.farenet.com/miembros/cmamani/\">carol Yañez</a> enrolled in a new course', '', 'https://intranet.farenet.com/miembros/cmamani/', 1720, 0, '2024-04-23 16:20:06', 0, 0, 0, 0, 'public');
INSERT INTO `wpqa_bp_activity` (`id`, `user_id`, `component`, `type`, `action`, `content`, `primary_link`, `item_id`, `secondary_item_id`, `date_recorded`, `hide_sitewide`, `mptt_left`, `mptt_right`, `is_spam`, `privacy`) VALUES
(234, 101, 'members', 'last_activity', '', '', '', 0, NULL, '2024-04-29 18:03:28', 0, 0, 0, 0, 'public'),
(235, 101, 'activity', 'new_tutor_enrolled_course', '<a href=\"https://intranet.farenet.com/miembros/hestela/\">Hanmerly Estela</a> enrolled in a new course', '', 'https://intranet.farenet.com/miembros/hestela/', 1721, 0, '2024-04-23 17:04:42', 0, 0, 0, 0, 'public'),
(236, 104, 'members', 'last_activity', '', '', '', 0, NULL, '2024-05-04 01:06:49', 0, 0, 0, 0, 'public'),
(237, 101, 'activity', 'new_tutor_enrolled_course', '<a href=\"https://intranet.farenet.com/miembros/hestela/\">Hanmerly Estela</a> enrolled in a new course', '', 'https://intranet.farenet.com/miembros/hestela/', 1722, 0, '2024-04-23 17:05:27', 0, 0, 0, 0, 'public'),
(238, 101, 'activity', 'new_tutor_enrolled_course', '<a href=\"https://intranet.farenet.com/miembros/hestela/\">Hanmerly Estela</a> enrolled in a new course', '', 'https://intranet.farenet.com/miembros/hestela/', 1723, 0, '2024-04-23 17:09:16', 0, 0, 0, 0, 'public'),
(239, 101, 'activity', 'new_tutor_enrolled_course', '<a href=\"https://intranet.farenet.com/miembros/hestela/\">Hanmerly Estela</a> enrolled in a new course', '', 'https://intranet.farenet.com/miembros/hestela/', 1724, 0, '2024-04-23 17:11:05', 0, 0, 0, 0, 'public'),
(240, 75, 'activity', 'new_tutor_enrolled_course', '<a href=\"https://intranet.farenet.com/miembros/cmamani/\">carol Yañez</a> enrolled in a new course', '', 'https://intranet.farenet.com/miembros/cmamani/', 1725, 0, '2024-04-23 17:25:31', 0, 0, 0, 0, 'public'),
(241, 101, 'activity', 'new_tutor_enrolled_course', '<a href=\"https://intranet.farenet.com/miembros/hestela/\">Hanmerly Estela</a> enrolled in a new course', '', 'https://intranet.farenet.com/miembros/hestela/', 1726, 0, '2024-04-23 17:31:35', 0, 0, 0, 0, 'public'),
(242, 66, 'activity', 'new_tutor_enrolled_course', '<a href=\"https://intranet.farenet.com/miembros/nflores/\">Nicole Flores</a> enrolled in a new course', '', 'https://intranet.farenet.com/miembros/nflores/', 1727, 0, '2024-04-23 17:53:40', 0, 0, 0, 0, 'public'),
(243, 75, 'activity', 'new_tutor_enrolled_course', '<a href=\"https://intranet.farenet.com/miembros/cmamani/\">carol Yañez</a> enrolled in a new course', '', 'https://intranet.farenet.com/miembros/cmamani/', 1728, 0, '2024-04-23 20:02:45', 0, 0, 0, 0, 'public'),
(244, 130, 'members', 'last_activity', '', '', '', 0, NULL, '2024-05-05 08:16:46', 0, 0, 0, 0, 'public'),
(245, 129, 'members', 'last_activity', '', '', '', 0, NULL, '2024-04-23 22:36:54', 0, 0, 0, 0, 'public'),
(246, 130, 'activity', 'new_tutor_enrolled_course', '<a href=\"https://intranet.farenet.com/miembros/jpizarro/\">Joselyn</a> enrolled in a new course', '', 'https://intranet.farenet.com/miembros/jpizarro/', 1731, 0, '2024-04-23 20:59:28', 0, 0, 0, 0, 'public'),
(247, 128, 'members', 'last_activity', '', '', '', 0, NULL, '2024-04-26 15:05:24', 0, 0, 0, 0, 'public'),
(248, 128, 'activity', 'new_tutor_enrolled_course', '<a href=\"https://intranet.farenet.com/miembros/ajavier/\">Astrid Javier</a> enrolled in a new course', '', 'https://intranet.farenet.com/miembros/ajavier/', 1732, 0, '2024-04-23 22:51:49', 0, 0, 0, 0, 'public'),
(249, 128, 'activity', 'new_tutor_enrolled_course', '<a href=\"https://intranet.farenet.com/miembros/ajavier/\">Astrid Javier</a> enrolled in a new course', '', 'https://intranet.farenet.com/miembros/ajavier/', 1733, 0, '2024-04-23 22:54:50', 0, 0, 0, 0, 'public'),
(250, 128, 'activity', 'new_tutor_enrolled_course', '<a href=\"https://intranet.farenet.com/miembros/ajavier/\">Astrid Javier</a> enrolled in a new course', '', 'https://intranet.farenet.com/miembros/ajavier/', 1734, 0, '2024-04-23 22:55:49', 0, 0, 0, 0, 'public'),
(251, 128, 'activity', 'new_tutor_enrolled_course', '<a href=\"https://intranet.farenet.com/miembros/ajavier/\">Astrid Javier</a> enrolled in a new course', '', 'https://intranet.farenet.com/miembros/ajavier/', 1735, 0, '2024-04-23 22:58:04', 0, 0, 0, 0, 'public'),
(252, 61, 'members', 'last_activity', '', '', '', 0, NULL, '2024-04-29 14:36:52', 0, 0, 0, 0, 'public'),
(253, 70, 'activity', 'new_tutor_enrolled_course', '<a href=\"https://intranet.farenet.com/miembros/mcastro/\">Medaly Castro</a> enrolled in a new course', '', 'https://intranet.farenet.com/miembros/mcastro/', 1737, 0, '2024-04-24 16:19:14', 0, 0, 0, 0, 'public'),
(254, 70, 'activity', 'new_tutor_enrolled_course', '<a href=\"https://intranet.farenet.com/miembros/mcastro/\">Medaly Castro</a> enrolled in a new course', '', 'https://intranet.farenet.com/miembros/mcastro/', 1738, 0, '2024-04-24 17:05:52', 0, 0, 0, 0, 'public'),
(255, 71, 'activity', 'new_tutor_enrolled_course', '<a href=\"https://intranet.farenet.com/miembros/rachulla/\">Roxana Achulla</a> enrolled in a new course', '', 'https://intranet.farenet.com/miembros/rachulla/', 1739, 0, '2024-04-24 17:06:29', 0, 0, 0, 0, 'public'),
(256, 70, 'activity', 'new_tutor_enrolled_course', '<a href=\"https://intranet.farenet.com/miembros/mcastro/\">Medaly Castro</a> enrolled in a new course', '', 'https://intranet.farenet.com/miembros/mcastro/', 1740, 0, '2024-04-24 17:11:39', 0, 0, 0, 0, 'public'),
(257, 70, 'activity', 'new_tutor_enrolled_course', '<a href=\"https://intranet.farenet.com/miembros/mcastro/\">Medaly Castro</a> enrolled in a new course', '', 'https://intranet.farenet.com/miembros/mcastro/', 1741, 0, '2024-04-24 17:15:11', 0, 0, 0, 0, 'public'),
(258, 70, 'activity', 'new_tutor_enrolled_course', '<a href=\"https://intranet.farenet.com/miembros/mcastro/\">Medaly Castro</a> enrolled in a new course', '', 'https://intranet.farenet.com/miembros/mcastro/', 1742, 0, '2024-04-24 17:21:26', 0, 0, 0, 0, 'public'),
(259, 123, 'activity', 'new_tutor_enrolled_course', '<a href=\"https://intranet.farenet.com/miembros/mdarrigo/\">Melody Darrigo</a> enrolled in a new course', '', 'https://intranet.farenet.com/miembros/mdarrigo/', 1747, 0, '2024-04-24 20:51:55', 0, 0, 0, 0, 'public'),
(260, 123, 'activity', 'new_tutor_enrolled_course', '<a href=\"https://intranet.farenet.com/miembros/mdarrigo/\">Melody Darrigo</a> enrolled in a new course', '', 'https://intranet.farenet.com/miembros/mdarrigo/', 1748, 0, '2024-04-24 21:07:39', 0, 0, 0, 0, 'public'),
(261, 69, 'activity', 'new_tutor_enrolled_course', '<a href=\"https://intranet.farenet.com/miembros/mdelacruz/\">mdelacruz</a> enrolled in a new course', '', 'https://intranet.farenet.com/miembros/mdelacruz/', 1749, 0, '2024-04-25 13:51:17', 0, 0, 0, 0, 'public'),
(262, 90, 'activity', 'new_tutor_enrolled_course', '<a href=\"https://intranet.farenet.com/miembros/jboza/\">Jazmin Boza</a> enrolled in a new course', '', 'https://intranet.farenet.com/miembros/jboza/', 1750, 0, '2024-04-26 00:28:42', 0, 0, 0, 0, 'public'),
(263, 90, 'activity', 'new_tutor_enrolled_course', '<a href=\"https://intranet.farenet.com/miembros/jboza/\">Jazmin Boza</a> enrolled in a new course', '', 'https://intranet.farenet.com/miembros/jboza/', 1751, 0, '2024-04-26 00:40:52', 0, 0, 0, 0, 'public'),
(264, 128, 'activity', 'new_tutor_enrolled_course', '<a href=\"https://intranet.farenet.com/miembros/ajavier/\">Astrid Javier</a> enrolled in a new course', '', 'https://intranet.farenet.com/miembros/ajavier/', 1752, 0, '2024-04-26 14:48:09', 0, 0, 0, 0, 'public'),
(265, 128, 'activity', 'new_tutor_enrolled_course', '<a href=\"https://intranet.farenet.com/miembros/ajavier/\">Astrid Javier</a> enrolled in a new course', '', 'https://intranet.farenet.com/miembros/ajavier/', 1753, 0, '2024-04-26 14:50:51', 0, 0, 0, 0, 'public'),
(266, 128, 'activity', 'new_tutor_enrolled_course', '<a href=\"https://intranet.farenet.com/miembros/ajavier/\">Astrid Javier</a> enrolled in a new course', '', 'https://intranet.farenet.com/miembros/ajavier/', 1754, 0, '2024-04-26 15:01:15', 0, 0, 0, 0, 'public'),
(267, 95, 'activity', 'new_tutor_enrolled_course', '<a href=\"https://intranet.farenet.com/miembros/lcontreras/\">Luis Contreras</a> enrolled in a new course', '', 'https://intranet.farenet.com/miembros/lcontreras/', 1755, 0, '2024-04-26 15:33:10', 0, 0, 0, 0, 'public'),
(268, 95, 'activity', 'new_tutor_enrolled_course', '<a href=\"https://intranet.farenet.com/miembros/lcontreras/\">Luis Contreras</a> enrolled in a new course', '', 'https://intranet.farenet.com/miembros/lcontreras/', 1756, 0, '2024-04-26 15:35:28', 0, 0, 0, 0, 'public'),
(269, 95, 'activity', 'new_tutor_enrolled_course', '<a href=\"https://intranet.farenet.com/miembros/lcontreras/\">Luis Contreras</a> enrolled in a new course', '', 'https://intranet.farenet.com/miembros/lcontreras/', 1757, 0, '2024-04-26 15:49:08', 0, 0, 0, 0, 'public'),
(270, 95, 'activity', 'new_tutor_enrolled_course', '<a href=\"https://intranet.farenet.com/miembros/lcontreras/\">Luis Contreras</a> enrolled in a new course', '', 'https://intranet.farenet.com/miembros/lcontreras/', 1758, 0, '2024-04-26 15:50:49', 0, 0, 0, 0, 'public'),
(271, 101, 'activity', 'new_tutor_enrolled_course', '<a href=\"https://intranet.farenet.com/miembros/hestela/\">Hanmerly Estela</a> enrolled in a new course', '', 'https://intranet.farenet.com/miembros/hestela/', 1759, 0, '2024-04-26 17:29:20', 0, 0, 0, 0, 'public'),
(272, 101, 'activity', 'new_tutor_enrolled_course', '<a href=\"https://intranet.farenet.com/miembros/hestela/\">Hanmerly Estela</a> enrolled in a new course', '', 'https://intranet.farenet.com/miembros/hestela/', 1760, 0, '2024-04-26 17:31:52', 0, 0, 0, 0, 'public'),
(273, 101, 'activity', 'new_tutor_enrolled_course', '<a href=\"https://intranet.farenet.com/miembros/hestela/\">Hanmerly Estela</a> enrolled in a new course', '', 'https://intranet.farenet.com/miembros/hestela/', 1761, 0, '2024-04-26 17:33:13', 0, 0, 0, 0, 'public'),
(274, 105, 'members', 'last_activity', '', '', '', 0, NULL, '2024-04-29 18:11:36', 0, 0, 0, 0, 'public'),
(275, 105, 'activity', 'new_tutor_enrolled_course', '<a href=\"https://intranet.farenet.com/miembros/dmurata/\">Dayanna Murata</a> enrolled in a new course', '', 'https://intranet.farenet.com/miembros/dmurata/', 1762, 0, '2024-04-26 17:50:16', 0, 0, 0, 0, 'public'),
(276, 104, 'activity', 'new_tutor_enrolled_course', '<a href=\"https://intranet.farenet.com/miembros/jgastulo/\">Jennifer Gastulo</a> enrolled in a new course', '', 'https://intranet.farenet.com/miembros/jgastulo/', 1763, 0, '2024-04-26 19:27:34', 0, 0, 0, 0, 'public'),
(277, 104, 'activity', 'new_tutor_enrolled_course', '<a href=\"https://intranet.farenet.com/miembros/jgastulo/\">Jennifer Gastulo</a> enrolled in a new course', '', 'https://intranet.farenet.com/miembros/jgastulo/', 1764, 0, '2024-04-26 19:35:56', 0, 0, 0, 0, 'public'),
(278, 105, 'activity', 'new_tutor_enrolled_course', '<a href=\"https://intranet.farenet.com/miembros/dmurata/\">Dayanna Murata</a> enrolled in a new course', '', 'https://intranet.farenet.com/miembros/dmurata/', 1765, 0, '2024-04-26 20:50:24', 0, 0, 0, 0, 'public'),
(279, 105, 'activity', 'new_tutor_enrolled_course', '<a href=\"https://intranet.farenet.com/miembros/dmurata/\">Dayanna Murata</a> enrolled in a new course', '', 'https://intranet.farenet.com/miembros/dmurata/', 1766, 0, '2024-04-26 20:51:10', 0, 0, 0, 0, 'public'),
(280, 105, 'activity', 'new_tutor_enrolled_course', '<a href=\"https://intranet.farenet.com/miembros/dmurata/\">Dayanna Murata</a> enrolled in a new course', '', 'https://intranet.farenet.com/miembros/dmurata/', 1767, 0, '2024-04-26 20:51:43', 0, 0, 0, 0, 'public'),
(281, 105, 'activity', 'new_tutor_enrolled_course', '<a href=\"https://intranet.farenet.com/miembros/dmurata/\">Dayanna Murata</a> enrolled in a new course', '', 'https://intranet.farenet.com/miembros/dmurata/', 1768, 0, '2024-04-26 20:59:44', 0, 0, 0, 0, 'public'),
(282, 105, 'activity', 'new_tutor_enrolled_course', '<a href=\"https://intranet.farenet.com/miembros/dmurata/\">Dayanna Murata</a> enrolled in a new course', '', 'https://intranet.farenet.com/miembros/dmurata/', 1769, 0, '2024-04-26 21:00:41', 0, 0, 0, 0, 'public'),
(283, 70, 'activity', 'new_tutor_enrolled_course', '<a href=\"https://intranet.farenet.com/miembros/mcastro/\">Medaly Castro</a> enrolled in a new course', '', 'https://intranet.farenet.com/miembros/mcastro/', 1770, 0, '2024-04-26 21:10:55', 0, 0, 0, 0, 'public'),
(284, 64, 'activity', 'new_tutor_enrolled_course', '<a href=\"https://intranet.farenet.com/miembros/scardenas/\">Sonia Cardenas</a> enrolled in a new course', '', 'https://intranet.farenet.com/miembros/scardenas/', 1772, 0, '2024-04-27 13:16:23', 0, 0, 0, 0, 'public'),
(285, 104, 'activity', 'new_tutor_enrolled_course', '<a href=\"https://intranet.farenet.com/miembros/jgastulo/\">Jennifer Gastulo</a> enrolled in a new course', '', 'https://intranet.farenet.com/miembros/jgastulo/', 1773, 0, '2024-04-27 14:41:23', 0, 0, 0, 0, 'public'),
(286, 104, 'activity', 'new_tutor_enrolled_course', '<a href=\"https://intranet.farenet.com/miembros/jgastulo/\">Jennifer Gastulo</a> enrolled in a new course', '', 'https://intranet.farenet.com/miembros/jgastulo/', 1774, 0, '2024-04-27 14:43:15', 0, 0, 0, 0, 'public'),
(287, 104, 'activity', 'new_tutor_enrolled_course', '<a href=\"https://intranet.farenet.com/miembros/jgastulo/\">Jennifer Gastulo</a> enrolled in a new course', '', 'https://intranet.farenet.com/miembros/jgastulo/', 1775, 0, '2024-04-27 14:44:22', 0, 0, 0, 0, 'public'),
(288, 104, 'activity', 'new_tutor_enrolled_course', '<a href=\"https://intranet.farenet.com/miembros/jgastulo/\">Jennifer Gastulo</a> enrolled in a new course', '', 'https://intranet.farenet.com/miembros/jgastulo/', 1776, 0, '2024-04-27 14:45:23', 0, 0, 0, 0, 'public'),
(289, 104, 'activity', 'new_tutor_enrolled_course', '<a href=\"https://intranet.farenet.com/miembros/jgastulo/\">Jennifer Gastulo</a> enrolled in a new course', '', 'https://intranet.farenet.com/miembros/jgastulo/', 1777, 0, '2024-04-27 14:50:44', 0, 0, 0, 0, 'public'),
(290, 105, 'activity', 'new_tutor_enrolled_course', '<a href=\"https://intranet.farenet.com/miembros/dmurata/\">Dayanna Murata</a> enrolled in a new course', '', 'https://intranet.farenet.com/miembros/dmurata/', 1778, 0, '2024-04-29 18:10:38', 0, 0, 0, 0, 'public'),
(291, 65, 'activity', 'new_tutor_enrolled_course', '<a href=\"https://intranet.farenet.com/miembros/jurbano/\">Janeth Urbano</a> enrolled in a new course', '', 'https://intranet.farenet.com/miembros/jurbano/', 1779, 0, '2024-04-29 18:19:22', 0, 0, 0, 0, 'public'),
(292, 65, 'activity', 'new_tutor_enrolled_course', '<a href=\"https://intranet.farenet.com/miembros/jurbano/\">Janeth Urbano</a> enrolled in a new course', '', 'https://intranet.farenet.com/miembros/jurbano/', 1780, 0, '2024-04-29 18:29:02', 0, 0, 0, 0, 'public'),
(293, 75, 'activity', 'new_tutor_enrolled_course', '<a href=\"https://intranet.farenet.com/miembros/cmamani/\">carol Yañez</a> enrolled in a new course', '', 'https://intranet.farenet.com/miembros/cmamani/', 1781, 0, '2024-04-29 20:01:23', 0, 0, 0, 0, 'public'),
(294, 75, 'activity', 'new_tutor_enrolled_course', '<a href=\"https://intranet.farenet.com/miembros/cmamani/\">carol Yañez</a> enrolled in a new course', '', 'https://intranet.farenet.com/miembros/cmamani/', 1782, 0, '2024-04-29 20:19:23', 0, 0, 0, 0, 'public'),
(295, 75, 'activity', 'new_tutor_enrolled_course', '<a href=\"https://intranet.farenet.com/miembros/cmamani/\">carol Yañez</a> enrolled in a new course', '', 'https://intranet.farenet.com/miembros/cmamani/', 1783, 0, '2024-04-29 20:23:11', 0, 0, 0, 0, 'public'),
(296, 75, 'activity', 'new_tutor_enrolled_course', '<a href=\"https://intranet.farenet.com/miembros/cmamani/\">carol Yañez</a> enrolled in a new course', '', 'https://intranet.farenet.com/miembros/cmamani/', 1784, 0, '2024-04-29 20:31:38', 0, 0, 0, 0, 'public'),
(297, 75, 'activity', 'new_tutor_enrolled_course', '<a href=\"https://intranet.farenet.com/miembros/cmamani/\">carol Yañez</a> enrolled in a new course', '', 'https://intranet.farenet.com/miembros/cmamani/', 1785, 0, '2024-04-29 20:41:03', 0, 0, 0, 0, 'public'),
(298, 98, 'activity', 'new_tutor_enrolled_course', '<a href=\"https://intranet.farenet.com/miembros/jpariona/\">Jacqueline</a> enrolled in a new course', '', 'https://intranet.farenet.com/miembros/jpariona/', 1789, 0, '2024-05-03 14:36:39', 0, 0, 0, 0, 'public'),
(299, 99, 'activity', 'new_tutor_enrolled_course', '<a href=\"https://intranet.farenet.com/miembros/cdelrio/\">candy Del rio</a> enrolled in a new course', '', 'https://intranet.farenet.com/miembros/cdelrio/', 1791, 0, '2024-05-03 15:51:22', 0, 0, 0, 0, 'public'),
(300, 99, 'activity', 'new_tutor_enrolled_course', '<a href=\"https://intranet.farenet.com/miembros/cdelrio/\">candy Del rio</a> enrolled in a new course', '', 'https://intranet.farenet.com/miembros/cdelrio/', 1792, 0, '2024-05-03 15:54:16', 0, 0, 0, 0, 'public'),
(301, 99, 'activity', 'new_tutor_enrolled_course', '<a href=\"https://intranet.farenet.com/miembros/cdelrio/\">candy Del rio</a> enrolled in a new course', '', 'https://intranet.farenet.com/miembros/cdelrio/', 1793, 0, '2024-05-03 15:55:31', 0, 0, 0, 0, 'public'),
(302, 99, 'activity', 'new_tutor_enrolled_course', '<a href=\"https://intranet.farenet.com/miembros/cdelrio/\">candy Del rio</a> enrolled in a new course', '', 'https://intranet.farenet.com/miembros/cdelrio/', 1794, 0, '2024-05-03 15:55:56', 0, 0, 0, 0, 'public'),
(303, 99, 'activity', 'new_tutor_enrolled_course', '<a href=\"https://intranet.farenet.com/miembros/cdelrio/\">candy Del rio</a> enrolled in a new course', '', 'https://intranet.farenet.com/miembros/cdelrio/', 1795, 0, '2024-05-03 15:56:45', 0, 0, 0, 0, 'public'),
(304, 99, 'activity', 'new_tutor_enrolled_course', '<a href=\"https://intranet.farenet.com/miembros/cdelrio/\">candy Del rio</a> enrolled in a new course', '', 'https://intranet.farenet.com/miembros/cdelrio/', 1796, 0, '2024-05-03 15:57:04', 0, 0, 0, 0, 'public'),
(305, 99, 'activity', 'new_tutor_enrolled_course', '<a href=\"https://intranet.farenet.com/miembros/cdelrio/\">candy Del rio</a> enrolled in a new course', '', 'https://intranet.farenet.com/miembros/cdelrio/', 1797, 0, '2024-05-03 15:57:22', 0, 0, 0, 0, 'public'),
(306, 137, 'members', 'last_activity', '', '', '', 0, NULL, '2024-05-04 16:44:06', 0, 0, 0, 0, 'public'),
(307, 139, 'members', 'last_activity', '', '', '', 0, NULL, '2024-05-04 20:46:13', 0, 0, 0, 0, 'public');

-- --------------------------------------------------------

--
-- Table structure for table `wpqa_bp_activity_meta`
--

CREATE TABLE `wpqa_bp_activity_meta` (
  `id` bigint(20) NOT NULL,
  `activity_id` bigint(20) NOT NULL,
  `meta_key` varchar(255) COLLATE utf8mb4_unicode_520_ci DEFAULT NULL,
  `meta_value` longtext COLLATE utf8mb4_unicode_520_ci
) ENGINE=InnoDB DEFAULT CHARSET=utf8mb4 COLLATE=utf8mb4_unicode_520_ci;

--
-- Dumping data for table `wpqa_bp_activity_meta`
--

INSERT INTO `wpqa_bp_activity_meta` (`id`, `activity_id`, `meta_key`, `meta_value`) VALUES
(1, 4, 'post_title', 'Acceder'),
(2, 4, 'post_url', 'https://intranet.farenet.com/2023/04/04/login/'),
(3, 5, 'post_title', 'Restablecimiento de contraseña'),
(4, 5, 'post_url', 'https://intranet.farenet.com/2023/04/04/lost-password/'),
(5, 6, 'post_title', 'Completar Registro'),
(6, 6, 'post_url', 'https://intranet.farenet.com/2023/04/04/complete-registration/'),
(7, 7, 'post_title', 'Bienvenido/a a la intranet de Farenet'),
(8, 7, 'post_url', 'https://intranet.farenet.com/?p=419'),
(11, 14, 'youzify_attachments', 'a:0:{}'),
(12, 22, 'post_title', 'Hola'),
(13, 22, 'post_url', 'https://intranet.farenet.com/?p=562');

-- --------------------------------------------------------

--
-- Table structure for table `wpqa_bp_friends`
--

CREATE TABLE `wpqa_bp_friends` (
  `id` bigint(20) NOT NULL,
  `initiator_user_id` bigint(20) NOT NULL,
  `friend_user_id` bigint(20) NOT NULL,
  `is_confirmed` tinyint(1) DEFAULT '0',
  `is_limited` tinyint(1) DEFAULT '0',
  `date_created` datetime NOT NULL
) ENGINE=InnoDB DEFAULT CHARSET=utf8mb4 COLLATE=utf8mb4_unicode_520_ci;

--
-- Dumping data for table `wpqa_bp_friends`
--

INSERT INTO `wpqa_bp_friends` (`id`, `initiator_user_id`, `friend_user_id`, `is_confirmed`, `is_limited`, `date_created`) VALUES
(2, 5, 3, 1, 0, '2023-04-19 20:15:48');

-- --------------------------------------------------------

--
-- Table structure for table `wpqa_bp_groups`
--

CREATE TABLE `wpqa_bp_groups` (
  `id` bigint(20) NOT NULL,
  `creator_id` bigint(20) NOT NULL,
  `name` varchar(100) COLLATE utf8mb4_unicode_520_ci NOT NULL,
  `slug` varchar(200) COLLATE utf8mb4_unicode_520_ci NOT NULL,
  `description` longtext COLLATE utf8mb4_unicode_520_ci NOT NULL,
  `status` varchar(10) COLLATE utf8mb4_unicode_520_ci NOT NULL DEFAULT 'public',
  `parent_id` bigint(20) NOT NULL DEFAULT '0',
  `enable_forum` tinyint(1) NOT NULL DEFAULT '1',
  `date_created` datetime NOT NULL
) ENGINE=InnoDB DEFAULT CHARSET=utf8mb4 COLLATE=utf8mb4_unicode_520_ci;

--
-- Dumping data for table `wpqa_bp_groups`
--

INSERT INTO `wpqa_bp_groups` (`id`, `creator_id`, `name`, `slug`, `description`, `status`, `parent_id`, `enable_forum`, `date_created`) VALUES
(1, 1, 'Sistemas', 'sistemas', 'Área de sistemas', 'private', 0, 0, '2023-04-11 17:19:33');

-- --------------------------------------------------------

--
-- Table structure for table `wpqa_bp_groups_groupmeta`
--

CREATE TABLE `wpqa_bp_groups_groupmeta` (
  `id` bigint(20) NOT NULL,
  `group_id` bigint(20) NOT NULL,
  `meta_key` varchar(255) COLLATE utf8mb4_unicode_520_ci DEFAULT NULL,
  `meta_value` longtext COLLATE utf8mb4_unicode_520_ci
) ENGINE=InnoDB DEFAULT CHARSET=utf8mb4 COLLATE=utf8mb4_unicode_520_ci;

--
-- Dumping data for table `wpqa_bp_groups_groupmeta`
--

INSERT INTO `wpqa_bp_groups_groupmeta` (`id`, `group_id`, `meta_key`, `meta_value`) VALUES
(1, 1, 'total_member_count', '3'),
(2, 1, 'last_activity', '2023-04-12 00:02:33'),
(3, 1, 'invite_status', 'members'),
(4, 1, '_tutor_bp_group_activities', '');

-- --------------------------------------------------------

--
-- Table structure for table `wpqa_bp_groups_members`
--

CREATE TABLE `wpqa_bp_groups_members` (
  `id` bigint(20) NOT NULL,
  `group_id` bigint(20) NOT NULL,
  `user_id` bigint(20) NOT NULL,
  `inviter_id` bigint(20) NOT NULL,
  `is_admin` tinyint(1) NOT NULL DEFAULT '0',
  `is_mod` tinyint(1) NOT NULL DEFAULT '0',
  `user_title` varchar(100) COLLATE utf8mb4_unicode_520_ci NOT NULL,
  `date_modified` datetime NOT NULL,
  `comments` longtext COLLATE utf8mb4_unicode_520_ci NOT NULL,
  `is_confirmed` tinyint(1) NOT NULL DEFAULT '0',
  `is_banned` tinyint(1) NOT NULL DEFAULT '0',
  `invite_sent` tinyint(1) NOT NULL DEFAULT '0'
) ENGINE=InnoDB DEFAULT CHARSET=utf8mb4 COLLATE=utf8mb4_unicode_520_ci;

--
-- Dumping data for table `wpqa_bp_groups_members`
--

INSERT INTO `wpqa_bp_groups_members` (`id`, `group_id`, `user_id`, `inviter_id`, `is_admin`, `is_mod`, `user_title`, `date_modified`, `comments`, `is_confirmed`, `is_banned`, `invite_sent`) VALUES
(1, 1, 1, 0, 1, 0, 'Administrador de Grupo', '2023-04-11 17:19:33', '', 1, 0, 0),
(3, 1, 3, 0, 0, 0, '', '2023-04-12 00:02:29', '', 1, 0, 0),
(4, 1, 5, 0, 0, 0, '', '2023-04-12 00:02:33', '', 1, 0, 0);

-- --------------------------------------------------------

--
-- Table structure for table `wpqa_bp_invitations`
--

CREATE TABLE `wpqa_bp_invitations` (
  `id` bigint(20) NOT NULL,
  `user_id` bigint(20) NOT NULL,
  `inviter_id` bigint(20) NOT NULL,
  `invitee_email` varchar(100) COLLATE utf8mb4_unicode_520_ci DEFAULT NULL,
  `class` varchar(120) COLLATE utf8mb4_unicode_520_ci NOT NULL,
  `item_id` bigint(20) NOT NULL,
  `secondary_item_id` bigint(20) DEFAULT NULL,
  `type` varchar(12) COLLATE utf8mb4_unicode_520_ci NOT NULL DEFAULT 'invite',
  `content` longtext COLLATE utf8mb4_unicode_520_ci,
  `date_modified` datetime NOT NULL,
  `invite_sent` tinyint(1) NOT NULL DEFAULT '0',
  `accepted` tinyint(1) NOT NULL DEFAULT '0'
) ENGINE=InnoDB DEFAULT CHARSET=utf8mb4 COLLATE=utf8mb4_unicode_520_ci;

-- --------------------------------------------------------

--
-- Table structure for table `wpqa_bp_messages_messages`
--

CREATE TABLE `wpqa_bp_messages_messages` (
  `id` bigint(20) NOT NULL,
  `thread_id` bigint(20) NOT NULL,
  `sender_id` bigint(20) NOT NULL,
  `subject` varchar(200) COLLATE utf8mb4_unicode_520_ci NOT NULL,
  `message` longtext COLLATE utf8mb4_unicode_520_ci NOT NULL,
  `date_sent` datetime NOT NULL
) ENGINE=InnoDB DEFAULT CHARSET=utf8mb4 COLLATE=utf8mb4_unicode_520_ci;

-- --------------------------------------------------------

--
-- Table structure for table `wpqa_bp_messages_meta`
--

CREATE TABLE `wpqa_bp_messages_meta` (
  `id` bigint(20) NOT NULL,
  `message_id` bigint(20) NOT NULL,
  `meta_key` varchar(255) COLLATE utf8mb4_unicode_520_ci DEFAULT NULL,
  `meta_value` longtext COLLATE utf8mb4_unicode_520_ci
) ENGINE=InnoDB DEFAULT CHARSET=utf8mb4 COLLATE=utf8mb4_unicode_520_ci;

-- --------------------------------------------------------

--
-- Table structure for table `wpqa_bp_messages_notices`
--

CREATE TABLE `wpqa_bp_messages_notices` (
  `id` bigint(20) NOT NULL,
  `subject` varchar(200) COLLATE utf8mb4_unicode_520_ci NOT NULL,
  `message` longtext COLLATE utf8mb4_unicode_520_ci NOT NULL,
  `date_sent` datetime NOT NULL,
  `is_active` tinyint(1) NOT NULL DEFAULT '0'
) ENGINE=InnoDB DEFAULT CHARSET=utf8mb4 COLLATE=utf8mb4_unicode_520_ci;

-- --------------------------------------------------------

--
-- Table structure for table `wpqa_bp_messages_recipients`
--

CREATE TABLE `wpqa_bp_messages_recipients` (
  `id` bigint(20) NOT NULL,
  `user_id` bigint(20) NOT NULL,
  `thread_id` bigint(20) NOT NULL,
  `unread_count` int(10) NOT NULL DEFAULT '0',
  `sender_only` tinyint(1) NOT NULL DEFAULT '0',
  `is_deleted` tinyint(1) NOT NULL DEFAULT '0'
) ENGINE=InnoDB DEFAULT CHARSET=utf8mb4 COLLATE=utf8mb4_unicode_520_ci;

-- --------------------------------------------------------

--
-- Table structure for table `wpqa_bp_notifications`
--

CREATE TABLE `wpqa_bp_notifications` (
  `id` bigint(20) NOT NULL,
  `user_id` bigint(20) NOT NULL,
  `item_id` bigint(20) NOT NULL,
  `secondary_item_id` bigint(20) DEFAULT NULL,
  `component_name` varchar(75) COLLATE utf8mb4_unicode_520_ci NOT NULL,
  `component_action` varchar(75) COLLATE utf8mb4_unicode_520_ci NOT NULL,
  `date_notified` datetime NOT NULL,
  `is_new` tinyint(1) NOT NULL DEFAULT '0'
) ENGINE=InnoDB DEFAULT CHARSET=utf8mb4 COLLATE=utf8mb4_unicode_520_ci;

--
-- Dumping data for table `wpqa_bp_notifications`
--

INSERT INTO `wpqa_bp_notifications` (`id`, `user_id`, `item_id`, `secondary_item_id`, `component_name`, `component_action`, `date_notified`, `is_new`) VALUES
(3, 1, 1, 4, 'groups', 'new_membership_request', '2023-04-11 23:57:29', 0),
(5, 1, 1, 3, 'groups', 'new_membership_request', '2023-04-12 00:01:52', 0),
(6, 1, 1, 5, 'groups', 'new_membership_request', '2023-04-12 00:02:14', 0),
(7, 3, 1, 0, 'groups', 'membership_request_accepted', '2023-04-12 00:02:29', 0),
(8, 5, 1, 0, 'groups', 'membership_request_accepted', '2023-04-12 00:02:33', 0),
(9, 3, 5, 2, 'friends', 'friendship_request', '2023-04-12 00:03:45', 0),
(10, 5, 3, 2, 'friends', 'friendship_accepted', '2023-04-19 20:15:48', 1),
(11, 5, 1, 3, 'messages', 'new_message', '2023-10-25 21:35:13', 1),
(12, 122, 3, 124, 'messages', 'new_message', '2024-04-05 19:05:17', 1),
(13, 122, 4, 124, 'messages', 'new_message', '2024-04-05 22:35:23', 1);

-- --------------------------------------------------------

--
-- Table structure for table `wpqa_bp_notifications_meta`
--

CREATE TABLE `wpqa_bp_notifications_meta` (
  `id` bigint(20) NOT NULL,
  `notification_id` bigint(20) NOT NULL,
  `meta_key` varchar(255) COLLATE utf8mb4_unicode_520_ci DEFAULT NULL,
  `meta_value` longtext COLLATE utf8mb4_unicode_520_ci
) ENGINE=InnoDB DEFAULT CHARSET=utf8mb4 COLLATE=utf8mb4_unicode_520_ci;

--
-- Dumping data for table `wpqa_bp_notifications_meta`
--

INSERT INTO `wpqa_bp_notifications_meta` (`id`, `notification_id`, `meta_key`, `meta_value`) VALUES
(1, 11, 'thread_id', '1'),
(2, 12, 'thread_id', '3'),
(3, 13, 'thread_id', '3');

-- --------------------------------------------------------

--
-- Table structure for table `wpqa_bp_optouts`
--

CREATE TABLE `wpqa_bp_optouts` (
  `id` bigint(20) NOT NULL,
  `email_address_hash` varchar(255) COLLATE utf8mb4_unicode_520_ci NOT NULL,
  `user_id` bigint(20) NOT NULL,
  `email_type` varchar(255) COLLATE utf8mb4_unicode_520_ci NOT NULL,
  `date_modified` datetime NOT NULL
) ENGINE=InnoDB DEFAULT CHARSET=utf8mb4 COLLATE=utf8mb4_unicode_520_ci;

-- --------------------------------------------------------

--
-- Table structure for table `wpqa_bp_user_blogs`
--

CREATE TABLE `wpqa_bp_user_blogs` (
  `id` bigint(20) NOT NULL,
  `user_id` bigint(20) NOT NULL,
  `blog_id` bigint(20) NOT NULL
) ENGINE=InnoDB DEFAULT CHARSET=utf8mb4 COLLATE=utf8mb4_unicode_520_ci;

--
-- Dumping data for table `wpqa_bp_user_blogs`
--

INSERT INTO `wpqa_bp_user_blogs` (`id`, `user_id`, `blog_id`) VALUES
(1, 1, 1),
(2, 3, 1),
(3, 6, 1),
(4, 7, 1);

-- --------------------------------------------------------

--
-- Table structure for table `wpqa_bp_user_blogs_blogmeta`
--

CREATE TABLE `wpqa_bp_user_blogs_blogmeta` (
  `id` bigint(20) NOT NULL,
  `blog_id` bigint(20) NOT NULL,
  `meta_key` varchar(255) COLLATE utf8mb4_unicode_520_ci DEFAULT NULL,
  `meta_value` longtext COLLATE utf8mb4_unicode_520_ci
) ENGINE=InnoDB DEFAULT CHARSET=utf8mb4 COLLATE=utf8mb4_unicode_520_ci;

--
-- Dumping data for table `wpqa_bp_user_blogs_blogmeta`
--

INSERT INTO `wpqa_bp_user_blogs_blogmeta` (`id`, `blog_id`, `meta_key`, `meta_value`) VALUES
(1, 1, 'url', 'https://intranet.farenet.com'),
(2, 1, 'name', 'Intranet Farenet'),
(3, 1, 'description', 'Intranet para trabajadores Farenet'),
(4, 1, 'last_activity', '2023-10-25 21:04:17'),
(5, 1, 'close_comments_for_old_posts', '0'),
(6, 1, 'close_comments_days_old', '14'),
(7, 1, 'thread_comments_depth', '5'),
(8, 1, 'comment_moderation', '0'),
(9, 1, 'site_icon_url_thumb', 'https://intranet.farenet.com/wp-content/uploads/2023/04/cropped-logo-farenet-para-payme-3-50x50.png'),
(10, 1, 'site_icon_url_full', 'https://intranet.farenet.com/wp-content/uploads/2023/04/cropped-logo-farenet-para-payme-3-150x150.png');

-- --------------------------------------------------------

--
-- Table structure for table `wpqa_bp_xprofile_data`
--

CREATE TABLE `wpqa_bp_xprofile_data` (
  `id` bigint(20) UNSIGNED NOT NULL,
  `field_id` bigint(20) UNSIGNED NOT NULL,
  `user_id` bigint(20) UNSIGNED NOT NULL,
  `value` longtext COLLATE utf8mb4_unicode_520_ci NOT NULL,
  `last_updated` datetime NOT NULL
) ENGINE=InnoDB DEFAULT CHARSET=utf8mb4 COLLATE=utf8mb4_unicode_520_ci;

--
-- Dumping data for table `wpqa_bp_xprofile_data`
--

INSERT INTO `wpqa_bp_xprofile_data` (`id`, `field_id`, `user_id`, `value`, `last_updated`) VALUES
(2, 1, 1, 'Admin Farenet', '2023-04-04 20:03:15'),
(3, 1, 3, 'Kamila Flores', '2023-11-13 19:26:10'),
(5, 1, 5, 'Terry Muñoz', '2023-04-11 23:52:31'),
(6, 1, 6, 'Miriam Zanabria', '2023-04-19 22:20:04'),
(7, 1, 7, 'Ernesto Carranza Casas', '2024-04-03 15:43:22'),
(8, 2, 3, '1997-11-18 00:00:00', '2023-11-13 19:26:10'),
(9, 1, 8, 'Patricia Flores', '2024-04-04 18:28:05'),
(30, 1, 29, 'rgalindo', '2024-03-12 15:14:33'),
(31, 1, 30, 'yabanto', '2024-03-12 15:14:33'),
(32, 1, 31, 'mpimentel', '2024-03-12 15:14:33'),
(33, 1, 32, 'gampuero', '2024-03-12 15:14:33'),
(34, 1, 33, 'vluzurriaga', '2024-03-12 15:14:33'),
(35, 1, 34, 'pbazalar', '2024-03-12 15:14:33'),
(36, 1, 35, 'aalvarado', '2024-03-20 16:37:42'),
(42, 1, 41, 'amuoz', '2024-03-20 16:42:07'),
(43, 1, 42, 'bayala', '2024-03-20 16:42:07'),
(44, 1, 43, 'atapia', '2024-03-20 16:42:07'),
(45, 1, 44, 'aescobar', '2024-03-20 16:42:07'),
(46, 1, 45, 'jvergara', '2024-03-20 16:42:08'),
(47, 1, 46, 'jtafur', '2024-03-20 16:42:08'),
(49, 1, 48, 'Julio Caycho', '2024-03-20 16:53:41'),
(50, 1, 49, 'Carla Ponte', '2024-03-25 15:00:02'),
(51, 1, 50, 'Anthoanet Delgado', '2024-03-25 15:05:10'),
(52, 1, 51, 'Silvana Bendezu', '2024-03-26 15:03:26'),
(53, 1, 52, 'jadira Mora', '2024-03-26 15:04:50'),
(54, 1, 53, 'Karim Seminario', '2024-03-26 15:05:59'),
(55, 1, 54, 'Reyna Zavaleta', '2024-03-27 17:18:32'),
(57, 1, 56, 'Camila Bernales', '2024-03-27 21:54:29'),
(58, 1, 57, 'Carlos', '2024-04-23 00:03:23'),
(59, 1, 58, 'maria Placencia', '2024-04-01 15:38:50'),
(60, 1, 59, 'Dana Galindo', '2024-04-01 15:46:35'),
(62, 1, 61, 'Medaly Zambrano', '2024-04-01 15:54:16'),
(63, 1, 62, 'Jose San martin', '2024-04-01 15:55:53'),
(64, 1, 63, 'Dany Cabrera', '2024-04-01 16:12:24'),
(65, 1, 64, 'Sonia Cardenas', '2024-04-01 16:22:37'),
(66, 1, 65, 'Janeth Urbano', '2024-04-01 16:28:34'),
(67, 1, 66, 'Nicole Flores', '2024-04-01 16:32:48'),
(68, 1, 67, 'Diego Abad', '2024-04-01 17:35:40'),
(69, 1, 68, 'jhosmel Mandujano', '2024-04-04 18:59:03'),
(70, 1, 69, 'mdelacruz', '2024-04-01 17:41:37'),
(71, 1, 70, 'Medali De la cruz', '2024-04-01 17:42:14'),
(72, 1, 71, 'Roxana Achulla', '2024-04-01 17:43:39'),
(73, 1, 72, 'Nestor Zegarra', '2024-04-01 17:44:49'),
(74, 1, 73, 'Christian Valverde', '2024-04-01 17:46:55'),
(75, 1, 74, 'Miguel Levano', '2024-04-01 18:05:23'),
(76, 1, 75, 'carol Yañez', '2024-04-01 19:45:25'),
(77, 1, 76, 'Berty Quequezana', '2024-04-01 19:46:44'),
(78, 1, 77, 'Javier Obregon', '2024-04-01 19:48:01'),
(79, 1, 78, 'Alejandro Muñoz', '2024-04-01 19:50:18'),
(80, 1, 79, 'johans Pimental', '2024-04-01 19:52:41'),
(81, 1, 80, 'Antonio Rupay', '2024-04-02 14:32:15'),
(82, 1, 81, 'Sheila Pasache', '2024-04-02 14:49:28'),
(83, 1, 82, 'Ana Aparcana', '2024-04-02 14:50:41'),
(84, 1, 83, 'Evelyn Quispe', '2024-04-02 14:52:11'),
(85, 1, 84, 'Yanira Gutierrez', '2024-04-02 15:19:31'),
(86, 1, 85, 'Jean Rojas', '2024-04-02 15:20:45'),
(87, 1, 86, 'Gino Silva', '2024-04-02 15:38:36'),
(88, 1, 87, 'Brian Flores', '2024-04-02 15:39:24'),
(89, 1, 88, 'Carla Chunga', '2024-04-02 15:47:20'),
(90, 1, 89, 'Kimberly Cerda', '2024-04-02 15:50:38'),
(91, 1, 90, 'Jazmin Boza', '2024-04-02 15:53:17'),
(92, 1, 91, 'Paola Burga', '2024-04-02 15:57:28'),
(93, 1, 92, 'Bruno Varona', '2024-04-02 16:07:42'),
(94, 1, 93, 'Lorena Baboc', '2024-04-02 16:09:37'),
(95, 1, 94, 'Erick Chavez', '2024-04-02 16:10:48'),
(96, 1, 95, 'Luis Contreras', '2024-04-02 16:23:17'),
(97, 1, 96, 'Dante Mamani', '2024-04-02 16:24:52'),
(98, 1, 97, 'Stefany Flores', '2024-04-02 16:26:13'),
(99, 1, 98, 'Jacqueline Pariona', '2024-04-02 16:30:33'),
(100, 1, 99, 'candy Del rio', '2024-04-02 16:31:41'),
(101, 1, 100, 'Isaac Villegas', '2024-04-02 16:32:54'),
(102, 1, 101, 'Hanmerly Estela', '2024-04-02 16:59:13'),
(103, 1, 102, 'Jose Zavaleta', '2024-04-02 17:02:18'),
(104, 1, 103, 'Ruth Mendoza', '2024-04-02 17:04:43'),
(105, 1, 104, 'Jennifer Gastulo', '2024-04-02 17:06:29'),
(106, 1, 105, 'Dayanna Murata', '2024-04-02 17:07:50'),
(107, 1, 106, 'Cesar Muchcco', '2024-04-02 17:09:22'),
(108, 1, 107, 'Felix Palacios', '2024-04-02 17:39:56'),
(109, 1, 108, 'Vicente Zuñiga', '2024-04-02 17:41:23'),
(110, 1, 109, 'Nory Nysukayama', '2024-04-02 17:44:20'),
(111, 1, 110, 'Alheli Auccasi', '2024-04-02 17:46:00'),
(112, 1, 111, 'Norma Reyna', '2024-04-02 17:48:13'),
(114, 1, 113, 'Rolf Robles', '2024-04-02 17:51:31'),
(115, 1, 114, 'Jairo Manrique', '2024-04-03 17:27:51'),
(116, 1, 115, 'Alexis Carrion', '2024-04-02 19:47:37'),
(117, 1, 116, 'Samuel Ramos', '2024-04-02 19:49:47'),
(118, 1, 117, 'Brayan Fernandez', '2024-04-12 16:33:52'),
(119, 1, 118, 'Piero Rojas', '2024-04-12 16:37:15'),
(120, 1, 119, 'Julissa Valdivia', '2024-04-03 14:45:29'),
(121, 1, 120, 'Jorge Human', '2024-04-03 14:48:15'),
(122, 1, 121, 'Silvia Rosales', '2024-04-03 14:49:36'),
(123, 1, 122, 'James Huertas', '2024-04-03 14:50:40'),
(124, 1, 123, 'Melody Darrigo', '2024-04-03 14:51:59'),
(125, 1, 124, 'Meliza Paredes', '2024-04-03 14:53:07'),
(126, 1, 125, 'Ingrind Reyes', '2024-04-03 14:56:11'),
(127, 1, 126, 'Yasmin Gomez', '2024-04-03 16:57:59'),
(128, 1, 127, 'Erick Uricay', '2024-04-03 16:59:13'),
(129, 1, 128, 'Astrid Javier', '2024-04-03 17:00:30'),
(130, 1, 129, 'Sheila Loyola', '2024-04-03 17:02:54'),
(131, 1, 130, 'Joselyn Pizarro', '2024-04-03 17:03:50'),
(132, 1, 131, 'Edgard Fajardo', '2024-04-03 17:05:55'),
(133, 1, 132, 'Piero Machado', '2024-04-03 17:12:56'),
(134, 1, 133, 'Antonio Chavarria', '2024-04-03 17:14:18'),
(135, 1, 134, 'cgomez', '2024-04-12 21:50:24'),
(136, 1, 135, 'Angel Diaz', '2024-04-03 17:16:44'),
(137, 1, 136, 'Shirley Bruno', '2024-04-03 17:47:52'),
(138, 1, 137, 'Fresscia Farias', '2024-04-03 17:22:21'),
(139, 1, 138, 'Ronald', '2024-04-04 15:21:47'),
(140, 1, 139, 'Brayan Chamba', '2024-04-03 17:25:15'),
(141, 1, 140, 'Jhonatan Ipanaque', '2024-04-03 17:26:21'),
(142, 1, 141, 'Alexander Terrones', '2024-04-03 17:34:19'),
(143, 1, 142, 'Diana Rodriguez', '2024-04-11 20:02:52'),
(144, 1, 143, 'Gabriela Hervias', '2024-04-17 16:15:11'),
(145, 1, 144, 'Ruth Aquije', '2024-04-22 22:17:40');

-- --------------------------------------------------------

--
-- Table structure for table `wpqa_bp_xprofile_fields`
--

CREATE TABLE `wpqa_bp_xprofile_fields` (
  `id` bigint(20) UNSIGNED NOT NULL,
  `group_id` bigint(20) UNSIGNED NOT NULL,
  `parent_id` bigint(20) UNSIGNED NOT NULL,
  `type` varchar(150) COLLATE utf8mb4_unicode_520_ci NOT NULL,
  `name` varchar(150) COLLATE utf8mb4_unicode_520_ci NOT NULL,
  `description` longtext COLLATE utf8mb4_unicode_520_ci NOT NULL,
  `is_required` tinyint(1) NOT NULL DEFAULT '0',
  `is_default_option` tinyint(1) NOT NULL DEFAULT '0',
  `field_order` bigint(20) NOT NULL DEFAULT '0',
  `option_order` bigint(20) NOT NULL DEFAULT '0',
  `order_by` varchar(15) COLLATE utf8mb4_unicode_520_ci NOT NULL DEFAULT '',
  `can_delete` tinyint(1) NOT NULL DEFAULT '1'
) ENGINE=InnoDB DEFAULT CHARSET=utf8mb4 COLLATE=utf8mb4_unicode_520_ci;

--
-- Dumping data for table `wpqa_bp_xprofile_fields`
--

INSERT INTO `wpqa_bp_xprofile_fields` (`id`, `group_id`, `parent_id`, `type`, `name`, `description`, `is_required`, `is_default_option`, `field_order`, `option_order`, `order_by`, `can_delete`) VALUES
(1, 1, 0, 'textbox', 'Name', '', 1, 0, 0, 0, '', 0),
(2, 1, 0, 'datebox', 'Fecha de Cumpleaños', '', 0, 0, 1, 0, '', 1);

-- --------------------------------------------------------

--
-- Table structure for table `wpqa_bp_xprofile_groups`
--

CREATE TABLE `wpqa_bp_xprofile_groups` (
  `id` bigint(20) UNSIGNED NOT NULL,
  `name` varchar(150) COLLATE utf8mb4_unicode_520_ci NOT NULL,
  `description` mediumtext COLLATE utf8mb4_unicode_520_ci NOT NULL,
  `group_order` bigint(20) NOT NULL DEFAULT '0',
  `can_delete` tinyint(1) NOT NULL
) ENGINE=InnoDB DEFAULT CHARSET=utf8mb4 COLLATE=utf8mb4_unicode_520_ci;

--
-- Dumping data for table `wpqa_bp_xprofile_groups`
--

INSERT INTO `wpqa_bp_xprofile_groups` (`id`, `name`, `description`, `group_order`, `can_delete`) VALUES
(1, 'Base', '', 0, 0);

-- --------------------------------------------------------

--
-- Table structure for table `wpqa_bp_xprofile_meta`
--

CREATE TABLE `wpqa_bp_xprofile_meta` (
  `id` bigint(20) NOT NULL,
  `object_id` bigint(20) NOT NULL,
  `object_type` varchar(150) COLLATE utf8mb4_unicode_520_ci NOT NULL,
  `meta_key` varchar(255) COLLATE utf8mb4_unicode_520_ci DEFAULT NULL,
  `meta_value` longtext COLLATE utf8mb4_unicode_520_ci
) ENGINE=InnoDB DEFAULT CHARSET=utf8mb4 COLLATE=utf8mb4_unicode_520_ci;

--
-- Dumping data for table `wpqa_bp_xprofile_meta`
--

INSERT INTO `wpqa_bp_xprofile_meta` (`id`, `object_id`, `object_type`, `meta_key`, `meta_value`) VALUES
(1, 1, 'field', 'allow_custom_visibility', 'disabled'),
(2, 1, 'field', 'signup_position', '1'),
(3, 2, 'field', 'default_visibility', 'public'),
(4, 2, 'field', 'allow_custom_visibility', 'allowed'),
(5, 2, 'field', 'do_autolink', 'on'),
(6, 2, 'field', 'date_format', 'Y-m-d'),
(7, 2, 'field', 'date_format_custom', ''),
(8, 2, 'field', 'range_type', 'absolute'),
(9, 2, 'field', 'range_absolute_start', '1963'),
(10, 2, 'field', 'range_absolute_end', '2043'),
(11, 2, 'field', 'range_relative_start', '-10'),
(12, 2, 'field', 'range_relative_end', '20');

-- --------------------------------------------------------

--
-- Table structure for table `wpqa_commentmeta`
--

CREATE TABLE `wpqa_commentmeta` (
  `meta_id` bigint(20) UNSIGNED NOT NULL,
  `comment_id` bigint(20) UNSIGNED NOT NULL DEFAULT '0',
  `meta_key` varchar(255) DEFAULT NULL,
  `meta_value` longtext
) ENGINE=InnoDB DEFAULT CHARSET=utf8;

--
-- Dumping data for table `wpqa_commentmeta`
--

INSERT INTO `wpqa_commentmeta` (`meta_id`, `comment_id`, `meta_key`, `meta_value`) VALUES
(2, 8, 'tutor_rating', '5'),
(3, 10, 'tutor_rating', '5'),
(4, 13, 'tutor_rating', '5'),
(5, 15, 'tutor_rating', '5'),
(6, 17, 'tutor_rating', '5'),
(7, 19, 'tutor_rating', '5'),
(8, 21, 'tutor_rating', '5'),
(10, 25, 'tutor_rating', '5'),
(11, 27, 'tutor_rating', '5'),
(12, 29, 'tutor_rating', '5'),
(13, 31, 'tutor_rating', '5'),
(14, 33, 'tutor_rating', '5'),
(15, 35, 'tutor_rating', '5'),
(17, 39, 'tutor_rating', '5'),
(18, 41, 'tutor_rating', '5'),
(19, 43, 'tutor_rating', '5'),
(20, 45, 'tutor_rating', '5'),
(21, 48, 'tutor_rating', '5'),
(22, 50, 'tutor_rating', '5'),
(23, 52, 'tutor_rating', '5'),
(25, 59, 'tutor_rating', '5'),
(27, 63, 'tutor_rating', '5'),
(28, 65, 'tutor_rating', '5'),
(30, 69, 'tutor_rating', '5'),
(31, 71, 'tutor_rating', '5'),
(32, 73, 'tutor_rating', '5'),
(33, 75, 'tutor_rating', '5'),
(34, 77, 'tutor_rating', '5'),
(35, 79, 'tutor_rating', '5'),
(36, 81, 'tutor_rating', '5'),
(37, 86, 'tutor_rating', '5'),
(38, 88, 'tutor_rating', '5'),
(39, 90, 'tutor_rating', '4'),
(40, 92, 'tutor_rating', '5'),
(41, 94, 'tutor_rating', '5'),
(42, 96, 'tutor_rating', '5'),
(43, 98, 'tutor_rating', '5'),
(44, 100, 'tutor_rating', '4'),
(45, 102, 'tutor_rating', '5'),
(46, 105, 'tutor_rating', '5'),
(47, 107, 'tutor_rating', '5'),
(48, 117, 'tutor_rating', '5'),
(49, 138, 'tutor_rating', '5'),
(50, 140, 'tutor_rating', '5'),
(51, 144, 'tutor_rating', '4'),
(52, 152, 'tutor_rating', '5'),
(53, 154, 'tutor_rating', '5'),
(54, 156, 'tutor_rating', '5'),
(55, 158, 'tutor_rating', '5'),
(56, 169, 'tutor_rating', '2'),
(57, 171, 'tutor_rating', '1'),
(58, 177, 'tutor_rating', '5'),
(59, 179, 'tutor_rating', '5'),
(60, 196, 'tutor_rating', '5'),
(61, 199, 'tutor_rating', '5'),
(62, 201, 'tutor_rating', '5'),
(63, 203, 'tutor_rating', '5'),
(64, 205, 'tutor_rating', '5'),
(65, 207, 'tutor_rating', '5'),
(66, 210, 'tutor_rating', '5'),
(67, 212, 'tutor_rating', '5'),
(68, 217, 'tutor_rating', '4'),
(69, 219, 'tutor_rating', '4'),
(70, 221, 'tutor_rating', '4'),
(71, 225, 'tutor_rating', '5'),
(72, 233, 'tutor_rating', '5'),
(73, 235, 'tutor_rating', '5'),
(74, 242, 'tutor_rating', '5'),
(75, 248, 'tutor_rating', '5'),
(76, 255, 'tutor_rating', '5');

-- --------------------------------------------------------

--
-- Table structure for table `wpqa_comments`
--

CREATE TABLE `wpqa_comments` (
  `comment_ID` bigint(20) UNSIGNED NOT NULL,
  `comment_post_ID` bigint(20) UNSIGNED NOT NULL DEFAULT '0',
  `comment_author` tinytext NOT NULL,
  `comment_author_email` varchar(100) NOT NULL DEFAULT '',
  `comment_author_url` varchar(200) NOT NULL DEFAULT '',
  `comment_author_IP` varchar(100) NOT NULL DEFAULT '',
  `comment_date` datetime NOT NULL DEFAULT '0000-00-00 00:00:00',
  `comment_date_gmt` datetime NOT NULL DEFAULT '0000-00-00 00:00:00',
  `comment_content` text NOT NULL,
  `comment_karma` int(11) NOT NULL DEFAULT '0',
  `comment_approved` varchar(20) NOT NULL DEFAULT '1',
  `comment_agent` varchar(255) NOT NULL DEFAULT '',
  `comment_type` varchar(20) NOT NULL DEFAULT 'comment',
  `comment_parent` bigint(20) UNSIGNED NOT NULL DEFAULT '0',
  `user_id` bigint(20) UNSIGNED NOT NULL DEFAULT '0'
) ENGINE=InnoDB DEFAULT CHARSET=utf8;

--
-- Dumping data for table `wpqa_comments`
--

INSERT INTO `wpqa_comments` (`comment_ID`, `comment_post_ID`, `comment_author`, `comment_author_email`, `comment_author_url`, `comment_author_IP`, `comment_date`, `comment_date_gmt`, `comment_content`, `comment_karma`, `comment_approved`, `comment_agent`, `comment_type`, `comment_parent`, `user_id`) VALUES
(1, 1, 'A WordPress Commenter', 'wapuu@wordpress.example', 'https://wordpress.org/', '', '2023-03-14 21:35:24', '2023-03-14 21:35:24', 'Hi, this is a comment.\nTo get started with moderating, editing, and deleting comments, please visit the Comments screen in the dashboard.\nCommenter avatars come from <a href=\"https://en.gravatar.com/\">Gravatar</a>.', 0, '1', '', 'comment', 0, 0),
(2, 1444, '7', '', '', '', '2024-03-13 14:47:58', '2024-03-13 14:47:58', '72b507140201f876', 0, 'approved', 'TutorLMSPlugin', 'course_completed', 0, 7),
(4, 1513, '48', '', '', '', '2024-03-20 22:01:52', '2024-03-20 22:01:52', 'eb5ea1c8775119ef', 0, 'approved', 'TutorLMSPlugin', 'course_completed', 0, 48),
(7, 1454, '48', '', '', '', '2024-03-25 14:14:46', '2024-03-25 14:14:46', 'f022ca3c8ca6feb7', 0, 'approved', 'TutorLMSPlugin', 'course_completed', 0, 48),
(8, 1454, 'jcaycho', '', '', '', '2024-03-25 14:15:02', '2024-03-25 14:15:02', 'Muy bien explicado', 0, 'approved', 'TutorLMSPlugin', 'tutor_course_rating', 0, 48),
(9, 1404, '48', '', '', '', '2024-03-25 14:17:19', '2024-03-25 14:17:19', '53b94a5ea86e115f', 0, 'approved', 'TutorLMSPlugin', 'course_completed', 0, 48),
(10, 1404, 'jcaycho', '', '', '', '2024-03-25 14:17:33', '2024-03-25 14:17:33', 'Bueno', 0, 'approved', 'TutorLMSPlugin', 'tutor_course_rating', 0, 48),
(11, 1489, 'jcaycho', 'jcaycho@farenet.pe', '', '', '2024-03-25 14:27:05', '2024-03-25 14:27:05', 'Perfecto para reforzar', 0, '1', 'Tutor', 'comment', 0, 48),
(12, 1444, '48', '', '', '', '2024-03-25 14:27:10', '2024-03-25 14:27:10', 'bad2d60ee94a6635', 0, 'approved', 'TutorLMSPlugin', 'course_completed', 0, 48),
(13, 1444, 'jcaycho', '', '', '', '2024-03-25 14:27:30', '2024-03-25 14:27:30', 'Dinámico', 0, 'approved', 'TutorLMSPlugin', 'tutor_course_rating', 0, 48),
(14, 1395, '48', '', '', '', '2024-03-25 14:28:15', '2024-03-25 14:28:15', '318a29f196289321', 0, 'approved', 'TutorLMSPlugin', 'course_completed', 0, 48),
(15, 1395, 'jcaycho', '', '', '', '2024-03-25 14:28:26', '2024-03-25 14:28:26', 'Bueno', 0, 'approved', 'TutorLMSPlugin', 'tutor_course_rating', 0, 48),
(16, 1421, '48', '', '', '', '2024-03-25 14:29:44', '2024-03-25 14:29:44', '503dbf79c26d5a0f', 0, 'approved', 'TutorLMSPlugin', 'course_completed', 0, 48),
(17, 1421, 'jcaycho', '', '', '', '2024-03-25 14:29:59', '2024-03-25 14:29:59', 'Muy bueno, bastante detallado', 0, 'approved', 'TutorLMSPlugin', 'tutor_course_rating', 0, 48),
(18, 1513, '49', '', '', '', '2024-03-25 15:15:00', '2024-03-25 15:15:00', '1f96d43ca9a1ea90', 0, 'approved', 'TutorLMSPlugin', 'course_completed', 0, 49),
(19, 1513, 'cponte', '', '', '', '2024-03-25 15:15:14', '2024-03-25 15:15:14', 'Esta bueno', 0, 'approved', 'TutorLMSPlugin', 'tutor_course_rating', 0, 49),
(20, 1388, '49', '', '', '', '2024-03-25 15:16:07', '2024-03-25 15:16:07', '341a202f4d3be6f9', 0, 'approved', 'TutorLMSPlugin', 'course_completed', 0, 49),
(21, 1388, 'cponte', '', '', '', '2024-03-25 15:16:24', '2024-03-25 15:16:24', 'Dinámico', 0, 'approved', 'TutorLMSPlugin', 'tutor_course_rating', 0, 49),
(24, 1454, '49', '', '', '', '2024-03-25 15:18:20', '2024-03-25 15:18:20', '3748ca80f133d3ab', 0, 'approved', 'TutorLMSPlugin', 'course_completed', 0, 49),
(25, 1454, 'cponte', '', '', '', '2024-03-25 15:18:33', '2024-03-25 15:18:33', 'Me gusto', 0, 'approved', 'TutorLMSPlugin', 'tutor_course_rating', 0, 49),
(26, 1395, '49', '', '', '', '2024-03-25 19:03:31', '2024-03-25 19:03:31', '4729700ff00aa1c0', 0, 'approved', 'TutorLMSPlugin', 'course_completed', 0, 49),
(27, 1395, 'cponte', '', '', '', '2024-03-25 19:03:41', '2024-03-25 19:03:41', 'Bueno', 0, 'approved', 'TutorLMSPlugin', 'tutor_course_rating', 0, 49),
(28, 1444, '49', '', '', '', '2024-03-25 19:05:18', '2024-03-25 19:05:18', '5c3c40570cb6c228', 0, 'approved', 'TutorLMSPlugin', 'course_completed', 0, 49),
(29, 1444, 'cponte', '', '', '', '2024-03-25 19:05:25', '2024-03-25 19:05:25', 'Dinamico', 0, 'approved', 'TutorLMSPlugin', 'tutor_course_rating', 0, 49),
(30, 1421, '49', '', '', '', '2024-03-25 20:17:22', '2024-03-25 20:17:22', 'ea78b32aa4b3c46b', 0, 'approved', 'TutorLMSPlugin', 'course_completed', 0, 49),
(31, 1421, 'cponte', '', '', '', '2024-03-25 20:17:36', '2024-03-25 20:17:36', 'Bueno y entretenido', 0, 'approved', 'TutorLMSPlugin', 'tutor_course_rating', 0, 49),
(32, 1404, '49', '', '', '', '2024-03-25 20:18:47', '2024-03-25 20:18:47', 'a590c950f18d0b84', 0, 'approved', 'TutorLMSPlugin', 'course_completed', 0, 49),
(33, 1404, 'cponte', '', '', '', '2024-03-25 20:18:55', '2024-03-25 20:18:55', 'Gracias', 0, 'approved', 'TutorLMSPlugin', 'tutor_course_rating', 0, 49),
(34, 1513, '50', '', '', '', '2024-03-26 14:27:06', '2024-03-26 14:27:06', 'b971d9a29a352aa9', 0, 'approved', 'TutorLMSPlugin', 'course_completed', 0, 50),
(35, 1513, 'adelgado', '', '', '', '2024-03-26 14:27:22', '2024-03-26 14:27:22', 'Buenos', 0, 'approved', 'TutorLMSPlugin', 'tutor_course_rating', 0, 50),
(38, 1454, '50', '', '', '', '2024-03-26 14:28:34', '2024-03-26 14:28:34', 'eadfb8cdc62b5648', 0, 'approved', 'TutorLMSPlugin', 'course_completed', 0, 50),
(39, 1454, 'adelgado', '', '', '', '2024-03-26 14:28:48', '2024-03-26 14:28:48', 'Subsane dudas', 0, 'approved', 'TutorLMSPlugin', 'tutor_course_rating', 0, 50),
(40, 1444, '50', '', '', '', '2024-03-26 14:31:26', '2024-03-26 14:31:26', 'acf7b8d079c66b08', 0, 'approved', 'TutorLMSPlugin', 'course_completed', 0, 50),
(41, 1444, 'adelgado', '', '', '', '2024-03-26 14:31:32', '2024-03-26 14:31:32', 'Bueno', 0, 'approved', 'TutorLMSPlugin', 'tutor_course_rating', 0, 50),
(42, 1421, '50', '', '', '', '2024-03-26 14:33:49', '2024-03-26 14:33:49', '2f7cec77c369eef8', 0, 'approved', 'TutorLMSPlugin', 'course_completed', 0, 50),
(43, 1421, 'adelgado', '', '', '', '2024-03-26 14:34:03', '2024-03-26 14:34:03', 'Entretenido', 0, 'approved', 'TutorLMSPlugin', 'tutor_course_rating', 0, 50),
(44, 1404, '50', '', '', '', '2024-03-26 14:36:21', '2024-03-26 14:36:21', 'ec963acc060dbb68', 0, 'approved', 'TutorLMSPlugin', 'course_completed', 0, 50),
(45, 1404, 'adelgado', '', '', '', '2024-03-26 14:36:29', '2024-03-26 14:36:29', 'Bueno', 0, 'approved', 'TutorLMSPlugin', 'tutor_course_rating', 0, 50),
(46, 1511, 'adelgado', 'Antuan.cervetto@gmail.com', '', '', '2024-03-26 14:44:40', '2024-03-26 14:44:40', 'Bonito', 0, '1', 'Tutor', 'comment', 0, 50),
(47, 1395, '50', '', '', '', '2024-03-26 14:44:55', '2024-03-26 14:44:55', '010e535a266dc333', 0, 'approved', 'TutorLMSPlugin', 'course_completed', 0, 50),
(48, 1395, 'adelgado', '', '', '', '2024-03-26 14:45:04', '2024-03-26 14:45:04', 'Entretenido', 0, 'approved', 'TutorLMSPlugin', 'tutor_course_rating', 0, 50),
(49, 1388, '50', '', '', '', '2024-03-26 14:49:08', '2024-03-26 14:49:08', '9528fc92c88cb711', 0, 'approved', 'TutorLMSPlugin', 'course_completed', 0, 50),
(50, 1388, 'adelgado', '', '', '', '2024-03-26 14:50:16', '2024-03-26 14:50:16', 'Entretenido', 0, 'approved', 'TutorLMSPlugin', 'tutor_course_rating', 0, 50),
(51, 1513, '51', '', '', '', '2024-03-26 15:21:22', '2024-03-26 15:21:22', '051d4c551b0b7f97', 0, 'approved', 'TutorLMSPlugin', 'course_completed', 0, 51),
(52, 1513, 'sbendezu', '', '', '', '2024-03-26 15:21:36', '2024-03-26 15:21:36', 'bueno', 0, 'approved', 'TutorLMSPlugin', 'tutor_course_rating', 0, 51),
(58, 1513, '52', '', '', '', '2024-03-26 15:31:53', '2024-03-26 15:31:53', '946654f0301acc1c', 0, 'approved', 'TutorLMSPlugin', 'course_completed', 0, 52),
(59, 1513, 'jmora', '', '', '', '2024-03-26 15:32:02', '2024-03-26 15:32:02', 'Dinamico', 0, 'approved', 'TutorLMSPlugin', 'tutor_course_rating', 0, 52),
(62, 1513, '53', '', '', '', '2024-03-26 15:41:33', '2024-03-26 15:41:33', '307ea9381b4dca74', 0, 'approved', 'TutorLMSPlugin', 'course_completed', 0, 53),
(63, 1513, 'kseminario', '', '', '', '2024-03-26 15:41:41', '2024-03-26 15:41:41', 'BUENO', 0, 'approved', 'TutorLMSPlugin', 'tutor_course_rating', 0, 53),
(64, 1388, '53', '', '', '', '2024-03-26 15:42:05', '2024-03-26 15:42:05', 'e4824f1dd023f5e7', 0, 'approved', 'TutorLMSPlugin', 'course_completed', 0, 53),
(65, 1388, 'kseminario', '', '', '', '2024-03-26 15:42:11', '2024-03-26 15:42:11', 'BUENO', 0, 'approved', 'TutorLMSPlugin', 'tutor_course_rating', 0, 53),
(68, 1454, '52', '', '', '', '2024-03-26 15:44:18', '2024-03-26 15:44:18', 'b5755f711aaff03e', 0, 'approved', 'TutorLMSPlugin', 'course_completed', 0, 52),
(69, 1454, 'jmora', '', '', '', '2024-03-26 15:44:26', '2024-03-26 15:44:26', 'Entendible', 0, 'approved', 'TutorLMSPlugin', 'tutor_course_rating', 0, 52),
(70, 1444, '52', '', '', '', '2024-03-26 15:45:24', '2024-03-26 15:45:24', '865b185502091173', 0, 'approved', 'TutorLMSPlugin', 'course_completed', 0, 52),
(71, 1444, 'jmora', '', '', '', '2024-03-26 15:45:35', '2024-03-26 15:45:35', 'Me queda mas claro', 0, 'approved', 'TutorLMSPlugin', 'tutor_course_rating', 0, 52),
(72, 1421, '52', '', '', '', '2024-03-26 15:46:09', '2024-03-26 15:46:09', '1c47252b8cd9960d', 0, 'approved', 'TutorLMSPlugin', 'course_completed', 0, 52),
(73, 1421, 'jmora', '', '', '', '2024-03-26 15:46:22', '2024-03-26 15:46:22', 'Bastante claro', 0, 'approved', 'TutorLMSPlugin', 'tutor_course_rating', 0, 52),
(74, 1404, '52', '', '', '', '2024-03-26 15:47:13', '2024-03-26 15:47:13', '23a3101c493568d7', 0, 'approved', 'TutorLMSPlugin', 'course_completed', 0, 52),
(75, 1404, 'jmora', '', '', '', '2024-03-26 15:47:22', '2024-03-26 15:47:22', 'Me queda claro', 0, 'approved', 'TutorLMSPlugin', 'tutor_course_rating', 0, 52),
(76, 1395, '52', '', '', '', '2024-03-26 15:51:35', '2024-03-26 15:51:35', '9bc4e0d0eedba85e', 0, 'approved', 'TutorLMSPlugin', 'course_completed', 0, 52),
(77, 1395, 'jmora', '', '', '', '2024-03-26 15:51:41', '2024-03-26 15:51:41', 'Gracias', 0, 'approved', 'TutorLMSPlugin', 'tutor_course_rating', 0, 52),
(78, 1388, '52', '', '', '', '2024-03-26 15:52:34', '2024-03-26 15:52:34', 'cc20b014de59afa5', 0, 'approved', 'TutorLMSPlugin', 'course_completed', 0, 52),
(79, 1388, 'jmora', '', '', '', '2024-03-26 15:52:50', '2024-03-26 15:52:50', 'Muy claro', 0, 'approved', 'TutorLMSPlugin', 'tutor_course_rating', 0, 52),
(80, 1454, '51', '', '', '', '2024-03-26 15:53:44', '2024-03-26 15:53:44', 'af7fb9e804a4a7e2', 0, 'approved', 'TutorLMSPlugin', 'course_completed', 0, 51),
(81, 1454, 'sbendezu', '', '', '', '2024-03-26 15:53:52', '2024-03-26 15:53:52', 'BUENO', 0, 'approved', 'TutorLMSPlugin', 'tutor_course_rating', 0, 51),
(82, 1444, '51', '', '', '', '2024-03-26 16:03:22', '2024-03-26 16:03:22', 'f3fd43362ab4a6ea', 0, 'approved', 'TutorLMSPlugin', 'course_completed', 0, 51),
(83, 1444, '51', '', '', '', '2024-03-26 16:03:23', '2024-03-26 16:03:23', 'b7ac0af5ffce609c', 0, 'approved', 'TutorLMSPlugin', 'course_completed', 0, 51),
(84, 1444, '51', '', '', '', '2024-03-26 16:03:23', '2024-03-26 16:03:23', '8605738a6e325d0e', 0, 'approved', 'TutorLMSPlugin', 'course_completed', 0, 51),
(85, 1444, '51', '', '', '', '2024-03-26 16:03:23', '2024-03-26 16:03:23', '96a07b89670cdeb7', 0, 'approved', 'TutorLMSPlugin', 'course_completed', 0, 51),
(86, 1444, 'sbendezu', '', '', '', '2024-03-26 16:03:31', '2024-03-26 16:03:31', 'BUENO', 0, 'approved', 'TutorLMSPlugin', 'tutor_course_rating', 0, 51),
(87, 1421, '51', '', '', '', '2024-03-26 16:05:39', '2024-03-26 16:05:39', 'bad6cd621532a4d0', 0, 'approved', 'TutorLMSPlugin', 'course_completed', 0, 51),
(88, 1421, 'sbendezu', '', '', '', '2024-03-26 16:05:46', '2024-03-26 16:05:46', 'BUENO', 0, 'approved', 'TutorLMSPlugin', 'tutor_course_rating', 0, 51),
(89, 1404, '51', '', '', '', '2024-03-26 16:07:16', '2024-03-26 16:07:16', 'a812547ae62702ce', 0, 'approved', 'TutorLMSPlugin', 'course_completed', 0, 51),
(90, 1404, 'sbendezu', '', '', '', '2024-03-26 16:07:44', '2024-03-26 16:07:44', 'BUENO', 0, 'approved', 'TutorLMSPlugin', 'tutor_course_rating', 0, 51),
(91, 1454, '53', '', '', '', '2024-03-26 16:10:02', '2024-03-26 16:10:02', '00a0f4b51d15d6b3', 0, 'approved', 'TutorLMSPlugin', 'course_completed', 0, 53),
(92, 1454, 'kseminario', '', '', '', '2024-03-26 16:10:18', '2024-03-26 16:10:18', 'BUENO E INTERESANTE', 0, 'approved', 'TutorLMSPlugin', 'tutor_course_rating', 0, 53),
(93, 1444, '53', '', '', '', '2024-03-26 16:15:43', '2024-03-26 16:15:43', 'a4ed0d8d64237374', 0, 'approved', 'TutorLMSPlugin', 'course_completed', 0, 53),
(94, 1444, 'kseminario', '', '', '', '2024-03-26 16:15:50', '2024-03-26 16:15:50', 'BUENO', 0, 'approved', 'TutorLMSPlugin', 'tutor_course_rating', 0, 53),
(95, 1421, '53', '', '', '', '2024-03-26 16:16:30', '2024-03-26 16:16:30', 'e1082c4c4a279056', 0, 'approved', 'TutorLMSPlugin', 'course_completed', 0, 53),
(96, 1421, 'kseminario', '', '', '', '2024-03-26 16:16:40', '2024-03-26 16:16:40', 'BUENO', 0, 'approved', 'TutorLMSPlugin', 'tutor_course_rating', 0, 53),
(97, 1404, '53', '', '', '', '2024-03-26 16:17:11', '2024-03-26 16:17:11', '1288df9543aa101e', 0, 'approved', 'TutorLMSPlugin', 'course_completed', 0, 53),
(98, 1404, 'kseminario', '', '', '', '2024-03-26 16:17:18', '2024-03-26 16:17:18', 'BUENO', 0, 'approved', 'TutorLMSPlugin', 'tutor_course_rating', 0, 53),
(99, 1395, '51', '', '', '', '2024-03-26 16:20:48', '2024-03-26 16:20:48', 'b0cac526a7546021', 0, 'approved', 'TutorLMSPlugin', 'course_completed', 0, 51),
(100, 1395, 'sbendezu', '', '', '', '2024-03-26 16:23:41', '2024-03-26 16:23:41', 'BUENO', 0, 'approved', 'TutorLMSPlugin', 'tutor_course_rating', 0, 51),
(101, 1395, '53', '', '', '', '2024-03-26 16:28:43', '2024-03-26 16:28:43', '21a8319d27d71fea', 0, 'approved', 'TutorLMSPlugin', 'course_completed', 0, 53),
(102, 1395, 'kseminario', '', '', '', '2024-03-26 16:28:50', '2024-03-26 16:28:50', 'BUENO', 0, 'approved', 'TutorLMSPlugin', 'tutor_course_rating', 0, 53),
(103, 1513, '7', '', '', '', '2024-03-27 16:55:44', '2024-03-27 16:55:44', '91b769848ff56c60', 0, 'approved', 'TutorLMSPlugin', 'course_completed', 0, 7),
(104, 1388, '51', '', '', '', '2024-03-27 21:37:10', '2024-03-27 21:37:10', 'e32afe0603660554', 0, 'approved', 'TutorLMSPlugin', 'course_completed', 0, 51),
(105, 1388, 'sbendezu', '', '', '', '2024-03-27 21:37:28', '2024-03-27 21:37:28', 'Bueno', 0, 'approved', 'TutorLMSPlugin', 'tutor_course_rating', 0, 51),
(106, 1513, '56', '', '', '', '2024-03-27 22:14:54', '2024-03-27 22:14:54', '0d737446319850b1', 0, 'approved', 'TutorLMSPlugin', 'course_completed', 0, 56),
(107, 1513, 'cbernales', '', '', '', '2024-03-27 22:15:00', '2024-03-27 22:15:00', 'bueno', 0, 'approved', 'TutorLMSPlugin', 'tutor_course_rating', 0, 56),
(108, 1513, '125', '', '', '', '2024-04-04 00:05:14', '2024-04-04 00:05:14', '6daf52c22e289245', 0, 'approved', 'TutorLMSPlugin', 'course_completed', 0, 125),
(109, 1421, '124', '', '', '', '2024-04-04 02:17:47', '2024-04-04 02:17:47', 'dc1d5b463e6ce964', 0, 'approved', 'TutorLMSPlugin', 'course_completed', 0, 124),
(110, 1404, '124', '', '', '', '2024-04-04 02:20:30', '2024-04-04 02:20:30', 'ecd6c63834eb6f21', 0, 'approved', 'TutorLMSPlugin', 'course_completed', 0, 124),
(112, 1395, '124', '', '', '', '2024-04-04 02:31:05', '2024-04-04 02:31:05', '9993da84885f71bd', 0, 'approved', 'TutorLMSPlugin', 'course_completed', 0, 124),
(113, 1511, 'sflores', 'stefanyflores737@gmail.com', '', '', '2024-04-05 01:14:16', '2024-04-05 01:14:16', 'si', 0, '1', 'Tutor', 'comment', 0, 97),
(114, 1454, '7', '', '', '', '2024-04-11 15:11:02', '2024-04-11 15:11:02', '3f08ebc2a7baeebb', 0, 'approved', 'TutorLMSPlugin', 'course_completed', 0, 7),
(116, 1513, '134', '', '', '', '2024-04-12 21:57:25', '2024-04-12 21:57:25', '21b59cb15d95d113', 0, 'approved', 'TutorLMSPlugin', 'course_completed', 0, 134),
(117, 1513, 'cgomez', '', '', '', '2024-04-12 21:57:52', '2024-04-12 21:57:52', 'aprendo un poco más de las alianzas que tiene farenet', 0, 'approved', 'TutorLMSPlugin', 'tutor_course_rating', 0, 134),
(118, 1454, '134', '', '', '', '2024-04-12 21:59:33', '2024-04-12 21:59:33', 'c933e3767f9ac58e', 0, 'approved', 'TutorLMSPlugin', 'course_completed', 0, 134),
(119, 1444, '134', '', '', '', '2024-04-12 22:00:27', '2024-04-12 22:00:27', '78d77861743420c1', 0, 'approved', 'TutorLMSPlugin', 'course_completed', 0, 134),
(120, 1421, '134', '', '', '', '2024-04-12 22:02:19', '2024-04-12 22:02:19', '69d5aa58d23197b8', 0, 'approved', 'TutorLMSPlugin', 'course_completed', 0, 134),
(121, 1404, '134', '', '', '', '2024-04-12 22:02:53', '2024-04-12 22:02:53', '91e0f348301bf0c8', 0, 'approved', 'TutorLMSPlugin', 'course_completed', 0, 134),
(122, 1395, '134', '', '', '', '2024-04-12 22:07:43', '2024-04-12 22:07:43', 'ccda791098f3b72a', 0, 'approved', 'TutorLMSPlugin', 'course_completed', 0, 134),
(123, 1388, '134', '', '', '', '2024-04-12 22:14:59', '2024-04-12 22:14:59', '8bf532856664db10', 0, 'approved', 'TutorLMSPlugin', 'course_completed', 0, 134),
(124, 1631, '134', '', '', '', '2024-04-12 22:15:53', '2024-04-12 22:15:53', 'e1d9c235898d41c6', 0, 'approved', 'TutorLMSPlugin', 'course_completed', 0, 134),
(125, 1513, '71', '', '', '', '2024-04-17 23:17:29', '2024-04-17 23:17:29', '4866842bf9c6d356', 0, 'approved', 'TutorLMSPlugin', 'course_completed', 0, 71),
(126, 1454, '71', '', '', '', '2024-04-17 23:20:16', '2024-04-17 23:20:16', '3ef61b0e3ea90072', 0, 'approved', 'TutorLMSPlugin', 'course_completed', 0, 71),
(127, 1444, '71', '', '', '', '2024-04-17 23:20:59', '2024-04-17 23:20:59', '573561a88466f6b8', 0, 'approved', 'TutorLMSPlugin', 'course_completed', 0, 71),
(128, 1421, '71', '', '', '', '2024-04-17 23:27:01', '2024-04-17 23:27:01', '243bc3b28c65b4b2', 0, 'approved', 'TutorLMSPlugin', 'course_completed', 0, 71),
(129, 1404, '71', '', '', '', '2024-04-17 23:27:44', '2024-04-17 23:27:44', 'a1001777966281ae', 0, 'approved', 'TutorLMSPlugin', 'course_completed', 0, 71),
(130, 1513, '72', '', '', '', '2024-04-18 14:39:58', '2024-04-18 14:39:58', 'ab69bc0464078630', 0, 'approved', 'TutorLMSPlugin', 'course_completed', 0, 72),
(131, 1454, '69', '', '', '', '2024-04-18 14:47:35', '2024-04-18 14:47:35', 'fd4003b68c90c2ed', 0, 'approved', 'TutorLMSPlugin', 'course_completed', 0, 69),
(132, 1454, '72', '', '', '', '2024-04-18 14:57:24', '2024-04-18 14:57:24', 'd09f7e83d4941e12', 0, 'approved', 'TutorLMSPlugin', 'course_completed', 0, 72),
(133, 1444, '72', '', '', '', '2024-04-18 15:00:48', '2024-04-18 15:00:48', '6450e2cbfbf4fdf9', 0, 'approved', 'TutorLMSPlugin', 'course_completed', 0, 72),
(134, 1421, '72', '', '', '', '2024-04-18 15:05:39', '2024-04-18 15:05:39', '30e5a9e88c1356e0', 0, 'approved', 'TutorLMSPlugin', 'course_completed', 0, 72),
(135, 1404, '72', '', '', '', '2024-04-18 15:20:14', '2024-04-18 15:20:14', '543d701abd29ab45', 0, 'approved', 'TutorLMSPlugin', 'course_completed', 0, 72),
(136, 1388, '71', '', '', '', '2024-04-18 19:27:39', '2024-04-18 19:27:39', 'b061aa49020a9b7f', 0, 'approved', 'TutorLMSPlugin', 'course_completed', 0, 71),
(137, 1513, '143', '', '', '', '2024-04-19 16:10:32', '2024-04-19 16:10:32', '13167cf1dc67e113', 0, 'approved', 'TutorLMSPlugin', 'course_completed', 0, 143),
(138, 1513, 'ghervias', '', '', '', '2024-04-19 16:11:03', '2024-04-19 16:11:03', 'Muy detallado.', 0, 'approved', 'TutorLMSPlugin', 'tutor_course_rating', 0, 143),
(139, 1454, '143', '', '', '', '2024-04-19 16:40:54', '2024-04-19 16:40:54', 'ff2196ac2371e4c6', 0, 'approved', 'TutorLMSPlugin', 'course_completed', 0, 143),
(140, 1454, 'ghervias', '', '', '', '2024-04-19 16:41:10', '2024-04-19 16:41:10', 'Todo bien.', 0, 'approved', 'TutorLMSPlugin', 'tutor_course_rating', 0, 143),
(141, 1444, '143', '', '', '', '2024-04-19 16:50:33', '2024-04-19 16:50:33', 'ef1351b1428f9fc0', 0, 'approved', 'TutorLMSPlugin', 'course_completed', 0, 143),
(142, 1421, '143', '', '', '', '2024-04-19 17:00:56', '2024-04-19 17:00:56', 'fcdae65c5c429368', 0, 'approved', 'TutorLMSPlugin', 'course_completed', 0, 143),
(143, 1404, '143', '', '', '', '2024-04-19 17:16:36', '2024-04-19 17:16:36', '018464a17e2f8433', 0, 'approved', 'TutorLMSPlugin', 'course_completed', 0, 143),
(144, 1513, 'kcerda', '', '', '', '2024-04-19 18:27:38', '2024-04-19 18:27:38', 'Bien detallado.', 0, 'approved', 'TutorLMSPlugin', 'tutor_course_rating', 0, 89),
(145, 1395, '143', '', '', '', '2024-04-19 20:43:32', '2024-04-19 20:43:32', 'b187e43abca4b718', 0, 'approved', 'TutorLMSPlugin', 'course_completed', 0, 143),
(146, 1388, '143', '', '', '', '2024-04-19 20:45:34', '2024-04-19 20:45:34', '28ad1fea278aeac3', 0, 'approved', 'TutorLMSPlugin', 'course_completed', 0, 143),
(147, 1404, '91', '', '', '', '2024-04-19 23:02:22', '2024-04-19 23:02:22', 'af432e063012308a', 0, 'approved', 'TutorLMSPlugin', 'course_completed', 0, 91),
(148, 1511, 'pburga', 'pburga133@gmail.com', '', '', '2024-04-19 23:07:20', '2024-04-19 23:07:20', 'PAOLA ', 0, '1', 'Tutor', 'comment', 0, 91),
(149, 1511, 'pburga', 'pburga133@gmail.com', '', '', '2024-04-19 23:07:52', '2024-04-19 23:07:52', 'PAOLA ', 0, '1', 'Tutor', 'comment', 0, 91),
(150, 1631, '91', '', '', '', '2024-04-20 00:15:33', '2024-04-20 00:15:33', '2b61615949c834ad', 0, 'approved', 'TutorLMSPlugin', 'course_completed', 0, 91),
(151, 1513, '90', '', '', '', '2024-04-20 15:53:13', '2024-04-20 15:53:13', '9f8e100595c5172e', 0, 'approved', 'TutorLMSPlugin', 'course_completed', 0, 90),
(152, 1513, 'jboza', '', '', '', '2024-04-20 15:53:26', '2024-04-20 15:53:26', 'OK', 0, 'approved', 'TutorLMSPlugin', 'tutor_course_rating', 0, 90),
(153, 1454, '90', '', '', '', '2024-04-20 15:55:20', '2024-04-20 15:55:20', '644574888baf99e5', 0, 'approved', 'TutorLMSPlugin', 'course_completed', 0, 90),
(154, 1454, 'jboza', '', '', '', '2024-04-20 15:55:32', '2024-04-20 15:55:32', 'BUENO', 0, 'approved', 'TutorLMSPlugin', 'tutor_course_rating', 0, 90),
(155, 1444, '90', '', '', '', '2024-04-20 16:06:58', '2024-04-20 16:06:58', 'a23036380cb570fa', 0, 'approved', 'TutorLMSPlugin', 'course_completed', 0, 90),
(156, 1444, 'jboza', '', '', '', '2024-04-20 16:07:14', '2024-04-20 16:07:14', 'BUENO', 0, 'approved', 'TutorLMSPlugin', 'tutor_course_rating', 0, 90),
(157, 1421, '90', '', '', '', '2024-04-20 16:56:02', '2024-04-20 16:56:02', '1b07cdf18bbb7376', 0, 'approved', 'TutorLMSPlugin', 'course_completed', 0, 90),
(158, 1421, 'jboza', '', '', '', '2024-04-20 16:56:12', '2024-04-20 16:56:12', 'BUENO', 0, 'approved', 'TutorLMSPlugin', 'tutor_course_rating', 0, 90),
(159, 1631, '65', '', '', '', '2024-04-22 21:20:06', '2024-04-22 21:20:06', '979fbe41e64d4384', 0, 'approved', 'TutorLMSPlugin', 'course_completed', 0, 65),
(160, 1513, '54', '', '', '', '2024-04-22 21:38:51', '2024-04-22 21:38:51', 'd7dcd75ee41c5c9a', 0, 'approved', 'TutorLMSPlugin', 'course_completed', 0, 54),
(161, 1642, 'cgomez', 'jeshuanoah0@gmail.com', '', '', '2024-04-22 21:45:47', '2024-04-22 21:45:47', ':D', 0, '1', 'Tutor', 'comment', 0, 134),
(162, 1454, '54', '', '', '', '2024-04-22 22:07:04', '2024-04-22 22:07:04', '994d3ef97ae9680f', 0, 'approved', 'TutorLMSPlugin', 'course_completed', 0, 54),
(163, 1444, '54', '', '', '', '2024-04-22 22:11:19', '2024-04-22 22:11:19', 'be34dff6feaabefc', 0, 'approved', 'TutorLMSPlugin', 'course_completed', 0, 54),
(164, 1454, '91', '', '', '', '2024-04-22 23:04:25', '2024-04-22 23:04:25', 'a0aaa5ec90feaa33', 0, 'approved', 'TutorLMSPlugin', 'course_completed', 0, 91),
(165, 1513, '91', '', '', '', '2024-04-22 23:09:21', '2024-04-22 23:09:21', '3eadb9155c5baf1c', 0, 'approved', 'TutorLMSPlugin', 'course_completed', 0, 91),
(166, 1444, '91', '', '', '', '2024-04-23 01:14:04', '2024-04-23 01:14:04', '4badcf18390c5ba3', 0, 'approved', 'TutorLMSPlugin', 'course_completed', 0, 91),
(167, 1629, '101', '', '', '', '2024-04-23 17:04:54', '2024-04-23 17:04:54', 'e5eed4a4a2777fe0', 0, 'approved', 'TutorLMSPlugin', 'course_completed', 0, 101),
(168, 1513, '101', '', '', '', '2024-04-23 17:06:44', '2024-04-23 17:06:44', '0eef4950ff2588e9', 0, 'approved', 'TutorLMSPlugin', 'course_completed', 0, 101),
(169, 1513, 'hestela', '', '', '', '2024-04-23 17:07:53', '2024-04-23 17:07:53', 'bien', 0, 'approved', 'TutorLMSPlugin', 'tutor_course_rating', 0, 101),
(170, 1454, '101', '', '', '', '2024-04-23 17:10:11', '2024-04-23 17:10:11', '4ea801b2312884b3', 0, 'approved', 'TutorLMSPlugin', 'course_completed', 0, 101),
(171, 1454, 'hestela', '', '', '', '2024-04-23 17:10:20', '2024-04-23 17:10:20', 'bien', 0, 'approved', 'TutorLMSPlugin', 'tutor_course_rating', 0, 101),
(172, 1395, '101', '', '', '', '2024-04-23 17:15:44', '2024-04-23 17:15:44', 'eccae8dc839e5851', 0, 'approved', 'TutorLMSPlugin', 'course_completed', 0, 101),
(173, 1631, '101', '', '', '', '2024-04-23 17:31:42', '2024-04-23 17:31:42', '6624b61054f495db', 0, 'approved', 'TutorLMSPlugin', 'course_completed', 0, 101),
(174, 1513, '130', '', '', '', '2024-04-23 21:04:43', '2024-04-23 21:04:43', '29c6b27a4ee99a28', 0, 'approved', 'TutorLMSPlugin', 'course_completed', 0, 130),
(175, 1513, '130', '', '', '', '2024-04-23 21:04:44', '2024-04-23 21:04:44', '3e175ae8ad7930db', 0, 'approved', 'TutorLMSPlugin', 'course_completed', 0, 130),
(176, 1444, '128', '', '', '', '2024-04-23 22:56:26', '2024-04-23 22:56:26', '58d32ffff4314582', 0, 'approved', 'TutorLMSPlugin', 'course_completed', 0, 128),
(177, 1444, 'ajavier', '', '', '', '2024-04-23 22:56:55', '2024-04-23 22:56:55', 'si muy buena', 0, 'approved', 'TutorLMSPlugin', 'tutor_course_rating', 0, 128),
(178, 1421, '128', '', '', '', '2024-04-23 23:00:51', '2024-04-23 23:00:51', 'e06f23f1dcdc9c87', 0, 'approved', 'TutorLMSPlugin', 'course_completed', 0, 128),
(179, 1421, 'ajavier', '', '', '', '2024-04-23 23:01:26', '2024-04-23 23:01:26', 'muy buena', 0, 'approved', 'TutorLMSPlugin', 'tutor_course_rating', 0, 128),
(180, 1511, 'rachulla', 'thaliallamo123@gmail.com', '', '', '2024-04-24 16:22:49', '2024-04-24 16:22:49', '.', 0, '1', 'Tutor', 'comment', 0, 71),
(181, 1395, '71', '', '', '', '2024-04-24 16:27:41', '2024-04-24 16:27:41', 'c3bfbb8e9c0af55f', 0, 'approved', 'TutorLMSPlugin', 'course_completed', 0, 71),
(182, 1631, '71', '', '', '', '2024-04-24 17:06:54', '2024-04-24 17:06:54', '2ff07ec6f826b63b', 0, 'approved', 'TutorLMSPlugin', 'course_completed', 0, 71),
(183, 1513, '70', '', '', '', '2024-04-24 17:08:49', '2024-04-24 17:08:49', 'd22f61f4499f8f4b', 0, 'approved', 'TutorLMSPlugin', 'course_completed', 0, 70),
(184, 1404, '70', '', '', '', '2024-04-24 17:10:20', '2024-04-24 17:10:20', '5357a2617daf3340', 0, 'approved', 'TutorLMSPlugin', 'course_completed', 0, 70),
(185, 1454, '70', '', '', '', '2024-04-24 17:14:11', '2024-04-24 17:14:11', 'e26baccd32413c1e', 0, 'approved', 'TutorLMSPlugin', 'course_completed', 0, 70),
(186, 1642, 'rachulla', 'thaliallamo123@gmail.com', '', '', '2024-04-24 17:17:17', '2024-04-24 17:17:17', '.', 0, '1', 'Tutor', 'comment', 0, 71),
(187, 1444, '70', '', '', '', '2024-04-24 17:19:57', '2024-04-24 17:19:57', '3288017ad4814351', 0, 'approved', 'TutorLMSPlugin', 'course_completed', 0, 70),
(188, 1511, 'mdarrigo', 'melody250@hotmail.com', '', '', '2024-04-24 21:09:12', '2024-04-24 21:09:12', 'Hola', 0, '1', 'Tutor', 'comment', 0, 123),
(189, 1511, 'mdarrigo', 'melody250@hotmail.com', '', '', '2024-04-24 21:12:20', '2024-04-24 21:12:20', 'Buenas tardes te saluda melody de farenet por pasar su revisión técnica hoy accede a un descuento de un 35 % descto en la tarjeta de socio club farenet a precio de regalo de 75 a 49 soles todo el año ', 0, '1', 'Tutor', 'comment', 0, 123),
(190, 1511, 'mdarrigo', 'melody250@hotmail.com', '', '', '2024-04-24 21:14:43', '2024-04-24 21:14:43', 'Viene hacer 4.09 soles al mes y farenet le da casi 2000 soles en beneficios como auxilio vehicular las 24 horas los 7 días de la semana así sea feriado para todo Lima metropolitana y callao 2 grúas de 150 soles q cubre farenet 2 pasos de batería 2 cambio de llantas con la llanta q ud tenga de repuesto 2 cerrajeros y por ser socio asesoria legal de manera ilimitada por robo accidente y daños a terceros sin costo adicional ', 0, '1', 'Tutor', 'comment', 0, 123),
(191, 1511, 'mdarrigo', 'melody250@hotmail.com', '', '', '2024-04-24 21:15:07', '2024-04-24 21:15:07', 'Pagaría por q medio de pago', 0, '1', 'Tutor', 'comment', 0, 123),
(192, 1511, 'mdarrigo', 'melody250@hotmail.com', '', '', '2024-04-24 21:15:22', '2024-04-24 21:15:22', 'Para enviarle la tarjeta ', 0, '1', 'Tutor', 'comment', 0, 123),
(193, 1511, 'mdarrigo', 'melody250@hotmail.com', '', '', '2024-04-24 21:15:49', '2024-04-24 21:15:49', 'Se activa de manera automática en 30 días cualquiera q maneje el auto podrá llamar a pedir la ayuda ', 0, '1', 'Tutor', 'comment', 0, 123),
(194, 1395, '123', '', '', '', '2024-04-24 21:20:59', '2024-04-24 21:20:59', '00a7eab00b593b3c', 0, 'approved', 'TutorLMSPlugin', 'course_completed', 0, 123),
(195, 1404, '90', '', '', '', '2024-04-26 00:26:52', '2024-04-26 00:26:52', '9f7d0b616eb940f9', 0, 'approved', 'TutorLMSPlugin', 'course_completed', 0, 90),
(196, 1404, 'jboza', '', '', '', '2024-04-26 00:27:25', '2024-04-26 00:27:25', 'Deberían de agregar cuestionarios o pruebas virtuales.', 0, 'approved', 'TutorLMSPlugin', 'tutor_course_rating', 0, 90),
(197, 1511, 'jboza', 'jazmin.boza@gmail.com', '', '', '2024-04-26 00:36:27', '2024-04-26 00:36:27', 'Tengo entendido que si, cualquiera que maneje el auto puede llamar.', 0, '1', 'Tutor', 'comment', 193, 90),
(198, 1395, '90', '', '', '', '2024-04-26 00:37:16', '2024-04-26 00:37:16', '95808754a7b209cb', 0, 'approved', 'TutorLMSPlugin', 'course_completed', 0, 90),
(199, 1395, 'jboza', '', '', '', '2024-04-26 00:37:29', '2024-04-26 00:37:29', 'Bueno, agregar cuestionarios', 0, 'approved', 'TutorLMSPlugin', 'tutor_course_rating', 0, 90),
(200, 1388, '90', '', '', '', '2024-04-26 00:45:25', '2024-04-26 00:45:25', 'ebdbd252c1719e75', 0, 'approved', 'TutorLMSPlugin', 'course_completed', 0, 90),
(201, 1388, 'jboza', '', '', '', '2024-04-26 00:45:31', '2024-04-26 00:45:31', 'ok', 0, 'approved', 'TutorLMSPlugin', 'tutor_course_rating', 0, 90),
(202, 1513, '128', '', '', '', '2024-04-26 14:45:55', '2024-04-26 14:45:55', 'abc5fc8cd203e9d7', 0, 'approved', 'TutorLMSPlugin', 'course_completed', 0, 128),
(203, 1513, 'ajavier', '', '', '', '2024-04-26 14:46:09', '2024-04-26 14:46:09', 'MUY BUENA', 0, 'approved', 'TutorLMSPlugin', 'tutor_course_rating', 0, 128),
(204, 1454, '128', '', '', '', '2024-04-26 14:46:56', '2024-04-26 14:46:56', '0db8a44a801985b3', 0, 'approved', 'TutorLMSPlugin', 'course_completed', 0, 128),
(205, 1454, 'ajavier', '', '', '', '2024-04-26 14:47:05', '2024-04-26 14:47:05', 'BUENA', 0, 'approved', 'TutorLMSPlugin', 'tutor_course_rating', 0, 128),
(206, 1404, '128', '', '', '', '2024-04-26 14:49:27', '2024-04-26 14:49:27', 'a3ce0b94db074938', 0, 'approved', 'TutorLMSPlugin', 'course_completed', 0, 128),
(207, 1404, 'ajavier', '', '', '', '2024-04-26 14:49:42', '2024-04-26 14:49:42', 'MUY BUENO', 0, 'approved', 'TutorLMSPlugin', 'tutor_course_rating', 0, 128),
(208, 1511, 'ajavier', 'astridjavier13@gmail.com', '', '', '2024-04-26 14:55:43', '2024-04-26 14:55:43', ' TENGO QUEJAS DE CLIENTES QUE DICEN NO CONTESTAS CUANDO LLAMAN AL CLUB FARENET', 0, '1', 'Tutor', 'comment', 0, 128),
(209, 1395, '128', '', '', '', '2024-04-26 15:00:44', '2024-04-26 15:00:44', '1a2e58a708a28175', 0, 'approved', 'TutorLMSPlugin', 'course_completed', 0, 128),
(210, 1395, 'ajavier', '', '', '', '2024-04-26 15:00:52', '2024-04-26 15:00:52', 'BUENA', 0, 'approved', 'TutorLMSPlugin', 'tutor_course_rating', 0, 128),
(211, 1388, '128', '', '', '', '2024-04-26 15:03:44', '2024-04-26 15:03:44', '8e709e372d225633', 0, 'approved', 'TutorLMSPlugin', 'course_completed', 0, 128),
(212, 1388, 'ajavier', '', '', '', '2024-04-26 15:03:51', '2024-04-26 15:03:51', 'BUENA', 0, 'approved', 'TutorLMSPlugin', 'tutor_course_rating', 0, 128),
(213, 1513, '95', '', '', '', '2024-04-26 15:35:05', '2024-04-26 15:35:05', 'a1c8988bcf7fbaeb', 0, 'approved', 'TutorLMSPlugin', 'course_completed', 0, 95),
(214, 1629, '95', '', '', '', '2024-04-26 15:35:52', '2024-04-26 15:35:52', '8268e58c22247606', 0, 'approved', 'TutorLMSPlugin', 'course_completed', 0, 95),
(215, 1444, '95', '', '', '', '2024-04-26 15:52:02', '2024-04-26 15:52:02', '6549d685f349a3bb', 0, 'approved', 'TutorLMSPlugin', 'course_completed', 0, 95),
(216, 1444, '101', '', '', '', '2024-04-26 17:30:32', '2024-04-26 17:30:32', '7d9a0503c54d2623', 0, 'approved', 'TutorLMSPlugin', 'course_completed', 0, 101),
(217, 1444, 'hestela', '', '', '', '2024-04-26 17:30:51', '2024-04-26 17:30:51', 'bueno', 0, 'approved', 'TutorLMSPlugin', 'tutor_course_rating', 0, 101),
(218, 1421, '101', '', '', '', '2024-04-26 17:32:20', '2024-04-26 17:32:20', 'fb8a0f39c2d83565', 0, 'approved', 'TutorLMSPlugin', 'course_completed', 0, 101),
(219, 1421, 'hestela', '', '', '', '2024-04-26 17:32:31', '2024-04-26 17:32:31', 'bueno', 0, 'approved', 'TutorLMSPlugin', 'tutor_course_rating', 0, 101),
(220, 1404, '101', '', '', '', '2024-04-26 17:33:38', '2024-04-26 17:33:38', '9f08fe7f59092e36', 0, 'approved', 'TutorLMSPlugin', 'course_completed', 0, 101),
(221, 1404, 'hestela', '', '', '', '2024-04-26 17:33:47', '2024-04-26 17:33:47', 'bueno', 0, 'approved', 'TutorLMSPlugin', 'tutor_course_rating', 0, 101),
(222, 1513, '105', '', '', '', '2024-04-26 17:50:41', '2024-04-26 17:50:41', 'de2e798f5460aa3b', 0, 'approved', 'TutorLMSPlugin', 'course_completed', 0, 105),
(223, 1513, '104', '', '', '', '2024-04-26 19:29:23', '2024-04-26 19:29:23', 'bbdace2bc818cfb5', 0, 'approved', 'TutorLMSPlugin', 'course_completed', 0, 104),
(224, 1454, '104', '', '', '', '2024-04-26 19:37:23', '2024-04-26 19:37:23', '9c16110967735968', 0, 'approved', 'TutorLMSPlugin', 'course_completed', 0, 104),
(225, 1454, 'jgastulo', '', '', '', '2024-04-26 19:39:05', '2024-04-26 19:39:05', 'Genial', 0, 'approved', 'TutorLMSPlugin', 'tutor_course_rating', 0, 104),
(226, 1454, '105', '', '', '', '2024-04-26 20:50:42', '2024-04-26 20:50:42', '67fd1f2b777d3c5b', 0, 'approved', 'TutorLMSPlugin', 'course_completed', 0, 105),
(227, 1444, '105', '', '', '', '2024-04-26 20:51:24', '2024-04-26 20:51:24', '73257b21a68d2963', 0, 'approved', 'TutorLMSPlugin', 'course_completed', 0, 105),
(228, 1421, '105', '', '', '', '2024-04-26 20:59:07', '2024-04-26 20:59:07', '0269c7ccc81057c5', 0, 'approved', 'TutorLMSPlugin', 'course_completed', 0, 105),
(229, 1404, '105', '', '', '', '2024-04-26 21:00:26', '2024-04-26 21:00:26', '5221ec532dd65a44', 0, 'approved', 'TutorLMSPlugin', 'course_completed', 0, 105),
(230, 1421, '70', '', '', '', '2024-04-26 21:09:20', '2024-04-26 21:09:20', '011550154894e522', 0, 'approved', 'TutorLMSPlugin', 'course_completed', 0, 70),
(231, 1631, '70', '', '', '', '2024-04-26 21:11:42', '2024-04-26 21:11:42', 'e43452f03da49006', 0, 'approved', 'TutorLMSPlugin', 'course_completed', 0, 70),
(232, 1444, '104', '', '', '', '2024-04-27 14:41:53', '2024-04-27 14:41:53', '99ebaca3410e8b40', 0, 'approved', 'TutorLMSPlugin', 'course_completed', 0, 104),
(233, 1444, 'jgastulo', '', '', '', '2024-04-27 14:42:07', '2024-04-27 14:42:07', 'Si, estuvo bien', 0, 'approved', 'TutorLMSPlugin', 'tutor_course_rating', 0, 104),
(234, 1421, '104', '', '', '', '2024-04-27 14:43:44', '2024-04-27 14:43:44', 'f3728ccfe693b4c1', 0, 'approved', 'TutorLMSPlugin', 'course_completed', 0, 104),
(235, 1421, 'jgastulo', '', '', '', '2024-04-27 14:43:52', '2024-04-27 14:43:52', 'Estuvo bien', 0, 'approved', 'TutorLMSPlugin', 'tutor_course_rating', 0, 104),
(236, 1404, '104', '', '', '', '2024-04-27 14:44:41', '2024-04-27 14:44:41', '0e44af91f6dff10b', 0, 'approved', 'TutorLMSPlugin', 'course_completed', 0, 104),
(237, 1395, '104', '', '', '', '2024-04-27 14:50:26', '2024-04-27 14:50:26', '828dcd263b325c2a', 0, 'approved', 'TutorLMSPlugin', 'course_completed', 0, 104),
(238, 1388, '104', '', '', '', '2024-04-27 14:51:21', '2024-04-27 14:51:21', 'efd09acdb4cb1cc5', 0, 'approved', 'TutorLMSPlugin', 'course_completed', 0, 104),
(239, 1395, '105', '', '', '', '2024-04-29 18:10:23', '2024-04-29 18:10:23', 'a101ad0e16f7b906', 0, 'approved', 'TutorLMSPlugin', 'course_completed', 0, 105),
(240, 1388, '105', '', '', '', '2024-04-29 18:10:49', '2024-04-29 18:10:49', 'b24911cbe8ae2930', 0, 'approved', 'TutorLMSPlugin', 'course_completed', 0, 105),
(241, 1513, '75', '', '', '', '2024-04-29 19:55:49', '2024-04-29 19:55:49', '5e2df21bc8190c1b', 0, 'approved', 'TutorLMSPlugin', 'course_completed', 0, 75),
(242, 1513, 'cmamani', '', '', '', '2024-04-29 19:56:05', '2024-04-29 19:56:05', 'MUY BUENO', 0, 'approved', 'TutorLMSPlugin', 'tutor_course_rating', 0, 75),
(243, 1454, '75', '', '', '', '2024-04-29 19:56:29', '2024-04-29 19:56:29', '11f9c1c32ca86941', 0, 'approved', 'TutorLMSPlugin', 'course_completed', 0, 75),
(244, 1444, '75', '', '', '', '2024-04-29 20:00:50', '2024-04-29 20:00:50', 'f2fa3f8b9b1b1d42', 0, 'approved', 'TutorLMSPlugin', 'course_completed', 0, 75),
(245, 1444, '75', '', '', '', '2024-04-29 20:00:51', '2024-04-29 20:00:51', '904b8ac28383df64', 0, 'approved', 'TutorLMSPlugin', 'course_completed', 0, 75),
(246, 1421, '75', '', '', '', '2024-04-29 20:16:54', '2024-04-29 20:16:54', 'a8e5c34ce702d011', 0, 'approved', 'TutorLMSPlugin', 'course_completed', 0, 75),
(247, 1421, '75', '', '', '', '2024-04-29 20:16:55', '2024-04-29 20:16:55', '4eeff0a7893570be', 0, 'approved', 'TutorLMSPlugin', 'course_completed', 0, 75),
(248, 1421, 'cmamani', '', '', '', '2024-04-29 20:17:13', '2024-04-29 20:17:13', 'BUENA', 0, 'approved', 'TutorLMSPlugin', 'tutor_course_rating', 0, 75),
(249, 1404, '75', '', '', '', '2024-04-29 20:22:45', '2024-04-29 20:22:45', '3be1f2b25e595b00', 0, 'approved', 'TutorLMSPlugin', 'course_completed', 0, 75),
(250, 1395, '75', '', '', '', '2024-04-29 20:31:19', '2024-04-29 20:31:19', '61feb995ffca592b', 0, 'approved', 'TutorLMSPlugin', 'course_completed', 0, 75),
(251, 1388, '75', '', '', '', '2024-04-29 20:33:17', '2024-04-29 20:33:17', '83646bf9f9e4fb9d', 0, 'approved', 'TutorLMSPlugin', 'course_completed', 0, 75),
(252, 1642, 'cmamani', 'carol_99.c@outloock.com', '', '', '2024-04-29 20:39:17', '2024-04-29 20:39:17', ':3', 0, '1', 'Tutor', 'comment', 0, 75),
(253, 1631, '75', '', '', '', '2024-04-29 20:41:07', '2024-04-29 20:41:07', '51b8077a3edb785c', 0, 'approved', 'TutorLMSPlugin', 'course_completed', 0, 75),
(254, 1513, '98', '', '', '', '2024-05-03 14:49:22', '2024-05-03 14:49:22', '51634d286ac8ed40', 0, 'approved', 'TutorLMSPlugin', 'course_completed', 0, 98),
(255, 1513, 'jpariona', '', '', '', '2024-05-03 14:51:02', '2024-05-03 14:51:02', 'Muy buena', 0, 'approved', 'TutorLMSPlugin', 'tutor_course_rating', 0, 98);

-- --------------------------------------------------------

--
-- Table structure for table `wpqa_e2pdf_bulks`
--

CREATE TABLE `wpqa_e2pdf_bulks` (
  `ID` int(11) NOT NULL,
  `uid` varchar(255) NOT NULL,
  `template_id` int(11) NOT NULL DEFAULT '0',
  `count` int(11) NOT NULL DEFAULT '0',
  `total` int(11) NOT NULL DEFAULT '0',
  `dataset` longtext NOT NULL,
  `datasets` longtext NOT NULL,
  `options` longtext NOT NULL,
  `status` varchar(255) NOT NULL DEFAULT 'pending',
  `created_at` datetime NOT NULL
) ENGINE=InnoDB DEFAULT CHARSET=utf8;

-- --------------------------------------------------------

--
-- Table structure for table `wpqa_em_bookings`
--

CREATE TABLE `wpqa_em_bookings` (
  `booking_id` bigint(20) UNSIGNED NOT NULL,
  `booking_uuid` char(32) NOT NULL,
  `event_id` bigint(20) UNSIGNED DEFAULT NULL,
  `person_id` bigint(20) UNSIGNED NOT NULL,
  `booking_spaces` int(5) NOT NULL,
  `booking_comment` text,
  `booking_date` timestamp NOT NULL DEFAULT CURRENT_TIMESTAMP,
  `booking_status` int(2) NOT NULL DEFAULT '1',
  `booking_rsvp_status` int(1) DEFAULT NULL,
  `booking_price` decimal(14,4) UNSIGNED NOT NULL DEFAULT '0.0000',
  `booking_tax_rate` decimal(7,4) DEFAULT NULL,
  `booking_taxes` decimal(14,4) DEFAULT NULL,
  `booking_meta` longtext
) ENGINE=InnoDB DEFAULT CHARSET=utf8;

-- --------------------------------------------------------

--
-- Table structure for table `wpqa_em_bookings_meta`
--

CREATE TABLE `wpqa_em_bookings_meta` (
  `meta_id` bigint(20) UNSIGNED NOT NULL,
  `booking_id` bigint(20) UNSIGNED NOT NULL,
  `meta_key` varchar(255) DEFAULT NULL,
  `meta_value` longtext
) ENGINE=InnoDB DEFAULT CHARSET=utf8;

-- --------------------------------------------------------

--
-- Table structure for table `wpqa_em_events`
--

CREATE TABLE `wpqa_em_events` (
  `event_id` bigint(20) UNSIGNED NOT NULL,
  `post_id` bigint(20) UNSIGNED NOT NULL,
  `event_parent` bigint(20) UNSIGNED DEFAULT NULL,
  `event_slug` varchar(200) DEFAULT NULL,
  `event_owner` bigint(20) UNSIGNED DEFAULT NULL,
  `event_status` tinyint(1) DEFAULT NULL,
  `event_active_status` tinyint(2) DEFAULT '1',
  `event_name` text,
  `event_start_date` date DEFAULT NULL,
  `event_end_date` date DEFAULT NULL,
  `event_start_time` time DEFAULT NULL,
  `event_end_time` time DEFAULT NULL,
  `event_all_day` tinyint(1) UNSIGNED DEFAULT NULL,
  `event_start` datetime DEFAULT NULL,
  `event_end` datetime DEFAULT NULL,
  `event_timezone` tinytext,
  `post_content` longtext,
  `event_rsvp` tinyint(1) UNSIGNED NOT NULL DEFAULT '0',
  `event_rsvp_date` date DEFAULT NULL,
  `event_rsvp_time` time DEFAULT NULL,
  `event_rsvp_spaces` int(5) DEFAULT NULL,
  `event_spaces` int(5) DEFAULT '0',
  `event_private` tinyint(1) UNSIGNED NOT NULL DEFAULT '0',
  `location_id` bigint(20) UNSIGNED DEFAULT NULL,
  `event_location_type` varchar(15) DEFAULT NULL,
  `recurrence_id` bigint(20) UNSIGNED DEFAULT NULL,
  `event_date_created` datetime DEFAULT NULL,
  `event_date_modified` datetime DEFAULT NULL,
  `recurrence` tinyint(1) UNSIGNED NOT NULL DEFAULT '0',
  `recurrence_interval` int(4) DEFAULT NULL,
  `recurrence_freq` tinytext,
  `recurrence_byday` tinytext,
  `recurrence_byweekno` int(4) DEFAULT NULL,
  `recurrence_days` int(4) DEFAULT NULL,
  `recurrence_rsvp_days` int(3) DEFAULT NULL,
  `blog_id` bigint(20) UNSIGNED DEFAULT NULL,
  `group_id` bigint(20) UNSIGNED DEFAULT NULL,
  `event_language` varchar(14) DEFAULT NULL,
  `event_translation` tinyint(1) UNSIGNED NOT NULL DEFAULT '0'
) ENGINE=InnoDB DEFAULT CHARSET=utf8;

-- --------------------------------------------------------

--
-- Table structure for table `wpqa_em_locations`
--

CREATE TABLE `wpqa_em_locations` (
  `location_id` bigint(20) UNSIGNED NOT NULL,
  `post_id` bigint(20) UNSIGNED NOT NULL,
  `blog_id` bigint(20) UNSIGNED DEFAULT NULL,
  `location_parent` bigint(20) UNSIGNED DEFAULT NULL,
  `location_slug` varchar(200) DEFAULT NULL,
  `location_name` text,
  `location_owner` bigint(20) UNSIGNED NOT NULL DEFAULT '0',
  `location_address` varchar(200) DEFAULT NULL,
  `location_town` varchar(200) DEFAULT NULL,
  `location_state` varchar(200) DEFAULT NULL,
  `location_postcode` varchar(10) DEFAULT NULL,
  `location_region` varchar(200) DEFAULT NULL,
  `location_country` char(2) DEFAULT NULL,
  `location_latitude` decimal(9,6) DEFAULT NULL,
  `location_longitude` decimal(9,6) DEFAULT NULL,
  `post_content` longtext,
  `location_status` int(1) DEFAULT NULL,
  `location_private` tinyint(1) UNSIGNED NOT NULL DEFAULT '0',
  `location_language` varchar(14) DEFAULT NULL,
  `location_translation` tinyint(1) UNSIGNED NOT NULL DEFAULT '0'
) ENGINE=InnoDB DEFAULT CHARSET=utf8;

-- --------------------------------------------------------

--
-- Table structure for table `wpqa_em_meta`
--

CREATE TABLE `wpqa_em_meta` (
  `meta_id` bigint(20) UNSIGNED NOT NULL,
  `object_id` bigint(20) UNSIGNED NOT NULL,
  `meta_key` varchar(255) DEFAULT NULL,
  `meta_value` longtext,
  `meta_date` timestamp NOT NULL DEFAULT CURRENT_TIMESTAMP
) ENGINE=InnoDB DEFAULT CHARSET=utf8;

-- --------------------------------------------------------

--
-- Table structure for table `wpqa_em_tickets`
--

CREATE TABLE `wpqa_em_tickets` (
  `ticket_id` bigint(20) UNSIGNED NOT NULL,
  `event_id` bigint(20) UNSIGNED NOT NULL,
  `ticket_name` tinytext NOT NULL,
  `ticket_description` text,
  `ticket_price` decimal(14,4) DEFAULT NULL,
  `ticket_start` datetime DEFAULT NULL,
  `ticket_end` datetime DEFAULT NULL,
  `ticket_min` int(10) DEFAULT NULL,
  `ticket_max` int(10) DEFAULT NULL,
  `ticket_spaces` int(11) DEFAULT NULL,
  `ticket_members` int(1) DEFAULT NULL,
  `ticket_members_roles` longtext,
  `ticket_guests` int(1) DEFAULT NULL,
  `ticket_required` int(1) DEFAULT NULL,
  `ticket_parent` bigint(20) UNSIGNED DEFAULT NULL,
  `ticket_order` int(2) UNSIGNED DEFAULT NULL,
  `ticket_meta` longtext
) ENGINE=InnoDB DEFAULT CHARSET=utf8;

-- --------------------------------------------------------

--
-- Table structure for table `wpqa_em_tickets_bookings`
--

CREATE TABLE `wpqa_em_tickets_bookings` (
  `ticket_booking_id` bigint(20) UNSIGNED NOT NULL,
  `ticket_uuid` char(32) NOT NULL,
  `booking_id` bigint(20) UNSIGNED NOT NULL,
  `ticket_id` bigint(20) UNSIGNED NOT NULL,
  `ticket_booking_spaces` int(6) NOT NULL,
  `ticket_booking_price` decimal(14,4) NOT NULL,
  `ticket_booking_order` int(2) DEFAULT NULL
) ENGINE=InnoDB DEFAULT CHARSET=utf8;

-- --------------------------------------------------------

--
-- Table structure for table `wpqa_em_tickets_bookings_meta`
--

CREATE TABLE `wpqa_em_tickets_bookings_meta` (
  `meta_id` bigint(20) UNSIGNED NOT NULL,
  `ticket_booking_id` bigint(20) UNSIGNED NOT NULL,
  `meta_key` varchar(255) DEFAULT NULL,
  `meta_value` longtext
) ENGINE=InnoDB DEFAULT CHARSET=utf8;

-- --------------------------------------------------------

--
-- Table structure for table `wpqa_e_events`
--

CREATE TABLE `wpqa_e_events` (
  `id` bigint(20) UNSIGNED NOT NULL,
  `event_data` text COLLATE utf8mb4_unicode_520_ci,
  `created_at` datetime NOT NULL
) ENGINE=InnoDB DEFAULT CHARSET=utf8mb4 COLLATE=utf8mb4_unicode_520_ci;

-- --------------------------------------------------------

--
-- Table structure for table `wpqa_e_submissions`
--

CREATE TABLE `wpqa_e_submissions` (
  `id` bigint(20) UNSIGNED NOT NULL,
  `type` varchar(60) COLLATE utf8mb4_unicode_520_ci DEFAULT NULL,
  `hash_id` varchar(60) COLLATE utf8mb4_unicode_520_ci NOT NULL,
  `main_meta_id` bigint(20) UNSIGNED NOT NULL COMMENT 'Id of main field. to represent the main meta field',
  `post_id` bigint(20) UNSIGNED NOT NULL,
  `referer` varchar(500) COLLATE utf8mb4_unicode_520_ci NOT NULL,
  `referer_title` varchar(300) COLLATE utf8mb4_unicode_520_ci DEFAULT NULL,
  `element_id` varchar(20) COLLATE utf8mb4_unicode_520_ci NOT NULL,
  `form_name` varchar(60) COLLATE utf8mb4_unicode_520_ci NOT NULL,
  `campaign_id` bigint(20) UNSIGNED NOT NULL,
  `user_id` bigint(20) UNSIGNED DEFAULT NULL,
  `user_ip` varchar(46) COLLATE utf8mb4_unicode_520_ci NOT NULL,
  `user_agent` text COLLATE utf8mb4_unicode_520_ci NOT NULL,
  `actions_count` int(11) DEFAULT '0',
  `actions_succeeded_count` int(11) DEFAULT '0',
  `status` varchar(20) COLLATE utf8mb4_unicode_520_ci NOT NULL,
  `is_read` tinyint(1) NOT NULL DEFAULT '0',
  `meta` text COLLATE utf8mb4_unicode_520_ci,
  `created_at_gmt` datetime NOT NULL,
  `updated_at_gmt` datetime NOT NULL,
  `created_at` datetime NOT NULL,
  `updated_at` datetime NOT NULL
) ENGINE=InnoDB DEFAULT CHARSET=utf8mb4 COLLATE=utf8mb4_unicode_520_ci;

-- --------------------------------------------------------

--
-- Table structure for table `wpqa_e_submissions_actions_log`
--

CREATE TABLE `wpqa_e_submissions_actions_log` (
  `id` bigint(20) UNSIGNED NOT NULL,
  `submission_id` bigint(20) UNSIGNED NOT NULL,
  `action_name` varchar(60) COLLATE utf8mb4_unicode_520_ci NOT NULL,
  `action_label` varchar(60) COLLATE utf8mb4_unicode_520_ci DEFAULT NULL,
  `status` varchar(20) COLLATE utf8mb4_unicode_520_ci NOT NULL,
  `log` text COLLATE utf8mb4_unicode_520_ci,
  `created_at_gmt` datetime NOT NULL,
  `updated_at_gmt` datetime NOT NULL,
  `created_at` datetime NOT NULL,
  `updated_at` datetime NOT NULL
) ENGINE=InnoDB DEFAULT CHARSET=utf8mb4 COLLATE=utf8mb4_unicode_520_ci;

-- --------------------------------------------------------

--
-- Table structure for table `wpqa_e_submissions_values`
--

CREATE TABLE `wpqa_e_submissions_values` (
  `id` bigint(20) UNSIGNED NOT NULL,
  `submission_id` bigint(20) UNSIGNED NOT NULL DEFAULT '0',
  `key` varchar(60) COLLATE utf8mb4_unicode_520_ci DEFAULT NULL,
  `value` longtext COLLATE utf8mb4_unicode_520_ci
) ENGINE=InnoDB DEFAULT CHARSET=utf8mb4 COLLATE=utf8mb4_unicode_520_ci;

-- --------------------------------------------------------

--
-- Table structure for table `wpqa_frmt_form_entry`
--

CREATE TABLE `wpqa_frmt_form_entry` (
  `entry_id` bigint(20) UNSIGNED NOT NULL,
  `entry_type` varchar(191) COLLATE utf8mb4_unicode_520_ci NOT NULL,
  `draft_id` varchar(12) COLLATE utf8mb4_unicode_520_ci DEFAULT NULL,
  `form_id` bigint(20) UNSIGNED NOT NULL,
  `is_spam` tinyint(1) NOT NULL DEFAULT '0',
  `date_created` datetime NOT NULL DEFAULT '0000-00-00 00:00:00'
) ENGINE=InnoDB DEFAULT CHARSET=utf8mb4 COLLATE=utf8mb4_unicode_520_ci;

-- --------------------------------------------------------

--
-- Table structure for table `wpqa_frmt_form_entry_meta`
--

CREATE TABLE `wpqa_frmt_form_entry_meta` (
  `meta_id` bigint(20) UNSIGNED NOT NULL,
  `entry_id` bigint(20) UNSIGNED NOT NULL,
  `meta_key` varchar(191) COLLATE utf8mb4_unicode_520_ci DEFAULT NULL,
  `meta_value` longtext COLLATE utf8mb4_unicode_520_ci,
  `date_created` datetime NOT NULL DEFAULT '0000-00-00 00:00:00',
  `date_updated` datetime NOT NULL DEFAULT '0000-00-00 00:00:00'
) ENGINE=InnoDB DEFAULT CHARSET=utf8mb4 COLLATE=utf8mb4_unicode_520_ci;

-- --------------------------------------------------------

--
-- Table structure for table `wpqa_frmt_form_reports`
--

CREATE TABLE `wpqa_frmt_form_reports` (
  `report_id` bigint(20) UNSIGNED NOT NULL,
  `report_value` longtext COLLATE utf8mb4_unicode_520_ci NOT NULL,
  `status` varchar(200) COLLATE utf8mb4_unicode_520_ci NOT NULL,
  `date_created` datetime NOT NULL DEFAULT '0000-00-00 00:00:00',
  `date_updated` datetime NOT NULL DEFAULT '0000-00-00 00:00:00'
) ENGINE=InnoDB DEFAULT CHARSET=utf8mb4 COLLATE=utf8mb4_unicode_520_ci;

--
-- Dumping data for table `wpqa_frmt_form_reports`
--

INSERT INTO `wpqa_frmt_form_reports` (`report_id`, `report_value`, `status`, `date_created`, `date_updated`) VALUES
(1, 'a:5:{s:7:\"exclude\";a:1:{i:0;i:1;}s:8:\"settings\";a:3:{s:5:\"label\";s:12:\"Form reports\";s:6:\"module\";s:5:\"forms\";s:10:\"forms_type\";s:3:\"all\";}s:8:\"schedule\";a:3:{s:9:\"frequency\";s:7:\"monthly\";s:8:\"monthDay\";s:1:\"4\";s:9:\"monthTime\";s:8:\"04:00 AM\";}s:13:\"report_status\";s:8:\"inactive\";s:10:\"recipients\";a:1:{i:0;a:5:{s:2:\"id\";i:1;s:4:\"name\";s:5:\"admin\";s:5:\"email\";s:26:\"admin@intranet.farenet.com\";s:4:\"role\";s:13:\"Administrator\";s:6:\"avatar\";s:81:\"https://secure.gravatar.com/avatar/7532c609471b3efb79511e519dd4f334?s=96&d=mm&r=g\";}}}', 'inactive', '2023-03-20 22:46:11', '2023-03-20 22:46:11');

-- --------------------------------------------------------

--
-- Table structure for table `wpqa_frmt_form_views`
--

CREATE TABLE `wpqa_frmt_form_views` (
  `view_id` bigint(20) UNSIGNED NOT NULL,
  `form_id` bigint(20) UNSIGNED NOT NULL,
  `page_id` bigint(20) UNSIGNED NOT NULL,
  `ip` varchar(191) COLLATE utf8mb4_unicode_520_ci DEFAULT NULL,
  `count` mediumint(8) UNSIGNED NOT NULL DEFAULT '1',
  `date_created` datetime NOT NULL DEFAULT '0000-00-00 00:00:00',
  `date_updated` datetime NOT NULL DEFAULT '0000-00-00 00:00:00'
) ENGINE=InnoDB DEFAULT CHARSET=utf8mb4 COLLATE=utf8mb4_unicode_520_ci;

-- --------------------------------------------------------

--
-- Table structure for table `wpqa_links`
--

CREATE TABLE `wpqa_links` (
  `link_id` bigint(20) UNSIGNED NOT NULL,
  `link_url` varchar(255) NOT NULL DEFAULT '',
  `link_name` varchar(255) NOT NULL DEFAULT '',
  `link_image` varchar(255) NOT NULL DEFAULT '',
  `link_target` varchar(25) NOT NULL DEFAULT '',
  `link_description` varchar(255) NOT NULL DEFAULT '',
  `link_visible` varchar(20) NOT NULL DEFAULT 'Y',
  `link_owner` bigint(20) UNSIGNED NOT NULL DEFAULT '1',
  `link_rating` int(11) NOT NULL DEFAULT '0',
  `link_updated` datetime NOT NULL DEFAULT '0000-00-00 00:00:00',
  `link_rel` varchar(255) NOT NULL DEFAULT '',
  `link_notes` mediumtext NOT NULL,
  `link_rss` varchar(255) NOT NULL DEFAULT ''
) ENGINE=InnoDB DEFAULT CHARSET=utf8;

-- --------------------------------------------------------

--
-- Table structure for table `wpqa_litespeed_url`
--

CREATE TABLE `wpqa_litespeed_url` (
  `id` bigint(20) NOT NULL,
  `url` varchar(500) COLLATE utf8mb4_unicode_520_ci NOT NULL,
  `cache_tags` varchar(1000) COLLATE utf8mb4_unicode_520_ci NOT NULL DEFAULT ''
) ENGINE=InnoDB DEFAULT CHARSET=utf8mb4 COLLATE=utf8mb4_unicode_520_ci;

-- --------------------------------------------------------

--
-- Table structure for table `wpqa_litespeed_url_file`
--

CREATE TABLE `wpqa_litespeed_url_file` (
  `id` bigint(20) NOT NULL,
  `url_id` bigint(20) NOT NULL,
  `vary` varchar(32) CHARACTER SET utf8mb4 COLLATE utf8mb4_unicode_ci NOT NULL DEFAULT '' COMMENT 'md5 of final vary',
  `filename` varchar(32) CHARACTER SET utf8mb4 COLLATE utf8mb4_unicode_ci NOT NULL DEFAULT '' COMMENT 'md5 of file content',
  `type` tinyint(4) NOT NULL COMMENT 'css=1,js=2,ccss=3,ucss=4',
  `mobile` tinyint(4) NOT NULL COMMENT 'mobile=1',
  `webp` tinyint(4) NOT NULL COMMENT 'webp=1',
  `expired` int(11) NOT NULL DEFAULT '0'
) ENGINE=InnoDB DEFAULT CHARSET=utf8mb4 COLLATE=utf8mb4_unicode_520_ci;

-- --------------------------------------------------------

--
-- Table structure for table `wpqa_nextend2_image_storage`
--

CREATE TABLE `wpqa_nextend2_image_storage` (
  `id` int(11) NOT NULL,
  `hash` varchar(32) COLLATE utf8mb4_unicode_520_ci NOT NULL,
  `image` text COLLATE utf8mb4_unicode_520_ci NOT NULL,
  `value` mediumtext COLLATE utf8mb4_unicode_520_ci NOT NULL
) ENGINE=InnoDB DEFAULT CHARSET=utf8mb4 COLLATE=utf8mb4_unicode_520_ci;

-- --------------------------------------------------------

--
-- Table structure for table `wpqa_nextend2_section_storage`
--

CREATE TABLE `wpqa_nextend2_section_storage` (
  `id` int(11) NOT NULL,
  `application` varchar(20) COLLATE utf8mb4_unicode_520_ci NOT NULL,
  `section` varchar(128) COLLATE utf8mb4_unicode_520_ci NOT NULL,
  `referencekey` varchar(128) COLLATE utf8mb4_unicode_520_ci NOT NULL,
  `value` mediumtext COLLATE utf8mb4_unicode_520_ci NOT NULL,
  `isSystem` int(11) NOT NULL DEFAULT '0',
  `editable` int(11) NOT NULL DEFAULT '1'
) ENGINE=InnoDB DEFAULT CHARSET=utf8mb4 COLLATE=utf8mb4_unicode_520_ci;

--
-- Dumping data for table `wpqa_nextend2_section_storage`
--

INSERT INTO `wpqa_nextend2_section_storage` (`id`, `application`, `section`, `referencekey`, `value`, `isSystem`, `editable`) VALUES
(10000, 'smartslider', 'settings', '', '{\"n2_ss3_version\":\"3.5.1.19\\/b:release-3.5.1.19\\/r:4e06d1a7c4bae6a4e54c585b3749e7c169b51386\"}', 0, 1);

-- --------------------------------------------------------

--
-- Table structure for table `wpqa_nextend2_smartslider3_generators`
--

CREATE TABLE `wpqa_nextend2_smartslider3_generators` (
  `id` int(11) NOT NULL,
  `group` varchar(254) COLLATE utf8mb4_unicode_520_ci NOT NULL,
  `type` varchar(254) COLLATE utf8mb4_unicode_520_ci NOT NULL,
  `params` text COLLATE utf8mb4_unicode_520_ci NOT NULL
) ENGINE=InnoDB DEFAULT CHARSET=utf8mb4 COLLATE=utf8mb4_unicode_520_ci;

-- --------------------------------------------------------

--
-- Table structure for table `wpqa_nextend2_smartslider3_sliders`
--

CREATE TABLE `wpqa_nextend2_smartslider3_sliders` (
  `id` int(11) NOT NULL,
  `alias` text COLLATE utf8mb4_unicode_520_ci,
  `title` text COLLATE utf8mb4_unicode_520_ci NOT NULL,
  `type` varchar(30) COLLATE utf8mb4_unicode_520_ci NOT NULL,
  `params` mediumtext COLLATE utf8mb4_unicode_520_ci NOT NULL,
  `slider_status` varchar(50) COLLATE utf8mb4_unicode_520_ci NOT NULL DEFAULT 'published',
  `time` datetime NOT NULL,
  `thumbnail` text COLLATE utf8mb4_unicode_520_ci NOT NULL,
  `ordering` int(11) NOT NULL DEFAULT '0'
) ENGINE=InnoDB DEFAULT CHARSET=utf8mb4 COLLATE=utf8mb4_unicode_520_ci;

--
-- Dumping data for table `wpqa_nextend2_smartslider3_sliders`
--

INSERT INTO `wpqa_nextend2_smartslider3_sliders` (`id`, `alias`, `title`, `type`, `params`, `slider_status`, `time`, `thumbnail`, `ordering`) VALUES
(1, NULL, 'Tutorial Slider', 'simple', '{\"aria-label\":\"Slider\",\"alias-id\":\"\",\"alias-smoothscroll\":\"\",\"alias-slideswitch\":\"\",\"background\":\"\",\"background-fixed\":\"0\",\"background-size\":\"cover\",\"background-color\":\"FFFFFF00\",\"backgroundVideoMp4\":\"\",\"backgroundVideoMuted\":\"1\",\"backgroundVideoLoop\":\"1\",\"backgroundVideoMode\":\"fill\",\"align\":\"normal\",\"margin\":\"0|*|0|*|0|*|0\",\"padding\":\"0|*|0|*|0|*|0\",\"perspective\":\"1000\",\"border-width\":\"0\",\"border-color\":\"3E3E3Eff\",\"border-radius\":\"0\",\"slider-preset\":\"\",\"slider-css\":\"\",\"width\":\"1200\",\"height\":\"600\",\"mobileportrait\":\"1\",\"mobilelandscape\":\"1\",\"tabletportrait\":\"1\",\"tabletlandscape\":\"1\",\"desktopportrait\":\"1\",\"desktoplandscape\":\"1\",\"responsiveLimitSlideWidth\":\"1\",\"responsiveSlideWidthDesktopLandscape\":\"0\",\"responsiveSlideWidthMaxDesktopLandscape\":\"1600\",\"responsiveSlideWidth\":\"0\",\"responsiveSlideWidthMax\":\"3000\",\"responsiveSlideWidthTabletLandscape\":\"0\",\"responsiveSlideWidthMaxTabletLandscape\":\"1200\",\"responsiveSlideWidthTablet\":\"0\",\"responsiveSlideWidthMaxTablet\":\"3000\",\"responsiveSlideWidthMobileLandscape\":\"0\",\"responsiveSlideWidthMaxMobileLandscape\":\"740\",\"responsiveSlideWidthMobile\":\"0\",\"responsiveSlideWidthMaxMobile\":\"480\",\"responsive-breakpoint-desktop-portrait\":\"1440\",\"responsive-breakpoint-desktop-portrait-landscape\":\"1440\",\"responsive-breakpoint-tablet-landscape\":\"1300\",\"responsive-breakpoint-tablet-landscape-landscape\":\"1300\",\"responsive-breakpoint-tablet-portrait\":\"1199\",\"responsive-breakpoint-tablet-portrait-landscape\":\"1199\",\"responsive-breakpoint-mobile-landscape\":\"900\",\"responsive-breakpoint-mobile-landscape-landscape\":\"1050\",\"responsive-breakpoint-mobile-portrait\":\"700\",\"responsive-breakpoint-mobile-portrait-landscape\":\"900\",\"responsive-breakpoint-desktop-landscape-enabled\":\"0\",\"responsive-breakpoint-tablet-landscape-enabled\":\"0\",\"responsive-breakpoint-tablet-portrait-enabled\":\"1\",\"responsive-breakpoint-mobile-landscape-enabled\":\"0\",\"responsive-breakpoint-mobile-portrait-enabled\":\"1\",\"responsive-breakpoint-global\":\"0\",\"breakpoints-orientation\":\"portrait\",\"responsive-mode\":\"fullwidth\",\"responsiveSliderHeightMin\":\"0\",\"responsiveForceFull\":\"1\",\"responsiveForceFullOverflowX\":\"body\",\"responsiveForceFullHorizontalSelector\":\"body\",\"slider-size-override\":\"0\",\"slider-size-override-mobile-portrait\":\"0\",\"mobile-portrait-width\":\"320\",\"mobile-portrait-height\":\"568\",\"slider-size-override-mobile-landscape\":\"0\",\"mobile-landscape-width\":\"568\",\"mobile-landscape-height\":\"320\",\"slider-size-override-tablet-portrait\":\"0\",\"tablet-portrait-width\":\"768\",\"tablet-portrait-height\":\"1024\",\"slider-size-override-tablet-landscape\":\"0\",\"tablet-landscape-width\":\"1024\",\"tablet-landscape-height\":\"768\",\"slider-size-override-desktop-landscape\":\"0\",\"desktop-landscape-width\":\"1440\",\"desktop-landscape-height\":\"900\",\"controlsTouch\":\"horizontal\",\"controlsScroll\":\"0\",\"controlsKeyboard\":\"1\",\"widget-arrow-enabled\":\"0\",\"widgetarrow\":\"imageEmpty\",\"widget-arrow-previous\":\"thin-horizontal.svg\",\"widget-arrow-previous-image\":\"\",\"widget-arrow-previous-color\":\"ffffffcc\",\"widget-arrow-previous-hover\":\"1\",\"widget-arrow-previous-hover-color\":\"ffffffff\",\"widget-arrow-mirror\":\"1\",\"widget-arrow-next\":\"thin-horizontal.svg\",\"widget-arrow-next-image\":\"\",\"widget-arrow-next-color\":\"ffffffcc\",\"widget-arrow-next-hover\":\"0\",\"widget-arrow-next-hover-color\":\"ffffffcc\",\"widget-arrow-style\":\"\",\"widget-arrow-previous-position-mode\":\"simple\",\"widget-arrow-previous-position-area\":\"6\",\"widget-arrow-previous-position-stack\":\"1\",\"widget-arrow-previous-position-offset\":\"15\",\"widget-arrow-previous-position-horizontal\":\"left\",\"widget-arrow-previous-position-horizontal-position\":\"0\",\"widget-arrow-previous-position-horizontal-unit\":\"px\",\"widget-arrow-previous-position-vertical\":\"top\",\"widget-arrow-previous-position-vertical-position\":\"0\",\"widget-arrow-previous-position-vertical-unit\":\"px\",\"widget-arrow-next-position-mode\":\"simple\",\"widget-arrow-next-position-area\":\"7\",\"widget-arrow-next-position-stack\":\"1\",\"widget-arrow-next-position-offset\":\"15\",\"widget-arrow-next-position-horizontal\":\"left\",\"widget-arrow-next-position-horizontal-position\":\"0\",\"widget-arrow-next-position-horizontal-unit\":\"px\",\"widget-arrow-next-position-vertical\":\"top\",\"widget-arrow-next-position-vertical-position\":\"0\",\"widget-arrow-next-position-vertical-unit\":\"px\",\"widget-arrow-animation\":\"fade\",\"widget-arrow-previous-alt\":\"previous arrow\",\"widget-arrow-next-alt\":\"next arrow\",\"widget-arrow-base64\":\"1\",\"widget-arrow-display-hover\":\"0\",\"widget-arrow-display-mobileportrait\":\"0\",\"widget-arrow-display-mobilelandscape\":\"0\",\"widget-arrow-display-tabletportrait\":\"1\",\"widget-arrow-display-tabletlandscape\":\"1\",\"widget-arrow-display-desktopportrait\":\"1\",\"widget-arrow-display-desktoplandscape\":\"1\",\"widget-arrow-exclude-slides\":\"\",\"widget-bullet-enabled\":\"1\",\"widgetbullet\":\"transition\",\"widget-bullet-position-mode\":\"simple\",\"widget-bullet-position-area\":\"10\",\"widget-bullet-position-stack\":\"1\",\"widget-bullet-position-offset\":\"5\",\"widget-bullet-position-horizontal\":\"left\",\"widget-bullet-position-horizontal-position\":\"0\",\"widget-bullet-position-horizontal-unit\":\"px\",\"widget-bullet-position-vertical\":\"top\",\"widget-bullet-position-vertical-position\":\"0\",\"widget-bullet-position-vertical-unit\":\"px\",\"widget-bullet-action\":\"click\",\"widget-bullet-style\":\"{\\\"data\\\":[{\\\"backgroundcolor\\\":\\\"00000000\\\",\\\"opacity\\\":100,\\\"padding\\\":\\\"5|*|5|*|5|*|5|*|px\\\",\\\"boxshadow\\\":\\\"0|*|0|*|0|*|0|*|000000ff\\\",\\\"border\\\":\\\"2|*|solid|*|ffffffcc\\\",\\\"borderradius\\\":\\\"50\\\",\\\"extra\\\":\\\"margin: 4px;\\\"},{\\\"extra\\\":\\\"\\\",\\\"backgroundcolor\\\":\\\"ffffffcc\\\",\\\"border\\\":\\\"2|*|solid|*|ffffffcc\\\"}]}\",\"widget-bullet-bar\":\"\",\"widget-bullet-bar-full-size\":\"0\",\"widget-bullet-align\":\"center\",\"widget-bullet-orientation\":\"auto\",\"widget-bullet-thumbnail-show-image\":\"0\",\"widget-bullet-thumbnail-width\":\"60\",\"widget-bullet-thumbnail-height\":\"60\",\"widget-bullet-thumbnail-style\":\"{\\\"data\\\":[{\\\"backgroundcolor\\\":\\\"00000080\\\",\\\"padding\\\":\\\"3|*|3|*|3|*|3|*|px\\\",\\\"boxshadow\\\":\\\"0|*|0|*|0|*|0|*|000000ff\\\",\\\"border\\\":\\\"0|*|solid|*|000000ff\\\",\\\"borderradius\\\":\\\"3\\\",\\\"extra\\\":\\\"margin: 5px;\\\"}]}\",\"widget-bullet-thumbnail-side\":\"before\",\"widget-bullet-display-hover\":\"0\",\"widget-bullet-display-mobileportrait\":\"1\",\"widget-bullet-display-mobilelandscape\":\"1\",\"widget-bullet-display-tabletportrait\":\"1\",\"widget-bullet-display-tabletlandscape\":\"1\",\"widget-bullet-display-desktopportrait\":\"1\",\"widget-bullet-display-desktoplandscape\":\"1\",\"widget-bullet-exclude-slides\":\"\",\"widget-bar-enabled\":\"0\",\"widgetbar\":\"horizontal\",\"widget-bar-position-mode\":\"simple\",\"widget-bar-position-area\":\"10\",\"widget-bar-position-stack\":\"1\",\"widget-bar-position-offset\":\"30\",\"widget-bar-position-horizontal\":\"left\",\"widget-bar-position-horizontal-position\":\"0\",\"widget-bar-position-horizontal-unit\":\"px\",\"widget-bar-position-vertical\":\"top\",\"widget-bar-position-vertical-position\":\"0\",\"widget-bar-position-vertical-unit\":\"px\",\"widget-bar-animate\":\"0\",\"widget-bar-style\":\"{\\\"data\\\":[{\\\"backgroundcolor\\\":\\\"000000ab\\\",\\\"padding\\\":\\\"5|*|20|*|5|*|20|*|px\\\",\\\"boxshadow\\\":\\\"0|*|0|*|0|*|0|*|000000ff\\\",\\\"border\\\":\\\"0|*|solid|*|000000ff\\\",\\\"borderradius\\\":\\\"40\\\",\\\"extra\\\":\\\"\\\"}]}\",\"widget-bar-show-title\":\"1\",\"widget-bar-font-title\":\"{\\\"data\\\":[{\\\"color\\\":\\\"ffffffff\\\",\\\"size\\\":\\\"14||px\\\",\\\"tshadow\\\":\\\"0|*|0|*|0|*|000000c7\\\",\\\"afont\\\":\\\"Montserrat\\\",\\\"lineheight\\\":\\\"1.3\\\",\\\"bold\\\":0,\\\"italic\\\":0,\\\"underline\\\":0,\\\"align\\\":\\\"left\\\",\\\"extra\\\":\\\"vertical-align: middle;\\\"},{\\\"color\\\":\\\"fc2828ff\\\",\\\"afont\\\":\\\"google(@import url(http://fonts.googleapis.com/css?family=Raleway);),Arial\\\",\\\"size\\\":\\\"25||px\\\"},{}]}\",\"widget-bar-show-description\":\"1\",\"widget-bar-font-description\":\"{\\\"data\\\":[{\\\"color\\\":\\\"ffffffff\\\",\\\"size\\\":\\\"14||px\\\",\\\"tshadow\\\":\\\"0|*|0|*|0|*|000000c7\\\",\\\"afont\\\":\\\"Montserrat\\\",\\\"lineheight\\\":\\\"1.3\\\",\\\"bold\\\":0,\\\"italic\\\":1,\\\"underline\\\":0,\\\"align\\\":\\\"left\\\",\\\"extra\\\":\\\"vertical-align: middle;\\\"},{\\\"color\\\":\\\"fc2828ff\\\",\\\"afont\\\":\\\"Raleway,Arial\\\",\\\"size\\\":\\\"25||px\\\"},{}]}\",\"widget-bar-slide-count\":\"0\",\"widget-bar-width\":\"100%\",\"widget-bar-full-width\":\"0\",\"widget-bar-separator\":\" - \",\"widget-bar-align\":\"center\",\"widget-bar-display-hover\":\"0\",\"widget-bar-display-mobileportrait\":\"1\",\"widget-bar-display-mobilelandscape\":\"1\",\"widget-bar-display-tabletportrait\":\"1\",\"widget-bar-display-tabletlandscape\":\"1\",\"widget-bar-display-desktopportrait\":\"1\",\"widget-bar-display-desktoplandscape\":\"1\",\"widget-bar-exclude-slides\":\"\",\"widget-thumbnail-enabled\":\"0\",\"widgetthumbnail\":\"default\",\"widget-thumbnail-show-image\":\"1\",\"widget-thumbnail-width\":\"100\",\"widget-thumbnail-height\":\"60\",\"widget-thumbnail-position-mode\":\"simple\",\"widget-thumbnail-position-area\":\"12\",\"widget-thumbnail-position-stack\":\"1\",\"widget-thumbnail-position-offset\":\"0\",\"widget-thumbnail-position-horizontal\":\"left\",\"widget-thumbnail-position-horizontal-position\":\"0\",\"widget-thumbnail-position-horizontal-unit\":\"px\",\"widget-thumbnail-position-vertical\":\"top\",\"widget-thumbnail-position-vertical-position\":\"0\",\"widget-thumbnail-position-vertical-unit\":\"px\",\"widget-thumbnail-action\":\"click\",\"widget-thumbnail-align-content\":\"start\",\"widget-thumbnail-style-bar\":\"{\\\"data\\\":[{\\\"backgroundcolor\\\":\\\"242424ff\\\",\\\"padding\\\":\\\"3|*|3|*|3|*|3|*|px\\\",\\\"boxshadow\\\":\\\"0|*|0|*|0|*|0|*|000000ff\\\",\\\"border\\\":\\\"0|*|solid|*|000000ff\\\",\\\"borderradius\\\":\\\"0\\\",\\\"extra\\\":\\\"\\\"}]}\",\"widget-thumbnail-style-slides\":\"{\\\"data\\\":[{\\\"backgroundcolor\\\":\\\"00000000\\\",\\\"padding\\\":\\\"0|*|0|*|0|*|0|*|px\\\",\\\"boxshadow\\\":\\\"0|*|0|*|0|*|0|*|000000ff\\\",\\\"border\\\":\\\"0|*|solid|*|ffffff00\\\",\\\"borderradius\\\":\\\"0\\\",\\\"opacity\\\":\\\"40\\\",\\\"extra\\\":\\\"margin: 3px;\\ntransition: all 0.4s;\\nbackground-size: cover;\\\"},{\\\"border\\\":\\\"0|*|solid|*|ffffffcc\\\",\\\"opacity\\\":\\\"100\\\",\\\"extra\\\":\\\"\\\"}]}\",\"widget-thumbnail-title-style\":\"{\\\"data\\\":[{\\\"backgroundcolor\\\":\\\"000000ab\\\",\\\"padding\\\":\\\"3|*|10|*|3|*|10|*|px\\\",\\\"boxshadow\\\":\\\"0|*|0|*|0|*|0|*|000000ff\\\",\\\"border\\\":\\\"0|*|solid|*|000000ff\\\",\\\"borderradius\\\":\\\"0\\\",\\\"extra\\\":\\\"bottom: 0;\\nleft: 0;\\\"}]}\",\"widget-thumbnail-title\":\"0\",\"widget-thumbnail-title-font\":\"{\\\"data\\\":[{\\\"color\\\":\\\"ffffffff\\\",\\\"size\\\":\\\"12||px\\\",\\\"tshadow\\\":\\\"0|*|0|*|0|*|000000ab\\\",\\\"afont\\\":\\\"Montserrat\\\",\\\"lineheight\\\":\\\"1.2\\\",\\\"bold\\\":0,\\\"italic\\\":0,\\\"underline\\\":0,\\\"align\\\":\\\"left\\\"},{\\\"color\\\":\\\"fc2828ff\\\",\\\"afont\\\":\\\"google(@import url(http://fonts.googleapis.com/css?family=Raleway);),Arial\\\",\\\"size\\\":\\\"25||px\\\"},{}]}\",\"widget-thumbnail-description\":\"0\",\"widget-thumbnail-description-font\":\"{\\\"data\\\":[{\\\"color\\\":\\\"ffffffff\\\",\\\"size\\\":\\\"12||px\\\",\\\"tshadow\\\":\\\"0|*|0|*|0|*|000000ab\\\",\\\"afont\\\":\\\"Montserrat\\\",\\\"lineheight\\\":\\\"1.3\\\",\\\"bold\\\":0,\\\"italic\\\":0,\\\"underline\\\":0,\\\"align\\\":\\\"left\\\"},{\\\"color\\\":\\\"fc2828ff\\\",\\\"afont\\\":\\\"google(@import url(http://fonts.googleapis.com/css?family=Raleway);),Arial\\\",\\\"size\\\":\\\"25||px\\\"},{}]}\",\"widget-thumbnail-caption-placement\":\"overlay\",\"widget-thumbnail-caption-size\":\"100\",\"widget-thumbnail-arrow\":\"1\",\"widget-thumbnail-arrow-width\":\"26\",\"widget-thumbnail-arrow-offset\":\"0\",\"widget-thumbnail-arrow-prev-alt\":\"previous arrow\",\"widget-thumbnail-arrow-next-alt\":\"next arrow\",\"widget-thumbnail-arrow-image\":\"\",\"widget-thumbnail-group\":\"1\",\"widget-thumbnail-invert-group-direction\":\"0\",\"widget-thumbnail-orientation\":\"auto\",\"widget-thumbnail-size\":\"100%\",\"widget-thumbnail-display-hover\":\"0\",\"widget-thumbnail-display-mobileportrait\":\"1\",\"widget-thumbnail-display-mobilelandscape\":\"1\",\"widget-thumbnail-display-tabletportrait\":\"1\",\"widget-thumbnail-display-tabletlandscape\":\"1\",\"widget-thumbnail-display-desktopportrait\":\"1\",\"widget-thumbnail-display-desktoplandscape\":\"1\",\"widget-thumbnail-exclude-slides\":\"\",\"widget-shadow-enabled\":\"0\",\"widgetshadow\":\"shadow\",\"widget-shadow-shadow\":\"dark.png\",\"widget-shadow-shadow-image\":\"\",\"widget-shadow-width\":\"100%\",\"widget-shadow-display-mobileportrait\":\"1\",\"widget-shadow-display-mobilelandscape\":\"1\",\"widget-shadow-display-tabletportrait\":\"1\",\"widget-shadow-display-tabletlandscape\":\"1\",\"widget-shadow-display-desktopportrait\":\"1\",\"widget-shadow-display-desktoplandscape\":\"1\",\"widget-shadow-exclude-slides\":\"\",\"widget-fullscreen-enabled\":\"0\",\"widgetfullscreen\":\"image\",\"widget-fullscreen-tonormal\":\"full1.svg\",\"widget-fullscreen-tonormal-image\":\"\",\"widget-fullscreen-tonormal-color\":\"ffffffcc\",\"widget-fullscreen-mirror\":\"1\",\"widget-fullscreen-tofull\":\"full1.svg\",\"widget-fullscreen-tofull-image\":\"\",\"widget-fullscreen-tofull-color\":\"ffffffcc\",\"widget-fullscreen-style\":\"{\\\"data\\\":[{\\\"backgroundcolor\\\":\\\"000000ab\\\",\\\"padding\\\":\\\"10|*|10|*|10|*|10|*|px\\\",\\\"boxshadow\\\":\\\"0|*|0|*|0|*|0|*|000000ff\\\",\\\"border\\\":\\\"0|*|solid|*|000000ff\\\",\\\"borderradius\\\":\\\"3\\\",\\\"extra\\\":\\\"\\\"},{\\\"backgroundcolor\\\":\\\"000000ab\\\"}]}\",\"widget-fullscreen-position-mode\":\"simple\",\"widget-fullscreen-position-area\":\"4\",\"widget-fullscreen-position-stack\":\"1\",\"widget-fullscreen-position-offset\":\"15\",\"widget-fullscreen-position-horizontal\":\"left\",\"widget-fullscreen-position-horizontal-position\":\"0\",\"widget-fullscreen-position-horizontal-unit\":\"px\",\"widget-fullscreen-position-vertical\":\"top\",\"widget-fullscreen-position-vertical-position\":\"0\",\"widget-fullscreen-position-vertical-unit\":\"px\",\"widget-fullscreen-responsive-desktop\":\"1\",\"widget-fullscreen-responsive-tablet\":\"0.7\",\"widget-fullscreen-responsive-mobile\":\"0.5\",\"widget-fullscreen-display-hover\":\"0\",\"widget-fullscreen-display-mobileportrait\":\"1\",\"widget-fullscreen-display-mobilelandscape\":\"1\",\"widget-fullscreen-display-tabletportrait\":\"1\",\"widget-fullscreen-display-tabletlandscape\":\"1\",\"widget-fullscreen-display-desktopportrait\":\"1\",\"widget-fullscreen-display-desktoplandscape\":\"1\",\"widget-fullscreen-exclude-slides\":\"\",\"widget-html-enabled\":\"0\",\"widgethtml\":\"html\",\"widget-html-position-mode\":\"simple\",\"widget-html-position-area\":\"2\",\"widget-html-position-stack\":\"1\",\"widget-html-position-offset\":\"0\",\"widget-html-position-horizontal\":\"left\",\"widget-html-position-horizontal-position\":\"0\",\"widget-html-position-horizontal-unit\":\"px\",\"widget-html-position-vertical\":\"top\",\"widget-html-position-vertical-position\":\"0\",\"widget-html-position-vertical-unit\":\"px\",\"widget-html-code\":\"\",\"widget-html-display-hover\":\"0\",\"widget-html-display-mobileportrait\":\"1\",\"widget-html-display-mobilelandscape\":\"1\",\"widget-html-display-tabletportrait\":\"1\",\"widget-html-display-tabletlandscape\":\"1\",\"widget-html-display-desktopportrait\":\"1\",\"widget-html-display-desktoplandscape\":\"1\",\"widget-html-exclude-slides\":\"\",\"animation\":\"fade\",\"animation-duration\":\"500\",\"animation-delay\":\"0\",\"animation-easing\":\"easeOutQuad\",\"carousel\":\"1\",\"background-animation\":\"\",\"background-animation-color\":\"333333ff\",\"background-animation-speed\":\"normal\",\"animation-shifted-background-animation\":\"auto\",\"kenburns-animation\":\"50|*|50|*|\",\"kenburns-animation-speed\":\"default\",\"kenburns-animation-strength\":\"default\",\"shape-divider\":\"\",\"particle\":\"\",\"playfirstlayer\":\"1\",\"playonce\":\"0\",\"layer-animation-play-in\":\"end\",\"layer-animation-play-mode\":\"skippable\",\"parallax-enabled\":\"1\",\"parallax-enabled-mobile\":\"0\",\"parallax-3d\":\"0\",\"parallax-animate\":\"1\",\"parallax-horizontal\":\"mouse\",\"parallax-vertical\":\"mouse\",\"parallax-mouse-origin\":\"slider\",\"parallax-scroll-move\":\"both\",\"autoplay\":\"0\",\"autoplayDuration\":\"8000\",\"autoplayStart\":\"1\",\"autoplayAllowReStart\":\"0\",\"autoplayLoop\":\"1\",\"autoplayfinish\":\"1|*|loop|*|current\",\"loop-single-slide\":\"0\",\"autoplayStopClick\":\"1\",\"autoplayStopMouse\":\"0\",\"autoplayStopMedia\":\"1\",\"autoplayResumeClick\":\"0\",\"autoplayResumeMouse\":\"0\",\"autoplayResumeMedia\":\"1\",\"widget-autoplay-enabled\":\"0\",\"widgetautoplay\":\"image\",\"widget-autoplay-play\":\"small-light.svg\",\"widget-autoplay-play-image\":\"\",\"widget-autoplay-play-color\":\"ffffffcc\",\"widget-autoplay-style\":\"{\\\"data\\\":[{\\\"backgroundcolor\\\":\\\"000000ab\\\",\\\"padding\\\":\\\"10|*|10|*|10|*|10|*|px\\\",\\\"boxshadow\\\":\\\"0|*|0|*|0|*|0|*|000000ff\\\",\\\"border\\\":\\\"0|*|solid|*|000000ff\\\",\\\"borderradius\\\":\\\"3\\\",\\\"extra\\\":\\\"\\\"},{\\\"backgroundcolor\\\":\\\"000000ab\\\"}]}\",\"widget-autoplay-mirror\":\"1\",\"widget-autoplay-pause\":\"small-light.svg\",\"widget-autoplay-pause-image\":\"\",\"widget-autoplay-pause-color\":\"ffffffcc\",\"widget-autoplay-responsive-desktop\":\"1\",\"widget-autoplay-responsive-tablet\":\"0.7\",\"widget-autoplay-responsive-mobile\":\"0.5\",\"widget-autoplay-position-mode\":\"simple\",\"widget-autoplay-position-area\":\"4\",\"widget-autoplay-position-stack\":\"1\",\"widget-autoplay-position-offset\":\"15\",\"widget-autoplay-position-horizontal\":\"left\",\"widget-autoplay-position-horizontal-position\":\"0\",\"widget-autoplay-position-horizontal-unit\":\"px\",\"widget-autoplay-position-vertical\":\"top\",\"widget-autoplay-position-vertical-position\":\"0\",\"widget-autoplay-position-vertical-unit\":\"px\",\"widget-autoplay-display-hover\":\"0\",\"widget-autoplay-display-mobileportrait\":\"1\",\"widget-autoplay-display-mobilelandscape\":\"1\",\"widget-autoplay-display-tabletportrait\":\"1\",\"widget-autoplay-display-tabletlandscape\":\"1\",\"widget-autoplay-display-desktopportrait\":\"1\",\"widget-autoplay-display-desktoplandscape\":\"1\",\"widget-autoplay-exclude-slides\":\"\",\"widget-indicator-enabled\":\"0\",\"widgetindicator\":\"pie\",\"widget-indicator-position-mode\":\"simple\",\"widget-indicator-position-area\":\"4\",\"widget-indicator-position-stack\":\"1\",\"widget-indicator-position-offset\":\"15\",\"widget-indicator-position-horizontal\":\"left\",\"widget-indicator-position-horizontal-position\":\"0\",\"widget-indicator-position-horizontal-unit\":\"px\",\"widget-indicator-position-vertical\":\"top\",\"widget-indicator-position-vertical-position\":\"0\",\"widget-indicator-position-vertical-unit\":\"px\",\"widget-indicator-size\":\"25\",\"widget-indicator-thickness\":\"30\",\"widget-indicator-track\":\"000000ab\",\"widget-indicator-bar\":\"ffffffff\",\"widget-indicator-style\":\"\",\"widget-indicator-display-hover\":\"0\",\"widget-indicator-display-mobileportrait\":\"1\",\"widget-indicator-display-mobilelandscape\":\"1\",\"widget-indicator-display-tabletportrait\":\"1\",\"widget-indicator-display-tabletlandscape\":\"1\",\"widget-indicator-display-desktopportrait\":\"1\",\"widget-indicator-display-desktoplandscape\":\"1\",\"widget-indicator-exclude-slides\":\"\",\"imageload\":\"0\",\"imageloadNeighborSlides\":\"0\",\"optimize-scale\":\"0\",\"optimize-quality\":\"70\",\"optimize-thumbnail-scale\":\"0\",\"optimize-thumbnail-quality\":\"70\",\"optimize-slide-width-normal\":\"1920\",\"optimizeThumbnailWidth\":\"100\",\"optimizeThumbnailHeight\":\"60\",\"layer-image-optimize\":\"0\",\"layer-image-width-tablet\":\"800\",\"layer-image-width-mobile\":\"425\",\"layer-image-base64\":\"0\",\"layer-image-base64-size\":\"50\",\"slides-background-video-mobile\":\"1\",\"playWhenVisible\":\"1\",\"playWhenVisibleAt\":\"50\",\"dependency\":\"\",\"delay\":\"0\",\"is-delayed\":\"0\",\"backgroundMode\":\"fill\",\"slide-css\":\"\",\"randomize\":\"0\",\"randomizeFirst\":\"0\",\"randomize-cache\":\"1\",\"variations\":\"5\",\"reverse-slides\":\"0\",\"maximumslidecount\":\"1000\",\"maintain-session\":\"0\",\"global-lightbox\":\"0\",\"global-lightbox-label\":\"0\",\"slide-background-parallax\":\"0\",\"slide-background-parallax-strength\":\"50\",\"bg-parallax-tablet\":\"0\",\"bg-parallax-mobile\":\"0\",\"blockrightclick\":\"0\",\"controlsBlockCarouselInteraction\":\"1\",\"clear-both\":\"1\",\"clear-both-after\":\"1\",\"overflow-hidden-page\":\"0\",\"responsiveFocusUser\":\"1\",\"responsiveFocusEdge\":\"auto\",\"classes\":\"\",\"custom-css-codes\":\"\",\"callbacks\":\"\",\"related-posts\":\"\"}', 'published', '2020-02-25 13:53:41', 'https://smartslider3.com/wp-content/uploads/slider404/tutorialsliderthumbnail-1.png', 0);

-- --------------------------------------------------------

--
-- Table structure for table `wpqa_nextend2_smartslider3_sliders_xref`
--

CREATE TABLE `wpqa_nextend2_smartslider3_sliders_xref` (
  `group_id` int(11) NOT NULL,
  `slider_id` int(11) NOT NULL,
  `ordering` int(11) NOT NULL DEFAULT '0'
) ENGINE=InnoDB DEFAULT CHARSET=utf8mb4 COLLATE=utf8mb4_unicode_520_ci;

-- --------------------------------------------------------

--
-- Table structure for table `wpqa_nextend2_smartslider3_slides`
--

CREATE TABLE `wpqa_nextend2_smartslider3_slides` (
  `id` int(11) NOT NULL,
  `title` text COLLATE utf8mb4_unicode_520_ci,
  `slider` int(11) NOT NULL,
  `publish_up` datetime NOT NULL DEFAULT '1970-01-01 00:00:00',
  `publish_down` datetime NOT NULL DEFAULT '1970-01-01 00:00:00',
  `published` tinyint(1) NOT NULL,
  `first` int(11) NOT NULL,
  `slide` longtext COLLATE utf8mb4_unicode_520_ci,
  `description` text COLLATE utf8mb4_unicode_520_ci NOT NULL,
  `thumbnail` text COLLATE utf8mb4_unicode_520_ci,
  `params` text COLLATE utf8mb4_unicode_520_ci NOT NULL,
  `ordering` int(11) NOT NULL,
  `generator_id` int(11) NOT NULL
) ENGINE=InnoDB DEFAULT CHARSET=utf8mb4 COLLATE=utf8mb4_unicode_520_ci;

--
-- Dumping data for table `wpqa_nextend2_smartslider3_slides`
--

INSERT INTO `wpqa_nextend2_smartslider3_slides` (`id`, `title`, `slider`, `publish_up`, `publish_down`, `published`, `first`, `slide`, `description`, `thumbnail`, `params`, `ordering`, `generator_id`) VALUES
(1, 'Slide Background', 1, '1970-01-01 00:00:00', '1970-01-01 00:00:00', 1, 0, '[{\"type\":\"content\",\"pm\":\"default\",\"desktopportraitfontsize\":100,\"desktopportraitmaxwidth\":1120,\"desktopportraitinneralign\":\"inherit\",\"desktopportraitpadding\":\"0|*|0|*|0|*|0|*|px\",\"desktopportraitselfalign\":\"center\",\"opened\":1,\"id\":\"\",\"uniqueclass\":\"n-uc-IbNOabpfT5aE\",\"generatorvisible\":\"\",\"zindex\":2,\"class\":\"\",\"crop\":\"visible\",\"rotation\":0,\"parallax\":0,\"desktopportrait\":1,\"desktoplandscape\":1,\"tabletportrait\":1,\"tabletlandscape\":1,\"mobileportrait\":1,\"mobilelandscape\":1,\"bgimage\":\"\",\"bgimagex\":50,\"bgimagey\":50,\"bgcolor\":\"00000000\",\"bgcolorgradient\":\"off\",\"bgcolorgradientend\":\"00000000\",\"verticalalign\":\"center\",\"layers\":[{\"type\":\"row\",\"pm\":\"normal\",\"desktopportraitfontsize\":100,\"desktopportraitinneralign\":\"inherit\",\"desktopportraitpadding\":\"10|*|0|*|10|*|0|*|px\",\"desktopportraitgutter\":0,\"desktopportraitwrapafter\":0,\"desktopportraitmargin\":\"0|*|0|*|0|*|0|*|px\",\"desktopportraitheight\":0,\"desktopportraitmaxwidth\":0,\"desktopportraitselfalign\":\"inherit\",\"tabletportraitpadding\":\"10|*|0|*|10|*|0|*|px\",\"tabletportraitgutter\":20,\"mobileportraitpadding\":\"0|*|0|*|0|*|0|*|px\",\"mobileportraitgutter\":20,\"mobileportraitwrapafter\":1,\"mobileportraitmaxwidth\":400,\"mobilelandscapewrapafter\":1,\"opened\":1,\"id\":\"\",\"uniqueclass\":\"n-uc-dtwtw9DVCwgQ\",\"generatorvisible\":\"\",\"zindex\":2,\"class\":\"\",\"crop\":\"visible\",\"rotation\":0,\"parallax\":0,\"desktopportrait\":1,\"desktoplandscape\":1,\"tabletportrait\":1,\"tabletlandscape\":1,\"mobileportrait\":1,\"mobilelandscape\":1,\"href\":\"\",\"href-target\":\"_self\",\"bgimage\":\"\",\"bgimagex\":50,\"bgimagey\":50,\"bgcolor\":\"ffffff00\",\"bgcolorgradient\":\"off\",\"bgcolorgradientend\":\"00000000\",\"borderwidth\":\"1|*|1|*|1|*|1\",\"borderstyle\":\"none\",\"bordercolor\":\"FFFFFFFF\",\"borderradius\":0,\"boxshadow\":\"0|*|0|*|0|*|0|*|00000080\",\"fullwidth\":1,\"stretch\":0,\"name\":\"Row\",\"namesynced\":1,\"cols\":[{\"type\":\"col\",\"pm\":\"default\",\"desktopportraitfontsize\":100,\"desktopportraitmaxwidth\":0,\"desktopportraitinneralign\":\"left\",\"desktopportraitpadding\":\"10|*|10|*|10|*|10|*|px\",\"desktopportraitorder\":0,\"tabletportraitpadding\":\"10|*|0|*|10|*|0|*|px\",\"mobileportraitinneralign\":\"left\",\"mobileportraitpadding\":\"10|*|0|*|10|*|0|*|px\",\"mobileportraitorder\":2,\"opened\":1,\"id\":\"\",\"uniqueclass\":\"n-uc-Fjvyu081qJeK\",\"generatorvisible\":\"\",\"zindex\":2,\"class\":\"\",\"crop\":\"visible\",\"rotation\":0,\"parallax\":0,\"desktopportrait\":1,\"desktoplandscape\":1,\"tabletportrait\":1,\"tabletlandscape\":1,\"mobileportrait\":1,\"mobilelandscape\":1,\"bgimage\":\"\",\"bgimagex\":50,\"bgimagey\":50,\"bgcolor\":\"00000000\",\"bgcolorgradient\":\"off\",\"bgcolorgradientend\":\"00000000\",\"verticalalign\":\"center\",\"colwidth\":\"2/5\",\"href\":\"\",\"href-target\":\"_self\",\"borderradius\":0,\"boxshadow\":\"0|*|0|*|0|*|0|*|00000080\",\"borderwidth\":\"0|*|0|*|0|*|0\",\"borderstyle\":\"solid\",\"bordercolor\":\"ffffffff\",\"name\":\"Column\",\"namesynced\":1,\"layers\":[{\"type\":\"layer\",\"pm\":\"normal\",\"desktopportraitfontsize\":100,\"desktopportraitmargin\":\"0|*|0|*|0|*|0|*|px\",\"desktopportraitheight\":0,\"desktopportraitmaxwidth\":0,\"desktopportraitselfalign\":\"inherit\",\"tabletportraitfontsize\":80,\"mobileportraitfontsize\":60,\"id\":\"\",\"uniqueclass\":\"\",\"generatorvisible\":\"\",\"zindex\":2,\"class\":\"\",\"crop\":\"visible\",\"rotation\":0,\"parallax\":0,\"desktopportrait\":1,\"desktoplandscape\":1,\"tabletportrait\":1,\"tabletlandscape\":1,\"mobileportrait\":1,\"mobilelandscape\":1,\"name\":\"Jeans Store Interior\",\"namesynced\":1,\"item\":{\"type\":\"heading\",\"values\":{\"font\":\"{\\\"data\\\":[{\\\"extra\\\":\\\"\\\",\\\"color\\\":\\\"ffffffff\\\",\\\"size\\\":\\\"36||px\\\",\\\"tshadow\\\":\\\"0|*|0|*|0|*|000000ff\\\",\\\"afont\\\":\\\"Roboto\\\",\\\"lineheight\\\":\\\"1.2\\\",\\\"weight\\\":1,\\\"italic\\\":0,\\\"underline\\\":0,\\\"align\\\":\\\"inherit\\\",\\\"letterspacing\\\":\\\"normal\\\",\\\"wordspacing\\\":\\\"normal\\\",\\\"texttransform\\\":\\\"none\\\"},{\\\"extra\\\":\\\"\\\"}]}\",\"style\":\"\",\"priority\":\"div\",\"fullwidth\":\"1\",\"nowrap\":\"0\",\"heading\":\"01. Slide Background\",\"title\":\"\",\"href\":\"#\",\"href-target\":\"_self\",\"href-rel\":\"\",\"split-text-transform-origin\":\"50|*|50|*|0\",\"split-text-backface-visibility\":\"1\",\"split-text-animation-in\":\"\",\"split-text-delay-in\":\"0\",\"split-text-animation-out\":\"\",\"split-text-delay-out\":\"0\",\"class\":\"\"}}},{\"type\":\"layer\",\"pm\":\"normal\",\"desktopportraitfontsize\":100,\"desktopportraitmargin\":\"0|*|0|*|0|*|0|*|px\",\"desktopportraitheight\":0,\"desktopportraitmaxwidth\":0,\"desktopportraitselfalign\":\"inherit\",\"tabletportraitfontsize\":80,\"mobileportraitfontsize\":70,\"id\":\"\",\"uniqueclass\":\"\",\"generatorvisible\":\"\",\"zindex\":2,\"class\":\"\",\"crop\":\"visible\",\"rotation\":0,\"parallax\":0,\"desktopportrait\":1,\"desktoplandscape\":1,\"tabletportrait\":1,\"tabletlandscape\":1,\"mobileportrait\":1,\"mobilelandscape\":1,\"name\":\"Lorem ipsum dolor sit amet, consect\",\"namesynced\":1,\"item\":{\"type\":\"heading\",\"values\":{\"font\":\"{\\\"data\\\":[{\\\"extra\\\":\\\"\\\",\\\"color\\\":\\\"ffffffb0\\\",\\\"size\\\":\\\"24||px\\\",\\\"tshadow\\\":\\\"0|*|0|*|0|*|000000ff\\\",\\\"afont\\\":\\\"Roboto\\\",\\\"lineheight\\\":\\\"1.3\\\",\\\"weight\\\":300,\\\"italic\\\":0,\\\"underline\\\":0,\\\"align\\\":\\\"inherit\\\",\\\"letterspacing\\\":\\\"normal\\\",\\\"wordspacing\\\":\\\"normal\\\",\\\"texttransform\\\":\\\"none\\\"},{\\\"extra\\\":\\\"\\\"}]}\",\"style\":\"\",\"priority\":\"div\",\"fullwidth\":\"1\",\"nowrap\":\"0\",\"heading\":\"Every slide includes a background, which can be a picture or solid color.\",\"title\":\"\",\"href\":\"#\",\"href-target\":\"_self\",\"href-rel\":\"\",\"split-text-transform-origin\":\"50|*|50|*|0\",\"split-text-backface-visibility\":\"1\",\"split-text-animation-in\":\"\",\"split-text-delay-in\":\"0\",\"split-text-animation-out\":\"\",\"split-text-delay-out\":\"0\",\"class\":\"\"}}},{\"type\":\"layer\",\"pm\":\"normal\",\"desktopportraitfontsize\":100,\"desktopportraitmargin\":\"20|*|0|*|0|*|0|*|px\",\"desktopportraitheight\":0,\"desktopportraitmaxwidth\":0,\"desktopportraitselfalign\":\"inherit\",\"tabletportraitfontsize\":100,\"mobileportraitfontsize\":80,\"mobileportraitmargin\":\"10|*|0|*|0|*|0|*|px\",\"id\":\"\",\"uniqueclass\":\"\",\"generatorvisible\":\"\",\"zindex\":2,\"class\":\"\",\"crop\":\"visible\",\"rotation\":0,\"parallax\":0,\"desktopportrait\":1,\"desktoplandscape\":1,\"tabletportrait\":1,\"tabletlandscape\":1,\"mobileportrait\":1,\"mobilelandscape\":1,\"name\":\"Latest Project\",\"namesynced\":1,\"item\":{\"type\":\"heading\",\"values\":{\"font\":\"{\\\"data\\\":[{\\\"extra\\\":\\\"\\\",\\\"color\\\":\\\"ffffffdb\\\",\\\"size\\\":\\\"14||px\\\",\\\"tshadow\\\":\\\"0|*|0|*|0|*|000000ff\\\",\\\"afont\\\":\\\"Roboto\\\",\\\"lineheight\\\":\\\"1.5\\\",\\\"weight\\\":1,\\\"italic\\\":0,\\\"underline\\\":0,\\\"align\\\":\\\"inherit\\\",\\\"letterspacing\\\":\\\"1px\\\",\\\"wordspacing\\\":\\\"normal\\\",\\\"texttransform\\\":\\\"uppercase\\\"},{\\\"extra\\\":\\\"\\\"}]}\",\"style\":\"\",\"priority\":\"div\",\"fullwidth\":\"1\",\"nowrap\":\"0\",\"heading\":\"Step 1\",\"title\":\"\",\"href\":\"#\",\"href-target\":\"_self\",\"href-rel\":\"\",\"split-text-transform-origin\":\"50|*|50|*|0\",\"split-text-backface-visibility\":\"1\",\"split-text-animation-in\":\"\",\"split-text-delay-in\":\"0\",\"split-text-animation-out\":\"\",\"split-text-delay-out\":\"0\",\"class\":\"\"}}},{\"type\":\"layer\",\"pm\":\"normal\",\"desktopportraitfontsize\":100,\"desktopportraitmargin\":\"0|*|0|*|0|*|0|*|px\",\"desktopportraitheight\":0,\"desktopportraitmaxwidth\":0,\"desktopportraitselfalign\":\"inherit\",\"tabletportraitfontsize\":90,\"mobileportraitfontsize\":70,\"id\":\"\",\"uniqueclass\":\"\",\"generatorvisible\":\"\",\"zindex\":2,\"class\":\"\",\"crop\":\"visible\",\"rotation\":0,\"parallax\":0,\"desktopportrait\":1,\"desktoplandscape\":1,\"tabletportrait\":1,\"tabletlandscape\":1,\"mobileportrait\":1,\"mobilelandscape\":1,\"name\":\"Text\",\"namesynced\":1,\"item\":{\"type\":\"text\",\"values\":{\"font\":\"{\\\"data\\\":[{\\\"extra\\\":\\\"\\\",\\\"color\\\":\\\"ffffffb0\\\",\\\"size\\\":\\\"18||px\\\",\\\"tshadow\\\":\\\"0|*|0|*|0|*|000000ff\\\",\\\"afont\\\":\\\"Roboto\\\",\\\"lineheight\\\":\\\"1.6\\\",\\\"weight\\\":400,\\\"italic\\\":0,\\\"underline\\\":0,\\\"align\\\":\\\"inherit\\\",\\\"letterspacing\\\":\\\"normal\\\",\\\"wordspacing\\\":\\\"normal\\\",\\\"texttransform\\\":\\\"none\\\"},{\\\"extra\\\":\\\"\\\",\\\"color\\\":\\\"1890d7ff\\\"},{\\\"extra\\\":\\\"\\\",\\\"color\\\":\\\"1890d7ff\\\"}]}\",\"style\":\"\",\"content\":\"To change the background click on the label bar and in the layer window select the style tab.\",\"content-tablet-enabled\":\"0\",\"contenttablet\":\"\",\"content-mobile-enabled\":\"0\",\"contentmobile\":\"\"}}},{\"type\":\"layer\",\"pm\":\"normal\",\"desktopportraitfontsize\":100,\"desktopportraitmargin\":\"20|*|0|*|0|*|0|*|px\",\"desktopportraitheight\":0,\"desktopportraitmaxwidth\":0,\"desktopportraitselfalign\":\"inherit\",\"tabletportraitfontsize\":100,\"mobileportraitfontsize\":80,\"mobileportraitmargin\":\"10|*|0|*|0|*|0|*|px\",\"id\":\"\",\"uniqueclass\":\"\",\"generatorvisible\":\"\",\"zindex\":2,\"class\":\"\",\"crop\":\"visible\",\"rotation\":0,\"parallax\":0,\"desktopportrait\":1,\"desktoplandscape\":1,\"tabletportrait\":1,\"tabletlandscape\":1,\"mobileportrait\":1,\"mobilelandscape\":1,\"name\":\"Latest Project\",\"namesynced\":1,\"item\":{\"type\":\"heading\",\"values\":{\"font\":\"{\\\"data\\\":[{\\\"extra\\\":\\\"\\\",\\\"color\\\":\\\"ffffffdb\\\",\\\"size\\\":\\\"14||px\\\",\\\"tshadow\\\":\\\"0|*|0|*|0|*|000000ff\\\",\\\"afont\\\":\\\"Roboto\\\",\\\"lineheight\\\":\\\"1.5\\\",\\\"weight\\\":1,\\\"italic\\\":0,\\\"underline\\\":0,\\\"align\\\":\\\"inherit\\\",\\\"letterspacing\\\":\\\"1px\\\",\\\"wordspacing\\\":\\\"normal\\\",\\\"texttransform\\\":\\\"uppercase\\\"},{\\\"extra\\\":\\\"\\\"}]}\",\"style\":\"\",\"priority\":\"div\",\"fullwidth\":\"1\",\"nowrap\":\"0\",\"heading\":\"Step 2\",\"title\":\"\",\"href\":\"#\",\"href-target\":\"_self\",\"href-rel\":\"\",\"split-text-transform-origin\":\"50|*|50|*|0\",\"split-text-backface-visibility\":\"1\",\"split-text-animation-in\":\"\",\"split-text-delay-in\":\"0\",\"split-text-animation-out\":\"\",\"split-text-delay-out\":\"0\",\"class\":\"\"}}},{\"type\":\"layer\",\"pm\":\"normal\",\"desktopportraitfontsize\":100,\"desktopportraitmargin\":\"0|*|0|*|0|*|0|*|px\",\"desktopportraitheight\":0,\"desktopportraitmaxwidth\":0,\"desktopportraitselfalign\":\"inherit\",\"tabletportraitfontsize\":90,\"mobileportraitfontsize\":70,\"id\":\"\",\"uniqueclass\":\"\",\"generatorvisible\":\"\",\"zindex\":2,\"class\":\"\",\"crop\":\"visible\",\"rotation\":0,\"parallax\":0,\"desktopportrait\":1,\"desktoplandscape\":1,\"tabletportrait\":1,\"tabletlandscape\":1,\"mobileportrait\":1,\"mobilelandscape\":1,\"name\":\"Text\",\"namesynced\":1,\"item\":{\"type\":\"text\",\"values\":{\"font\":\"{\\\"data\\\":[{\\\"extra\\\":\\\"\\\",\\\"color\\\":\\\"ffffffb0\\\",\\\"size\\\":\\\"18||px\\\",\\\"tshadow\\\":\\\"0|*|0|*|0|*|000000ff\\\",\\\"afont\\\":\\\"Roboto\\\",\\\"lineheight\\\":\\\"1.6\\\",\\\"weight\\\":400,\\\"italic\\\":0,\\\"underline\\\":0,\\\"align\\\":\\\"inherit\\\",\\\"letterspacing\\\":\\\"normal\\\",\\\"wordspacing\\\":\\\"normal\\\",\\\"texttransform\\\":\\\"none\\\"},{\\\"extra\\\":\\\"\\\",\\\"color\\\":\\\"1890d7ff\\\"},{\\\"extra\\\":\\\"\\\",\\\"color\\\":\\\"1890d7ff\\\"}]}\",\"style\":\"\",\"content\":\"Choose a source from the background top tab then upload an image or pick a background color.\",\"content-tablet-enabled\":\"0\",\"contenttablet\":\"\",\"content-mobile-enabled\":\"0\",\"contentmobile\":\"\"}}},{\"type\":\"layer\",\"pm\":\"normal\",\"desktopportraitfontsize\":100,\"desktopportraitmargin\":\"20|*|0|*|0|*|0|*|px\",\"desktopportraitheight\":0,\"desktopportraitmaxwidth\":0,\"desktopportraitselfalign\":\"inherit\",\"tabletportraitfontsize\":80,\"mobileportraitfontsize\":80,\"mobileportraitmargin\":\"10|*|0|*|0|*|0|*|px\",\"id\":\"\",\"uniqueclass\":\"\",\"generatorvisible\":\"\",\"zindex\":2,\"class\":\"\",\"crop\":\"visible\",\"rotation\":0,\"parallax\":0,\"desktopportrait\":1,\"desktoplandscape\":1,\"tabletportrait\":1,\"tabletlandscape\":1,\"mobileportrait\":1,\"mobilelandscape\":1,\"name\":\"Read More\",\"namesynced\":1,\"item\":{\"type\":\"button\",\"values\":{\"font\":\"{\\\"data\\\":[{\\\"extra\\\":\\\"\\\",\\\"color\\\":\\\"ffffffff\\\",\\\"size\\\":\\\"14||px\\\",\\\"tshadow\\\":\\\"0|*|0|*|0|*|000000ff\\\",\\\"afont\\\":\\\"Roboto\\\",\\\"lineheight\\\":\\\"1.5\\\",\\\"weight\\\":1,\\\"italic\\\":0,\\\"underline\\\":0,\\\"align\\\":\\\"center\\\",\\\"letterspacing\\\":\\\"1px\\\",\\\"wordspacing\\\":\\\"normal\\\",\\\"texttransform\\\":\\\"none\\\"},{\\\"extra\\\":\\\"\\\",\\\"color\\\":\\\"0568f6ff\\\"}]}\",\"style\":\"{\\\"data\\\":[{\\\"extra\\\":\\\"\\\",\\\"backgroundcolor\\\":\\\"0568f6ff\\\",\\\"opacity\\\":100,\\\"padding\\\":\\\"1|*|2|*|1|*|2|*|em\\\",\\\"boxshadow\\\":\\\"0|*|0|*|0|*|0|*|000000ff\\\",\\\"border\\\":\\\"0|*|solid|*|000000ff\\\",\\\"borderradius\\\":\\\"5\\\"},{\\\"extra\\\":\\\"\\\",\\\"backgroundcolor\\\":\\\"ffffffff\\\"}]}\",\"content\":\"Next Slide\",\"nowrap\":\"1\",\"fullwidth\":\"0\",\"href\":\"NextSlide[]\",\"href-target\":\"_self\",\"href-rel\":\"\",\"class\":\"\",\"icon\":\"\",\"iconsize\":\"100\",\"iconspacing\":\"30\",\"iconplacement\":\"left\"}}}]},{\"type\":\"col\",\"pm\":\"default\",\"desktopportraitfontsize\":100,\"desktopportraitmaxwidth\":0,\"desktopportraitinneralign\":\"left\",\"desktopportraitpadding\":\"0|*|0|*|0|*|0|*|px\",\"desktopportraitorder\":0,\"mobileportraitinneralign\":\"center\",\"mobileportraitorder\":1,\"opened\":1,\"id\":\"\",\"uniqueclass\":\"n-uc-LnImbm1HgUAv\",\"generatorvisible\":\"\",\"zindex\":2,\"class\":\"\",\"crop\":\"visible\",\"rotation\":0,\"parallax\":0,\"desktopportrait\":1,\"desktoplandscape\":1,\"tabletportrait\":1,\"tabletlandscape\":1,\"mobileportrait\":1,\"mobilelandscape\":1,\"bgimage\":\"\",\"bgimagex\":50,\"bgimagey\":50,\"bgcolor\":\"00000000\",\"bgcolorgradient\":\"off\",\"bgcolorgradientend\":\"00000000\",\"verticalalign\":\"center\",\"colwidth\":\"3/5\",\"href\":\"\",\"href-target\":\"_self\",\"borderradius\":0,\"boxshadow\":\"0|*|0|*|0|*|0|*|00000080\",\"borderwidth\":\"0|*|0|*|0|*|0\",\"borderstyle\":\"solid\",\"bordercolor\":\"ffffffff\",\"name\":\"Column\",\"namesynced\":1,\"layers\":[{\"type\":\"layer\",\"pm\":\"normal\",\"desktopportraitfontsize\":100,\"desktopportraitmargin\":\"0|*|0|*|0|*|0|*|px\",\"desktopportraitheight\":0,\"desktopportraitmaxwidth\":0,\"desktopportraitselfalign\":\"inherit\",\"mobileportraitmaxwidth\":300,\"id\":\"\",\"uniqueclass\":\"\",\"generatorvisible\":\"\",\"zindex\":2,\"class\":\"\",\"crop\":\"visible\",\"rotation\":0,\"parallax\":0,\"desktopportrait\":1,\"desktoplandscape\":1,\"tabletportrait\":1,\"tabletlandscape\":1,\"mobileportrait\":1,\"mobilelandscape\":1,\"name\":\"Image\",\"namesynced\":1,\"item\":{\"type\":\"image\",\"values\":{\"image\":\"https://smartslider3.com/wp-content/uploads/slider424/background.png\",\"href\":\"#\",\"href-target\":\"_self\",\"href-rel\":\"\",\"size\":\"auto|*|auto\",\"alt\":\"\",\"title\":\"\",\"href-class\":\"\"}}}]}]}]}]', '', 'https://smartslider3.com/wp-content/uploads/slider424/slidebackground.jpg', '{\"type\":\"slide\",\"desktopportraitfontsize\":100,\"desktopportraitpadding\":\"10|*|60|*|10|*|60\",\"tabletportraitpadding\":\"10|*|50|*|10|*|50\",\"mobileportraitpadding\":\"10|*|10|*|35|*|10\",\"record-slides\":0,\"thumbnailType\":\"default\",\"static-slide\":0,\"slide-duration\":0,\"ligthboxImage\":\"\",\"background-animation\":\"\",\"background-animation-color\":\"333333ff\",\"background-animation-speed\":\"default\",\"desktopportrait\":1,\"desktoplandscape\":1,\"tabletportrait\":1,\"tabletlandscape\":1,\"mobileportrait\":1,\"mobilelandscape\":1,\"href\":\"\",\"href-target\":\"\",\"background-type\":\"image\",\"backgroundColor\":\"ffffff00\",\"backgroundGradient\":\"off\",\"backgroundColorEnd\":\"ffffff00\",\"backgroundColorOverlay\":0,\"backgroundImage\":\"https://smartslider3.com/wp-content/uploads/slider424/slide1.png\",\"backgroundFocusX\":50,\"backgroundFocusY\":50,\"backgroundImageOpacity\":100,\"backgroundImageBlur\":0,\"backgroundAlt\":\"\",\"backgroundTitle\":\"\",\"backgroundMode\":\"default\",\"guides\":\"eyJob3Jpem9udGFsIjpbXSwidmVydGljYWwiOltdfQ==\",\"version\":\"3.4.0\"}', 1, 0),
(2, 'Build & Design', 1, '1970-01-01 00:00:00', '1970-01-01 00:00:00', 1, 0, '[{\"type\":\"content\",\"pm\":\"default\",\"desktopportraitfontsize\":100,\"desktopportraitmaxwidth\":1120,\"desktopportraitinneralign\":\"inherit\",\"desktopportraitpadding\":\"0|*|0|*|0|*|0|*|px\",\"desktopportraitselfalign\":\"center\",\"opened\":1,\"id\":\"\",\"uniqueclass\":\"n-uc-TPnUuKlAWVoC\",\"generatorvisible\":\"\",\"zindex\":2,\"class\":\"\",\"crop\":\"visible\",\"rotation\":0,\"parallax\":0,\"desktopportrait\":1,\"desktoplandscape\":1,\"tabletportrait\":1,\"tabletlandscape\":1,\"mobileportrait\":1,\"mobilelandscape\":1,\"bgimage\":\"\",\"bgimagex\":50,\"bgimagey\":50,\"bgcolor\":\"00000000\",\"bgcolorgradient\":\"off\",\"bgcolorgradientend\":\"00000000\",\"verticalalign\":\"center\",\"layers\":[{\"type\":\"row\",\"pm\":\"normal\",\"desktopportraitfontsize\":100,\"desktopportraitinneralign\":\"inherit\",\"desktopportraitpadding\":\"10|*|0|*|10|*|0|*|px\",\"desktopportraitgutter\":0,\"desktopportraitwrapafter\":0,\"desktopportraitmargin\":\"0|*|0|*|0|*|0|*|px\",\"desktopportraitheight\":0,\"desktopportraitmaxwidth\":0,\"desktopportraitselfalign\":\"inherit\",\"tabletportraitpadding\":\"10|*|0|*|10|*|0|*|px\",\"tabletportraitgutter\":20,\"mobileportraitinneralign\":\"inherit\",\"mobileportraitpadding\":\"0|*|0|*|0|*|0|*|px\",\"mobileportraitgutter\":20,\"mobileportraitwrapafter\":1,\"mobileportraitmaxwidth\":400,\"mobileportraitselfalign\":\"inherit\",\"mobilelandscapewrapafter\":1,\"opened\":1,\"id\":\"\",\"uniqueclass\":\"n-uc-NmnNQvKK01kO\",\"generatorvisible\":\"\",\"zindex\":2,\"class\":\"\",\"crop\":\"visible\",\"rotation\":0,\"parallax\":0,\"desktopportrait\":1,\"desktoplandscape\":1,\"tabletportrait\":1,\"tabletlandscape\":1,\"mobileportrait\":1,\"mobilelandscape\":1,\"href\":\"\",\"href-target\":\"_self\",\"bgimage\":\"\",\"bgimagex\":50,\"bgimagey\":50,\"bgcolor\":\"ffffff00\",\"bgcolorgradient\":\"off\",\"bgcolorgradientend\":\"00000000\",\"borderwidth\":\"1|*|1|*|1|*|1\",\"borderstyle\":\"none\",\"bordercolor\":\"FFFFFFFF\",\"borderradius\":0,\"boxshadow\":\"0|*|0|*|0|*|0|*|00000080\",\"fullwidth\":1,\"stretch\":0,\"name\":\"Row\",\"namesynced\":1,\"cols\":[{\"type\":\"col\",\"pm\":\"default\",\"desktopportraitfontsize\":100,\"desktopportraitmaxwidth\":0,\"desktopportraitinneralign\":\"left\",\"desktopportraitpadding\":\"10|*|10|*|10|*|10|*|px\",\"desktopportraitorder\":0,\"tabletportraitpadding\":\"10|*|0|*|10|*|0|*|px\",\"mobileportraitmaxwidth\":0,\"mobileportraitinneralign\":\"left\",\"mobileportraitpadding\":\"10|*|0|*|10|*|0|*|px\",\"mobileportraitorder\":2,\"opened\":1,\"id\":\"\",\"uniqueclass\":\"n-uc-R5Jkk06Nmzr4\",\"generatorvisible\":\"\",\"zindex\":2,\"class\":\"\",\"crop\":\"visible\",\"rotation\":0,\"parallax\":0,\"desktopportrait\":1,\"desktoplandscape\":1,\"tabletportrait\":1,\"tabletlandscape\":1,\"mobileportrait\":1,\"mobilelandscape\":1,\"bgimage\":\"\",\"bgimagex\":50,\"bgimagey\":50,\"bgcolor\":\"00000000\",\"bgcolorgradient\":\"off\",\"bgcolorgradientend\":\"00000000\",\"verticalalign\":\"center\",\"colwidth\":\"2/5\",\"href\":\"\",\"href-target\":\"_self\",\"borderradius\":0,\"boxshadow\":\"0|*|0|*|0|*|0|*|00000080\",\"borderwidth\":\"0|*|0|*|0|*|0\",\"borderstyle\":\"solid\",\"bordercolor\":\"ffffffff\",\"name\":\"Column\",\"namesynced\":1,\"layers\":[{\"type\":\"layer\",\"pm\":\"normal\",\"desktopportraitfontsize\":100,\"desktopportraitmargin\":\"0|*|0|*|0|*|0|*|px\",\"desktopportraitheight\":0,\"desktopportraitmaxwidth\":0,\"desktopportraitselfalign\":\"inherit\",\"tabletportraitfontsize\":80,\"mobileportraitfontsize\":60,\"id\":\"\",\"uniqueclass\":\"\",\"generatorvisible\":\"\",\"zindex\":2,\"class\":\"\",\"crop\":\"visible\",\"rotation\":0,\"parallax\":0,\"desktopportrait\":1,\"desktoplandscape\":1,\"tabletportrait\":1,\"tabletlandscape\":1,\"mobileportrait\":1,\"mobilelandscape\":1,\"name\":\"Jeans Store Interior\",\"namesynced\":1,\"item\":{\"type\":\"heading\",\"values\":{\"font\":\"{\\\"data\\\":[{\\\"extra\\\":\\\"\\\",\\\"color\\\":\\\"ffffffff\\\",\\\"size\\\":\\\"36||px\\\",\\\"tshadow\\\":\\\"0|*|0|*|0|*|000000ff\\\",\\\"afont\\\":\\\"Roboto\\\",\\\"lineheight\\\":\\\"1.2\\\",\\\"weight\\\":1,\\\"italic\\\":0,\\\"underline\\\":0,\\\"align\\\":\\\"inherit\\\",\\\"letterspacing\\\":\\\"normal\\\",\\\"wordspacing\\\":\\\"normal\\\",\\\"texttransform\\\":\\\"none\\\"},{\\\"extra\\\":\\\"\\\"}]}\",\"style\":\"\",\"priority\":\"div\",\"fullwidth\":\"1\",\"nowrap\":\"0\",\"heading\":\"02. Build & Design\",\"title\":\"\",\"href\":\"#\",\"href-target\":\"_self\",\"href-rel\":\"\",\"split-text-transform-origin\":\"50|*|50|*|0\",\"split-text-backface-visibility\":\"1\",\"split-text-animation-in\":\"\",\"split-text-delay-in\":\"0\",\"split-text-animation-out\":\"\",\"split-text-delay-out\":\"0\",\"class\":\"\"}}},{\"type\":\"layer\",\"pm\":\"normal\",\"desktopportraitfontsize\":100,\"desktopportraitmargin\":\"0|*|0|*|0|*|0|*|px\",\"desktopportraitheight\":0,\"desktopportraitmaxwidth\":0,\"desktopportraitselfalign\":\"inherit\",\"tabletportraitfontsize\":80,\"mobileportraitfontsize\":70,\"id\":\"\",\"uniqueclass\":\"\",\"generatorvisible\":\"\",\"zindex\":2,\"class\":\"\",\"crop\":\"visible\",\"rotation\":0,\"parallax\":0,\"desktopportrait\":1,\"desktoplandscape\":1,\"tabletportrait\":1,\"tabletlandscape\":1,\"mobileportrait\":1,\"mobilelandscape\":1,\"name\":\"Lorem ipsum dolor sit amet, consect\",\"namesynced\":1,\"item\":{\"type\":\"heading\",\"values\":{\"font\":\"{\\\"data\\\":[{\\\"extra\\\":\\\"\\\",\\\"color\\\":\\\"ffffffb0\\\",\\\"size\\\":\\\"24||px\\\",\\\"tshadow\\\":\\\"0|*|0|*|0|*|000000ff\\\",\\\"afont\\\":\\\"Roboto\\\",\\\"lineheight\\\":\\\"1.3\\\",\\\"weight\\\":300,\\\"italic\\\":0,\\\"underline\\\":0,\\\"align\\\":\\\"inherit\\\",\\\"letterspacing\\\":\\\"normal\\\",\\\"wordspacing\\\":\\\"normal\\\",\\\"texttransform\\\":\\\"none\\\"},{\\\"extra\\\":\\\"\\\"}]}\",\"style\":\"\",\"priority\":\"div\",\"fullwidth\":\"1\",\"nowrap\":\"0\",\"heading\":\"Build any layout with layers and customize your designs limitlessly.\",\"title\":\"\",\"href\":\"#\",\"href-target\":\"_self\",\"href-rel\":\"\",\"split-text-transform-origin\":\"50|*|50|*|0\",\"split-text-backface-visibility\":\"1\",\"split-text-animation-in\":\"\",\"split-text-delay-in\":\"0\",\"split-text-animation-out\":\"\",\"split-text-delay-out\":\"0\",\"class\":\"\"}}},{\"type\":\"layer\",\"pm\":\"normal\",\"desktopportraitfontsize\":100,\"desktopportraitmargin\":\"20|*|0|*|0|*|0|*|px\",\"desktopportraitheight\":0,\"desktopportraitmaxwidth\":0,\"desktopportraitselfalign\":\"inherit\",\"tabletportraitfontsize\":100,\"mobileportraitfontsize\":80,\"mobileportraitmargin\":\"10|*|0|*|0|*|0|*|px\",\"id\":\"\",\"uniqueclass\":\"\",\"generatorvisible\":\"\",\"zindex\":2,\"class\":\"\",\"crop\":\"visible\",\"rotation\":0,\"parallax\":0,\"desktopportrait\":1,\"desktoplandscape\":1,\"tabletportrait\":1,\"tabletlandscape\":1,\"mobileportrait\":1,\"mobilelandscape\":1,\"name\":\"Latest Project\",\"namesynced\":1,\"item\":{\"type\":\"heading\",\"values\":{\"font\":\"{\\\"data\\\":[{\\\"extra\\\":\\\"\\\",\\\"color\\\":\\\"ffffffdb\\\",\\\"size\\\":\\\"14||px\\\",\\\"tshadow\\\":\\\"0|*|0|*|0|*|000000ff\\\",\\\"afont\\\":\\\"Roboto\\\",\\\"lineheight\\\":\\\"1.5\\\",\\\"weight\\\":1,\\\"italic\\\":0,\\\"underline\\\":0,\\\"align\\\":\\\"inherit\\\",\\\"letterspacing\\\":\\\"1px\\\",\\\"wordspacing\\\":\\\"normal\\\",\\\"texttransform\\\":\\\"uppercase\\\"},{\\\"extra\\\":\\\"\\\"}]}\",\"style\":\"\",\"priority\":\"div\",\"fullwidth\":\"1\",\"nowrap\":\"0\",\"heading\":\"Step 1\",\"title\":\"\",\"href\":\"#\",\"href-target\":\"_self\",\"href-rel\":\"\",\"split-text-transform-origin\":\"50|*|50|*|0\",\"split-text-backface-visibility\":\"1\",\"split-text-animation-in\":\"\",\"split-text-delay-in\":\"0\",\"split-text-animation-out\":\"\",\"split-text-delay-out\":\"0\",\"class\":\"\"}}},{\"type\":\"layer\",\"pm\":\"normal\",\"desktopportraitfontsize\":100,\"desktopportraitmargin\":\"0|*|0|*|0|*|0|*|px\",\"desktopportraitheight\":0,\"desktopportraitmaxwidth\":0,\"desktopportraitselfalign\":\"inherit\",\"tabletportraitfontsize\":90,\"mobileportraitfontsize\":70,\"id\":\"\",\"uniqueclass\":\"\",\"generatorvisible\":\"\",\"zindex\":2,\"class\":\"\",\"crop\":\"visible\",\"rotation\":0,\"parallax\":0,\"desktopportrait\":1,\"desktoplandscape\":1,\"tabletportrait\":1,\"tabletlandscape\":1,\"mobileportrait\":1,\"mobilelandscape\":1,\"name\":\"Text\",\"namesynced\":1,\"item\":{\"type\":\"text\",\"values\":{\"font\":\"{\\\"data\\\":[{\\\"extra\\\":\\\"\\\",\\\"color\\\":\\\"ffffffb0\\\",\\\"size\\\":\\\"18||px\\\",\\\"tshadow\\\":\\\"0|*|0|*|0|*|000000ff\\\",\\\"afont\\\":\\\"Roboto\\\",\\\"lineheight\\\":\\\"1.6\\\",\\\"weight\\\":400,\\\"italic\\\":0,\\\"underline\\\":0,\\\"align\\\":\\\"inherit\\\",\\\"letterspacing\\\":\\\"normal\\\",\\\"wordspacing\\\":\\\"normal\\\",\\\"texttransform\\\":\\\"none\\\"},{\\\"extra\\\":\\\"\\\",\\\"color\\\":\\\"1890d7ff\\\"},{\\\"extra\\\":\\\"\\\",\\\"color\\\":\\\"1890d7ff\\\"}]}\",\"style\":\"\",\"content\":\"To add a layer, click the green plus button in the left sidebar and select the type of layer.\",\"content-tablet-enabled\":\"0\",\"contenttablet\":\"\",\"content-mobile-enabled\":\"0\",\"contentmobile\":\"\"}}},{\"type\":\"layer\",\"pm\":\"normal\",\"desktopportraitfontsize\":100,\"desktopportraitmargin\":\"20|*|0|*|0|*|0|*|px\",\"desktopportraitheight\":0,\"desktopportraitmaxwidth\":0,\"desktopportraitselfalign\":\"inherit\",\"tabletportraitfontsize\":100,\"mobileportraitfontsize\":80,\"mobileportraitmargin\":\"10|*|0|*|0|*|0|*|px\",\"id\":\"\",\"uniqueclass\":\"\",\"generatorvisible\":\"\",\"zindex\":2,\"class\":\"\",\"crop\":\"visible\",\"rotation\":0,\"parallax\":0,\"desktopportrait\":1,\"desktoplandscape\":1,\"tabletportrait\":1,\"tabletlandscape\":1,\"mobileportrait\":1,\"mobilelandscape\":1,\"name\":\"Latest Project\",\"namesynced\":1,\"item\":{\"type\":\"heading\",\"values\":{\"font\":\"{\\\"data\\\":[{\\\"extra\\\":\\\"\\\",\\\"color\\\":\\\"ffffffdb\\\",\\\"size\\\":\\\"14||px\\\",\\\"tshadow\\\":\\\"0|*|0|*|0|*|000000ff\\\",\\\"afont\\\":\\\"Roboto\\\",\\\"lineheight\\\":\\\"1.5\\\",\\\"weight\\\":1,\\\"italic\\\":0,\\\"underline\\\":0,\\\"align\\\":\\\"inherit\\\",\\\"letterspacing\\\":\\\"1px\\\",\\\"wordspacing\\\":\\\"normal\\\",\\\"texttransform\\\":\\\"uppercase\\\"},{\\\"extra\\\":\\\"\\\"}]}\",\"style\":\"\",\"priority\":\"div\",\"fullwidth\":\"1\",\"nowrap\":\"0\",\"heading\":\"Step 2\",\"title\":\"\",\"href\":\"#\",\"href-target\":\"_self\",\"href-rel\":\"\",\"split-text-transform-origin\":\"50|*|50|*|0\",\"split-text-backface-visibility\":\"1\",\"split-text-animation-in\":\"\",\"split-text-delay-in\":\"0\",\"split-text-animation-out\":\"\",\"split-text-delay-out\":\"0\",\"class\":\"\"}}},{\"type\":\"layer\",\"pm\":\"normal\",\"desktopportraitfontsize\":100,\"desktopportraitmargin\":\"0|*|0|*|0|*|0|*|px\",\"desktopportraitheight\":0,\"desktopportraitmaxwidth\":0,\"desktopportraitselfalign\":\"inherit\",\"tabletportraitfontsize\":90,\"mobileportraitfontsize\":70,\"id\":\"\",\"uniqueclass\":\"\",\"generatorvisible\":\"\",\"zindex\":2,\"class\":\"\",\"crop\":\"visible\",\"rotation\":0,\"parallax\":0,\"desktopportrait\":1,\"desktoplandscape\":1,\"tabletportrait\":1,\"tabletlandscape\":1,\"mobileportrait\":1,\"mobilelandscape\":1,\"name\":\"Text\",\"namesynced\":1,\"item\":{\"type\":\"text\",\"values\":{\"font\":\"{\\\"data\\\":[{\\\"extra\\\":\\\"\\\",\\\"color\\\":\\\"ffffffb0\\\",\\\"size\\\":\\\"18||px\\\",\\\"tshadow\\\":\\\"0|*|0|*|0|*|000000ff\\\",\\\"afont\\\":\\\"Roboto\\\",\\\"lineheight\\\":\\\"1.6\\\",\\\"weight\\\":400,\\\"italic\\\":0,\\\"underline\\\":0,\\\"align\\\":\\\"inherit\\\",\\\"letterspacing\\\":\\\"normal\\\",\\\"wordspacing\\\":\\\"normal\\\",\\\"texttransform\\\":\\\"none\\\"},{\\\"extra\\\":\\\"\\\",\\\"color\\\":\\\"1890d7ff\\\"},{\\\"extra\\\":\\\"\\\",\\\"color\\\":\\\"1890d7ff\\\"}]}\",\"style\":\"\",\"content\":\"Select any layer and you can edit its content and style properties in the layer window.\",\"content-tablet-enabled\":\"0\",\"contenttablet\":\"\",\"content-mobile-enabled\":\"0\",\"contentmobile\":\"\"}}},{\"type\":\"layer\",\"pm\":\"normal\",\"desktopportraitfontsize\":100,\"desktopportraitmargin\":\"20|*|0|*|0|*|0|*|px\",\"desktopportraitheight\":0,\"desktopportraitmaxwidth\":0,\"desktopportraitselfalign\":\"inherit\",\"tabletportraitfontsize\":80,\"mobileportraitfontsize\":80,\"mobileportraitmargin\":\"10|*|0|*|0|*|0|*|px\",\"id\":\"\",\"uniqueclass\":\"\",\"generatorvisible\":\"\",\"zindex\":2,\"class\":\"\",\"crop\":\"visible\",\"rotation\":0,\"parallax\":0,\"desktopportrait\":1,\"desktoplandscape\":1,\"tabletportrait\":1,\"tabletlandscape\":1,\"mobileportrait\":1,\"mobilelandscape\":1,\"name\":\"Read More\",\"namesynced\":1,\"item\":{\"type\":\"button\",\"values\":{\"font\":\"{\\\"data\\\":[{\\\"extra\\\":\\\"\\\",\\\"color\\\":\\\"ffffffff\\\",\\\"size\\\":\\\"14||px\\\",\\\"tshadow\\\":\\\"0|*|0|*|0|*|000000ff\\\",\\\"afont\\\":\\\"Roboto\\\",\\\"lineheight\\\":\\\"1.5\\\",\\\"weight\\\":1,\\\"italic\\\":0,\\\"underline\\\":0,\\\"align\\\":\\\"center\\\",\\\"letterspacing\\\":\\\"1px\\\",\\\"wordspacing\\\":\\\"normal\\\",\\\"texttransform\\\":\\\"none\\\"},{\\\"extra\\\":\\\"\\\",\\\"color\\\":\\\"0568f6ff\\\"}]}\",\"style\":\"{\\\"data\\\":[{\\\"extra\\\":\\\"\\\",\\\"backgroundcolor\\\":\\\"0568f6ff\\\",\\\"opacity\\\":100,\\\"padding\\\":\\\"1|*|2|*|1|*|2|*|em\\\",\\\"boxshadow\\\":\\\"0|*|0|*|0|*|0|*|000000ff\\\",\\\"border\\\":\\\"0|*|solid|*|000000ff\\\",\\\"borderradius\\\":\\\"5\\\"},{\\\"extra\\\":\\\"\\\",\\\"backgroundcolor\\\":\\\"ffffffff\\\"}]}\",\"content\":\"Next Slide\",\"nowrap\":\"1\",\"fullwidth\":\"0\",\"href\":\"NextSlide[]\",\"href-target\":\"_self\",\"href-rel\":\"\",\"class\":\"\",\"icon\":\"\",\"iconsize\":\"100\",\"iconspacing\":\"30\",\"iconplacement\":\"left\"}}}]},{\"type\":\"col\",\"pm\":\"default\",\"desktopportraitfontsize\":100,\"desktopportraitmaxwidth\":0,\"desktopportraitinneralign\":\"left\",\"desktopportraitpadding\":\"0|*|0|*|0|*|0|*|px\",\"desktopportraitorder\":0,\"mobileportraitinneralign\":\"center\",\"mobileportraitorder\":1,\"opened\":1,\"id\":\"\",\"uniqueclass\":\"n-uc-iYi6ZKk8yeVp\",\"generatorvisible\":\"\",\"zindex\":2,\"class\":\"\",\"crop\":\"visible\",\"rotation\":0,\"parallax\":0,\"desktopportrait\":1,\"desktoplandscape\":1,\"tabletportrait\":1,\"tabletlandscape\":1,\"mobileportrait\":1,\"mobilelandscape\":1,\"bgimage\":\"\",\"bgimagex\":50,\"bgimagey\":50,\"bgcolor\":\"00000000\",\"bgcolorgradient\":\"off\",\"bgcolorgradientend\":\"00000000\",\"verticalalign\":\"center\",\"colwidth\":\"3/5\",\"href\":\"\",\"href-target\":\"_self\",\"borderradius\":0,\"boxshadow\":\"0|*|0|*|0|*|0|*|00000080\",\"borderwidth\":\"0|*|0|*|0|*|0\",\"borderstyle\":\"solid\",\"bordercolor\":\"ffffffff\",\"name\":\"Column\",\"namesynced\":1,\"layers\":[{\"type\":\"layer\",\"pm\":\"normal\",\"desktopportraitfontsize\":100,\"desktopportraitmargin\":\"0|*|0|*|0|*|0|*|px\",\"desktopportraitheight\":0,\"desktopportraitmaxwidth\":0,\"desktopportraitselfalign\":\"inherit\",\"mobileportraitmaxwidth\":300,\"id\":\"\",\"uniqueclass\":\"\",\"generatorvisible\":\"\",\"zindex\":2,\"class\":\"\",\"crop\":\"visible\",\"rotation\":0,\"parallax\":0,\"desktopportrait\":1,\"desktoplandscape\":1,\"tabletportrait\":1,\"tabletlandscape\":1,\"mobileportrait\":1,\"mobilelandscape\":1,\"name\":\"Image\",\"namesynced\":1,\"item\":{\"type\":\"image\",\"values\":{\"image\":\"https://smartslider3.com/wp-content/uploads/slider424/buildanddesign.png\",\"href\":\"#\",\"href-target\":\"_self\",\"href-rel\":\"\",\"size\":\"auto|*|auto\",\"alt\":\"\",\"title\":\"\",\"href-class\":\"\"}}}]}]}]}]', '', 'https://smartslider3.com/wp-content/uploads/slider424/buildanddesign.jpg', '{\"type\":\"slide\",\"desktopportraitfontsize\":100,\"desktopportraitpadding\":\"10|*|60|*|10|*|60\",\"tabletportraitpadding\":\"10|*|50|*|10|*|50\",\"mobileportraitpadding\":\"10|*|10|*|35|*|10\",\"record-slides\":0,\"thumbnailType\":\"default\",\"static-slide\":0,\"slide-duration\":0,\"ligthboxImage\":\"\",\"background-animation\":\"\",\"background-animation-color\":\"333333ff\",\"background-animation-speed\":\"default\",\"desktopportrait\":1,\"desktoplandscape\":1,\"tabletportrait\":1,\"tabletlandscape\":1,\"mobileportrait\":1,\"mobilelandscape\":1,\"href\":\"\",\"href-target\":\"\",\"background-type\":\"image\",\"backgroundColor\":\"ffffff00\",\"backgroundGradient\":\"off\",\"backgroundColorEnd\":\"ffffff00\",\"backgroundColorOverlay\":0,\"backgroundImage\":\"https://smartslider3.com/wp-content/uploads/slider424/slide2.png\",\"backgroundFocusX\":50,\"backgroundFocusY\":50,\"backgroundImageOpacity\":100,\"backgroundImageBlur\":0,\"backgroundAlt\":\"\",\"backgroundTitle\":\"\",\"backgroundMode\":\"default\",\"guides\":\"eyJob3Jpem9udGFsIjpbXSwidmVydGljYWwiOltdfQ==\",\"version\":\"3.4.0\"}', 2, 0);

-- --------------------------------------------------------

--
-- Table structure for table `wpqa_options`
--

CREATE TABLE `wpqa_options` (
  `option_id` bigint(20) UNSIGNED NOT NULL,
  `option_name` varchar(191) NOT NULL DEFAULT '',
  `option_value` longtext NOT NULL,
  `autoload` varchar(20) NOT NULL DEFAULT 'yes'
) ENGINE=InnoDB DEFAULT CHARSET=utf8;


INSERT INTO `wpqa_options` (`option_id`, `option_name`, `option_value`, `autoload`) VALUES
(219, 'ce4wp_handshake_expiration', '1678911059', 'yes'),
(220, 'ce4wp_instance_uuid', '6410ef72ab80c', 'yes'),
(224, 'do_activate', '0', 'yes'),
(229, 'mm_install_date', 'Mar 14, 2023', 'yes'),
(230, 'mm_cron', 'a:1:{s:6:\"hourly\";a:1:{s:9:\"installed\";a:5:{s:1:\"t\";s:5:\"event\";s:2:\"ec\";s:13:\"plugin_status\";s:2:\"ea\";s:9:\"installed\";s:2:\"el\";s:26:\"Install date: Mar 14, 2023\";s:4:\"keep\";b:0;}}}', 'yes'),
(231, 'hg_plugin_install_date', '1678831475', 'yes'),
(232, 'wpforms_admin_notices', 'a:1:{s:14:\"review_request\";a:2:{s:4:\"time\";i:1678831475;s:9:\"dismissed\";b:0;}}', 'yes'),
(233, 'ce4wp_contacts_db_version', '1.0', 'yes'),
(256, 'action_scheduler_lock_async-request-runner', '6637d31a88b384.77580333|1714934614', 'yes'),
(276, 'finished_updating_comment_type', '1', 'yes'),
(287, 'nfd_data_token', 'ztQ6nl7/fOxycJFsI5SF93NzcG9qemZvN09CSWJzd1o1bXJXc2FRVENCWTEyZ1FVRkJnOTM5SlM1NzZtY0xPK1BlK1pDallOZTU4NXp2WC92UUNTeTJJQ0lNNzJ3ZGZsTEdNWDVJd3NQMVVQVDkvRGNpeXdaTG5hOFdBQXRaZEc4Vmp5SUxkbEVvazFTOFRmYm1reDFYQjZHK2VKaGYweWxwRWNlQT09', 'yes'),
(321, 'nfd_data_queue', 'a:1:{i:0;O:32:\"NewfoldLabs\\WP\\Module\\Data\\Event\":6:{s:8:\"category\";s:5:\"admin\";s:3:\"key\";s:8:\"pageview\";s:4:\"data\";a:2:{s:4:\"page\";s:77:\"https://intranet.farenet.com/wp-admin/plugins.php?plugin_status=all&paged=1&s\";s:10:\"page_title\";s:7:\"Plugins\";}s:7:\"request\";a:4:{s:3:\"url\";s:77:\"https://intranet.farenet.com/wp-admin/plugins.php?plugin_status=all&paged=1&s\";s:10:\"page_title\";s:7:\"Plugins\";s:10:\"user_agent\";s:111:\"Mozilla/5.0 (Windows NT 10.0; Win64; x64) AppleWebKit/537.36 (KHTML, like Gecko) Chrome/111.0.0.0 Safari/537.36\";s:2:\"ip\";s:13:\"209.45.83.186\";}s:4:\"user\";a:4:{s:2:\"id\";i:1;s:5:\"login\";s:5:\"admin\";s:4:\"role\";s:13:\"administrator\";s:6:\"locale\";s:5:\"es_ES\";}s:4:\"time\";i:1678909368;}}', 'no'),
(326, '_transient_timeout_feed_9bbd59226dc36b9b26cd43f15694c5c3', '1678943390', 'no'),
(354, 'recently_activated', 'a:0:{}', 'yes'),
(619, 'WPLANG', 'es_ES', 'yes'),
(620, 'new_admin_email', 'usuarios@intranet.farenet.com', 'yes'),
(621, 'adminhash', 'a:2:{s:4:\"hash\";s:32:\"4c8a01ffd44cd90b85bb6282e55f0ae0\";s:8:\"newemail\";s:29:\"usuarios@intranet.farenet.com\";}', 'yes'),
(622, 'mm_cache_settings', 'a:2:{s:4:\"page\";s:7:\"enabled\";s:7:\"browser\";s:7:\"enabled\";}', 'yes'),
(623, 'epc_filetype_expirations', 'a:9:{s:9:\"image/jpg\";s:8:\"24 hours\";s:10:\"image/jpeg\";s:8:\"24 hours\";s:9:\"image/gif\";s:8:\"24 hours\";s:9:\"image/png\";s:8:\"24 hours\";s:8:\"text/css\";s:8:\"24 hours\";s:15:\"application/pdf\";s:6:\"1 week\";s:15:\"text/javascript\";s:8:\"24 hours\";s:9:\"text/html\";s:7:\"2 hours\";s:7:\"default\";s:8:\"24 hours\";}', 'yes'),
(624, 'epc_skip_404_handling', '', 'yes'),
(641, 'tutor_pro_version', '2.1.8', 'yes'),
(669, '_transient_wpforms_htaccess_file', 'a:3:{s:4:\"size\";i:737;s:5:\"mtime\";i:1678909388;s:5:\"ctime\";i:1678909388;}', 'yes'),
(670, 'wpforms_email_summaries_fetch_info_blocks_last_run', '1678909388', 'yes'),
(706, 'tutor_option', 'a:139:{s:23:\"tutor_dashboard_page_id\";s:1:\"7\";s:17:\"tutor_toc_page_id\";s:2:\"-1\";s:25:\"enable_course_marketplace\";s:3:\"off\";s:19:\"pagination_per_page\";s:2:\"20\";s:29:\"instructor_can_publish_course\";s:2:\"on\";s:28:\"enable_become_instructor_btn\";s:3:\"off\";s:33:\"student_must_login_to_view_course\";s:2:\"on\";s:28:\"course_content_access_for_ia\";s:3:\"off\";s:22:\"course_content_summary\";s:2:\"on\";s:47:\"wc_automatic_order_complete_redirect_to_courses\";s:3:\"off\";s:21:\"enable_spotlight_mode\";s:3:\"off\";s:45:\"auto_course_complete_on_all_lesson_completion\";s:3:\"off\";s:25:\"course_completion_process\";s:6:\"strict\";s:21:\"course_retake_feature\";s:2:\"on\";s:31:\"enable_course_review_moderation\";s:3:\"off\";s:47:\"enable_redirect_on_course_publish_from_frontend\";s:2:\"on\";s:30:\"tutor_pro_attachment_open_type\";s:8:\"download\";s:25:\"enrollment_expiry_enabled\";s:3:\"off\";s:28:\"enable_lesson_classic_editor\";s:3:\"off\";s:31:\"control_video_lesson_completion\";s:2:\"on\";s:44:\"required_percentage_to_complete_video_lesson\";s:2:\"80\";s:28:\"autoload_next_course_content\";s:2:\"on\";s:25:\"enable_comment_for_lesson\";s:2:\"on\";s:22:\"quiz_when_time_expires\";s:11:\"auto_submit\";s:24:\"quiz_answer_display_time\";s:1:\"2\";s:21:\"quiz_attempts_allowed\";s:1:\"3\";s:28:\"quiz_previous_button_enabled\";s:2:\"on\";s:17:\"quiz_grade_method\";s:13:\"highest_grade\";s:17:\"hide_quiz_details\";s:3:\"off\";s:23:\"supported_video_sources\";a:4:{i:0;s:5:\"html5\";i:1;s:12:\"external_url\";i:2;s:7:\"youtube\";i:3;s:8:\"embedded\";}s:11:\"monetize_by\";s:4:\"free\";s:37:\"tutor_woocommerce_order_auto_complete\";s:3:\"off\";s:25:\"tutor_woocommerce_invoice\";s:3:\"off\";s:22:\"enable_revenue_sharing\";s:3:\"off\";s:29:\"earning_instructor_commission\";s:2:\"20\";s:24:\"earning_admin_commission\";s:2:\"80\";s:23:\"statement_show_per_page\";s:2:\"20\";s:21:\"enable_fees_deducting\";s:3:\"off\";s:9:\"fees_name\";s:4:\"free\";s:15:\"fee_amount_type\";a:2:{s:9:\"fees_type\";s:5:\"fixed\";s:11:\"fees_amount\";s:1:\"0\";}s:19:\"min_withdraw_amount\";s:2:\"80\";s:40:\"minimum_days_for_balance_to_be_available\";s:1:\"7\";s:24:\"tutor_withdrawal_methods\";a:1:{s:22:\"bank_transfer_withdraw\";s:22:\"bank_transfer_withdraw\";}s:40:\"tutor_bank_transfer_withdraw_instruction\";s:63:\"Write the up to date bank informations of your instructor here.\";s:34:\"tutor_frontend_course_page_logo_id\";s:3:\"282\";s:19:\"courses_col_per_row\";s:1:\"3\";s:21:\"course_archive_filter\";s:2:\"on\";s:16:\"courses_per_page\";s:2:\"12\";s:24:\"supported_course_filters\";a:2:{s:3:\"tag\";s:3:\"tag\";s:16:\"difficulty_level\";s:16:\"difficulty_level\";}s:29:\"course_archive_filter_sorting\";s:2:\"on\";s:22:\"instructor_list_layout\";s:7:\"default\";s:21:\"public_profile_layout\";s:7:\"private\";s:29:\"student_public_profile_layout\";s:7:\"private\";s:26:\"display_course_instructors\";s:2:\"on\";s:24:\"enable_q_and_a_on_course\";s:2:\"on\";s:20:\"enable_course_author\";s:2:\"on\";s:19:\"enable_course_level\";s:2:\"on\";s:19:\"enable_course_share\";s:2:\"on\";s:22:\"enable_course_duration\";s:2:\"on\";s:28:\"enable_course_total_enrolled\";s:2:\"on\";s:25:\"enable_course_update_date\";s:2:\"on\";s:26:\"enable_course_progress_bar\";s:2:\"on\";s:22:\"enable_course_material\";s:2:\"on\";s:19:\"enable_course_about\";s:2:\"on\";s:25:\"enable_course_description\";s:2:\"on\";s:22:\"enable_course_benefits\";s:2:\"on\";s:26:\"enable_course_requirements\";s:2:\"on\";s:29:\"enable_course_target_audience\";s:2:\"on\";s:27:\"enable_course_announcements\";s:2:\"on\";s:20:\"enable_course_review\";s:2:\"on\";s:21:\"enable_sticky_sidebar\";s:2:\"on\";s:33:\"enrollment_box_position_in_mobile\";s:6:\"bottom\";s:27:\"enable_certificate_showcase\";s:2:\"on\";s:26:\"certificate_showcase_title\";s:21:\"Obtén tu certificado\";s:25:\"certificate_showcase_desc\";s:0:\"\";s:17:\"color_preset_type\";s:6:\"custom\";s:19:\"tutor_primary_color\";s:7:\"#0a1c57\";s:25:\"tutor_primary_hover_color\";s:7:\"#1b2c64\";s:16:\"tutor_text_color\";s:7:\"#212327\";s:16:\"tutor_gray_color\";s:7:\"#e3e5eb\";s:18:\"tutor_border_color\";s:7:\"#cdcfd5\";s:30:\"disable_default_player_youtube\";s:2:\"on\";s:28:\"disable_default_player_vimeo\";s:3:\"off\";s:28:\"enable_gutenberg_course_edit\";s:3:\"off\";s:26:\"hide_course_from_shop_page\";s:2:\"on\";s:19:\"course_archive_page\";s:2:\"-1\";s:24:\"instructor_register_page\";s:2:\"-1\";s:21:\"student_register_page\";s:2:\"-1\";s:21:\"course_permalink_base\";s:7:\"courses\";s:21:\"lesson_permalink_base\";s:6:\"sesion\";s:37:\"lesson_video_duration_youtube_api_key\";s:0:\"\";s:25:\"enable_profile_completion\";s:2:\"on\";s:25:\"enable_tutor_native_login\";s:2:\"on\";s:16:\"tutor_login_page\";s:2:\"53\";s:19:\"delete_on_uninstall\";s:3:\"off\";s:29:\"enable_tutor_maintenance_mode\";s:3:\"off\";s:24:\"hide_admin_bar_for_users\";s:2:\"on\";s:18:\"hotlink_protection\";s:2:\"on\";s:15:\"copy_protection\";s:2:\"on\";s:14:\"chatgpt_enable\";s:2:\"on\";s:15:\"chatgpt_api_key\";s:0:\"\";s:23:\"chatgpt_bubble_position\";s:12:\"bottom_right\";s:28:\"gradebook_enable_grade_point\";s:2:\"on\";s:26:\"gradebook_show_grade_scale\";s:3:\"off\";s:25:\"gradebook_scale_separator\";s:1:\"/\";s:15:\"gradebook_scale\";s:2:\"20\";s:28:\"tutor_email_template_logo_id\";s:0:\"\";s:17:\"email_logo_height\";s:2:\"30\";s:20:\"email_disable_banner\";s:3:\"off\";s:17:\"email_template_bg\";s:0:\"\";s:15:\"email_from_name\";s:16:\"Intranet Farenet\";s:18:\"email_from_address\";s:26:\"admin@intranet.farenet.com\";s:17:\"email_footer_text\";s:365:\"\"<p style=\\\"text-align: center; color: #757c8e;\\\">{site_name} \\u00a9 2022 Todos los derechos reservados.<\\/p>\\r\\n<p style=\\\"text-align: center; color: #41454f; padding-bottom: 30px;\\\"><a style=\\\"text-decoration: none; color: inherit;\\\">Privacidad y pol\\u00edtica<\\/a> \\u22c5 <a style=\\\"text-decoration: none; color: inherit;\\\">T\\u00e9rminos y condiciones<\\/a><\\/p>\"\";s:17:\"email_to_students\";a:13:{s:15:\"course_enrolled\";s:2:\"on\";s:14:\"quiz_completed\";s:3:\"off\";s:16:\"completed_course\";s:3:\"off\";s:18:\"remove_from_course\";s:3:\"off\";s:17:\"assignment_graded\";s:3:\"off\";s:23:\"new_announcement_posted\";s:3:\"off\";s:20:\"announcement_updated\";s:3:\"off\";s:23:\"after_question_answered\";s:3:\"off\";s:27:\"feedback_submitted_for_quiz\";s:3:\"off\";s:18:\"enrollment_expired\";s:3:\"off\";s:20:\"new_lesson_published\";s:3:\"off\";s:18:\"new_quiz_published\";s:3:\"off\";s:24:\"new_assignment_published\";s:3:\"off\";}s:17:\"email_to_teachers\";a:14:{s:28:\"a_student_enrolled_in_course\";s:3:\"off\";s:26:\"a_student_completed_course\";s:3:\"off\";s:26:\"a_student_completed_lesson\";s:3:\"off\";s:25:\"a_student_placed_question\";s:3:\"off\";s:22:\"student_submitted_quiz\";s:3:\"off\";s:28:\"student_submitted_assignment\";s:3:\"off\";s:27:\"withdrawal_request_approved\";s:3:\"off\";s:27:\"withdrawal_request_rejected\";s:3:\"off\";s:27:\"withdrawal_request_received\";s:3:\"off\";s:31:\"instructor_application_accepted\";s:3:\"off\";s:31:\"instructor_application_rejected\";s:3:\"off\";s:31:\"instructor_application_received\";s:3:\"off\";s:25:\"instructor_course_publish\";s:3:\"off\";s:28:\"a_instructor_course_rejected\";s:3:\"off\";}s:14:\"email_to_admin\";a:6:{s:21:\"new_instructor_signup\";s:2:\"on\";s:18:\"new_student_signup\";s:2:\"on\";s:20:\"new_course_submitted\";s:2:\"on\";s:20:\"new_course_published\";s:2:\"on\";s:14:\"course_updated\";s:2:\"on\";s:22:\"new_withdrawal_request\";s:2:\"on\";}s:26:\"tutor_email_disable_wpcron\";s:3:\"off\";s:26:\"tutor_email_cron_frequency\";s:3:\"300\";s:22:\"tutor_bulk_email_limit\";s:2:\"10\";s:10:\"enable_2fa\";s:3:\"off\";s:10:\"method_2fa\";s:5:\"email\";s:12:\"location_2fa\";s:11:\"tutor_login\";s:22:\"enable_spam_protection\";s:3:\"off\";s:22:\"spam_protection_method\";s:8:\"honeypot\";s:21:\"recaptcha_v2_site_key\";s:0:\"\";s:23:\"recaptcha_v2_secret_key\";s:0:\"\";s:21:\"recaptcha_v3_site_key\";s:0:\"\";s:23:\"recaptcha_v3_secret_key\";s:0:\"\";s:24:\"spam_protection_location\";a:2:{s:11:\"tutor_login\";s:11:\"tutor_login\";s:18:\"tutor_registration\";s:18:\"tutor_registration\";}s:26:\"enable_limit_active_device\";s:3:\"off\";s:12:\"device_limit\";s:1:\"1\";s:25:\"enable_email_verification\";s:3:\"off\";s:38:\"instructor_can_use_admin_cert_template\";s:3:\"off\";s:26:\"tutor_cert_authorised_name\";s:15:\"Authorised Name\";s:34:\"tutor_cert_authorised_company_name\";s:12:\"Company Name\";s:22:\"tutor_certificate_page\";s:3:\"177\";s:35:\"show_instructor_name_on_certificate\";s:3:\"off\";s:48:\"send_certificate_link_to_course_completion_email\";s:3:\"off\";s:29:\"tutor_cert_signature_image_id\";s:110:\"https://intranet.farenet.com/wp-content/plugins/tutor-pro/addons/tutor-certificate/assets/images/signature.png\";}', 'yes'),
(708, 'tutor_version', '2.6.1', 'yes'),
(709, 'tutor_first_activation_time', '1678910659', 'yes'),
(710, 'tutor_wizard', 'active', 'yes'),
(713, 'widget_tutor_course_widget', 'a:1:{s:12:\"_multiwidget\";i:1;}', 'yes'),
(715, 'tutor_welcome_page_visited', '1', 'yes'),
(716, 'tutor_license_info', 'a:7:{s:9:\"activated\";b:1;s:11:\"license_key\";s:25:\"4A0EB-484014-326810-C07A7\";s:10:\"license_to\";s:7:\"kflores\";s:10:\"expires_at\";s:10:\"2025-03-25\";s:12:\"activated_at\";N;s:12:\"license_type\";s:10:\"Individual\";s:3:\"msg\";s:47:\"License key successfully verified and activated\";}', 'yes');
INSERT INTO `wpqa_options` (`option_id`, `option_name`, `option_value`, `autoload`) VALUES
(718, 'tutor_settings_log', 'a:10:{s:22:\"tutor-saved-1698380600\";a:4:{s:8:\"datetime\";i:1698380600;s:12:\"history_date\";s:21:\"27 Oct, 2023, 4:23 am\";s:8:\"datatype\";s:5:\"saved\";s:7:\"dataset\";a:139:{s:23:\"tutor_dashboard_page_id\";s:1:\"7\";s:17:\"tutor_toc_page_id\";s:2:\"-1\";s:25:\"enable_course_marketplace\";s:3:\"off\";s:19:\"pagination_per_page\";s:2:\"20\";s:29:\"instructor_can_publish_course\";s:2:\"on\";s:28:\"enable_become_instructor_btn\";s:3:\"off\";s:33:\"student_must_login_to_view_course\";s:2:\"on\";s:28:\"course_content_access_for_ia\";s:3:\"off\";s:22:\"course_content_summary\";s:2:\"on\";s:47:\"wc_automatic_order_complete_redirect_to_courses\";s:3:\"off\";s:21:\"enable_spotlight_mode\";s:3:\"off\";s:45:\"auto_course_complete_on_all_lesson_completion\";s:3:\"off\";s:25:\"course_completion_process\";s:6:\"strict\";s:21:\"course_retake_feature\";s:2:\"on\";s:31:\"enable_course_review_moderation\";s:3:\"off\";s:47:\"enable_redirect_on_course_publish_from_frontend\";s:2:\"on\";s:30:\"tutor_pro_attachment_open_type\";s:8:\"download\";s:25:\"enrollment_expiry_enabled\";s:3:\"off\";s:28:\"enable_lesson_classic_editor\";s:3:\"off\";s:31:\"control_video_lesson_completion\";s:2:\"on\";s:44:\"required_percentage_to_complete_video_lesson\";s:2:\"80\";s:28:\"autoload_next_course_content\";s:2:\"on\";s:25:\"enable_comment_for_lesson\";s:2:\"on\";s:22:\"quiz_when_time_expires\";s:11:\"auto_submit\";s:24:\"quiz_answer_display_time\";s:1:\"2\";s:21:\"quiz_attempts_allowed\";s:1:\"3\";s:28:\"quiz_previous_button_enabled\";s:2:\"on\";s:17:\"quiz_grade_method\";s:13:\"highest_grade\";s:17:\"hide_quiz_details\";s:3:\"off\";s:23:\"supported_video_sources\";a:4:{i:0;s:5:\"html5\";i:1;s:12:\"external_url\";i:2;s:7:\"youtube\";i:3;s:8:\"embedded\";}s:11:\"monetize_by\";s:4:\"free\";s:37:\"tutor_woocommerce_order_auto_complete\";s:3:\"off\";s:25:\"tutor_woocommerce_invoice\";s:3:\"off\";s:22:\"enable_revenue_sharing\";s:3:\"off\";s:29:\"earning_instructor_commission\";s:2:\"20\";s:24:\"earning_admin_commission\";s:2:\"80\";s:23:\"statement_show_per_page\";s:2:\"20\";s:21:\"enable_fees_deducting\";s:3:\"off\";s:9:\"fees_name\";s:4:\"free\";s:15:\"fee_amount_type\";a:2:{s:9:\"fees_type\";s:5:\"fixed\";s:11:\"fees_amount\";s:1:\"0\";}s:19:\"min_withdraw_amount\";s:2:\"80\";s:40:\"minimum_days_for_balance_to_be_available\";s:1:\"7\";s:24:\"tutor_withdrawal_methods\";a:1:{s:22:\"bank_transfer_withdraw\";s:22:\"bank_transfer_withdraw\";}s:40:\"tutor_bank_transfer_withdraw_instruction\";s:63:\"Write the up to date bank informations of your instructor here.\";s:34:\"tutor_frontend_course_page_logo_id\";s:3:\"282\";s:19:\"courses_col_per_row\";s:1:\"3\";s:21:\"course_archive_filter\";s:2:\"on\";s:16:\"courses_per_page\";s:2:\"12\";s:24:\"supported_course_filters\";a:2:{s:3:\"tag\";s:3:\"tag\";s:16:\"difficulty_level\";s:16:\"difficulty_level\";}s:29:\"course_archive_filter_sorting\";s:2:\"on\";s:22:\"instructor_list_layout\";s:7:\"default\";s:21:\"public_profile_layout\";s:7:\"private\";s:29:\"student_public_profile_layout\";s:7:\"private\";s:26:\"display_course_instructors\";s:2:\"on\";s:24:\"enable_q_and_a_on_course\";s:2:\"on\";s:20:\"enable_course_author\";s:2:\"on\";s:19:\"enable_course_level\";s:2:\"on\";s:19:\"enable_course_share\";s:2:\"on\";s:22:\"enable_course_duration\";s:2:\"on\";s:28:\"enable_course_total_enrolled\";s:2:\"on\";s:25:\"enable_course_update_date\";s:2:\"on\";s:26:\"enable_course_progress_bar\";s:2:\"on\";s:22:\"enable_course_material\";s:2:\"on\";s:19:\"enable_course_about\";s:2:\"on\";s:25:\"enable_course_description\";s:2:\"on\";s:22:\"enable_course_benefits\";s:2:\"on\";s:26:\"enable_course_requirements\";s:2:\"on\";s:29:\"enable_course_target_audience\";s:2:\"on\";s:27:\"enable_course_announcements\";s:2:\"on\";s:20:\"enable_course_review\";s:2:\"on\";s:21:\"enable_sticky_sidebar\";s:2:\"on\";s:33:\"enrollment_box_position_in_mobile\";s:6:\"bottom\";s:27:\"enable_certificate_showcase\";s:2:\"on\";s:26:\"certificate_showcase_title\";s:21:\"Obtén tu certificado\";s:25:\"certificate_showcase_desc\";s:0:\"\";s:17:\"color_preset_type\";s:6:\"custom\";s:19:\"tutor_primary_color\";s:7:\"#0a1c57\";s:25:\"tutor_primary_hover_color\";s:7:\"#1b2c64\";s:16:\"tutor_text_color\";s:7:\"#212327\";s:16:\"tutor_gray_color\";s:7:\"#e3e5eb\";s:18:\"tutor_border_color\";s:7:\"#cdcfd5\";s:30:\"disable_default_player_youtube\";s:2:\"on\";s:28:\"disable_default_player_vimeo\";s:3:\"off\";s:28:\"enable_gutenberg_course_edit\";s:3:\"off\";s:26:\"hide_course_from_shop_page\";s:2:\"on\";s:19:\"course_archive_page\";s:2:\"-1\";s:24:\"instructor_register_page\";s:2:\"-1\";s:21:\"student_register_page\";s:2:\"-1\";s:21:\"course_permalink_base\";s:7:\"courses\";s:21:\"lesson_permalink_base\";s:6:\"sesion\";s:37:\"lesson_video_duration_youtube_api_key\";s:0:\"\";s:25:\"enable_profile_completion\";s:2:\"on\";s:25:\"enable_tutor_native_login\";s:2:\"on\";s:16:\"tutor_login_page\";s:2:\"53\";s:19:\"delete_on_uninstall\";s:3:\"off\";s:29:\"enable_tutor_maintenance_mode\";s:3:\"off\";s:24:\"hide_admin_bar_for_users\";s:2:\"on\";s:18:\"hotlink_protection\";s:2:\"on\";s:15:\"copy_protection\";s:2:\"on\";s:14:\"chatgpt_enable\";s:2:\"on\";s:15:\"chatgpt_api_key\";s:0:\"\";s:23:\"chatgpt_bubble_position\";s:12:\"bottom_right\";s:28:\"gradebook_enable_grade_point\";s:2:\"on\";s:26:\"gradebook_show_grade_scale\";s:3:\"off\";s:25:\"gradebook_scale_separator\";s:1:\"/\";s:15:\"gradebook_scale\";s:2:\"20\";s:28:\"tutor_email_template_logo_id\";s:0:\"\";s:17:\"email_logo_height\";s:2:\"30\";s:20:\"email_disable_banner\";s:3:\"off\";s:17:\"email_template_bg\";s:0:\"\";s:15:\"email_from_name\";s:16:\"Intranet Farenet\";s:18:\"email_from_address\";s:26:\"admin@intranet.farenet.com\";s:17:\"email_footer_text\";s:365:\"\"<p style=\\\"text-align: center; color: #757c8e;\\\">{site_name} \\u00a9 2022 Todos los derechos reservados.<\\/p>\\r\\n<p style=\\\"text-align: center; color: #41454f; padding-bottom: 30px;\\\"><a style=\\\"text-decoration: none; color: inherit;\\\">Privacidad y pol\\u00edtica<\\/a> \\u22c5 <a style=\\\"text-decoration: none; color: inherit;\\\">T\\u00e9rminos y condiciones<\\/a><\\/p>\"\";s:17:\"email_to_students\";a:13:{s:15:\"course_enrolled\";s:2:\"on\";s:14:\"quiz_completed\";s:3:\"off\";s:16:\"completed_course\";s:3:\"off\";s:18:\"remove_from_course\";s:3:\"off\";s:17:\"assignment_graded\";s:3:\"off\";s:23:\"new_announcement_posted\";s:3:\"off\";s:20:\"announcement_updated\";s:3:\"off\";s:23:\"after_question_answered\";s:3:\"off\";s:27:\"feedback_submitted_for_quiz\";s:3:\"off\";s:18:\"enrollment_expired\";s:3:\"off\";s:20:\"new_lesson_published\";s:3:\"off\";s:18:\"new_quiz_published\";s:3:\"off\";s:24:\"new_assignment_published\";s:3:\"off\";}s:17:\"email_to_teachers\";a:14:{s:28:\"a_student_enrolled_in_course\";s:3:\"off\";s:26:\"a_student_completed_course\";s:3:\"off\";s:26:\"a_student_completed_lesson\";s:3:\"off\";s:25:\"a_student_placed_question\";s:3:\"off\";s:22:\"student_submitted_quiz\";s:3:\"off\";s:28:\"student_submitted_assignment\";s:3:\"off\";s:27:\"withdrawal_request_approved\";s:3:\"off\";s:27:\"withdrawal_request_rejected\";s:3:\"off\";s:27:\"withdrawal_request_received\";s:3:\"off\";s:31:\"instructor_application_accepted\";s:3:\"off\";s:31:\"instructor_application_rejected\";s:3:\"off\";s:31:\"instructor_application_received\";s:3:\"off\";s:25:\"instructor_course_publish\";s:3:\"off\";s:28:\"a_instructor_course_rejected\";s:3:\"off\";}s:14:\"email_to_admin\";a:6:{s:21:\"new_instructor_signup\";s:2:\"on\";s:18:\"new_student_signup\";s:2:\"on\";s:20:\"new_course_submitted\";s:2:\"on\";s:20:\"new_course_published\";s:2:\"on\";s:14:\"course_updated\";s:2:\"on\";s:22:\"new_withdrawal_request\";s:2:\"on\";}s:26:\"tutor_email_disable_wpcron\";s:3:\"off\";s:26:\"tutor_email_cron_frequency\";s:3:\"300\";s:22:\"tutor_bulk_email_limit\";s:2:\"10\";s:10:\"enable_2fa\";s:3:\"off\";s:10:\"method_2fa\";s:5:\"email\";s:12:\"location_2fa\";s:11:\"tutor_login\";s:22:\"enable_spam_protection\";s:3:\"off\";s:22:\"spam_protection_method\";s:8:\"honeypot\";s:21:\"recaptcha_v2_site_key\";s:0:\"\";s:23:\"recaptcha_v2_secret_key\";s:0:\"\";s:21:\"recaptcha_v3_site_key\";s:0:\"\";s:23:\"recaptcha_v3_secret_key\";s:0:\"\";s:24:\"spam_protection_location\";a:2:{s:11:\"tutor_login\";s:11:\"tutor_login\";s:18:\"tutor_registration\";s:18:\"tutor_registration\";}s:26:\"enable_limit_active_device\";s:3:\"off\";s:12:\"device_limit\";s:1:\"1\";s:25:\"enable_email_verification\";s:3:\"off\";s:38:\"instructor_can_use_admin_cert_template\";s:3:\"off\";s:26:\"tutor_cert_authorised_name\";s:15:\"Authorised Name\";s:34:\"tutor_cert_authorised_company_name\";s:12:\"Company Name\";s:22:\"tutor_certificate_page\";s:3:\"177\";s:35:\"show_instructor_name_on_certificate\";s:3:\"off\";s:48:\"send_certificate_link_to_course_completion_email\";s:3:\"off\";s:29:\"tutor_cert_signature_image_id\";s:110:\"https://intranet.farenet.com/wp-content/plugins/tutor-pro/addons/tutor-certificate/assets/images/signature.png\";}}s:22:\"tutor-saved-1698380520\";a:4:{s:8:\"datetime\";i:1698380520;s:12:\"history_date\";s:21:\"27 Oct, 2023, 4:22 am\";s:8:\"datatype\";s:5:\"saved\";s:7:\"dataset\";a:139:{s:23:\"tutor_dashboard_page_id\";s:1:\"7\";s:17:\"tutor_toc_page_id\";s:2:\"-1\";s:25:\"enable_course_marketplace\";s:3:\"off\";s:19:\"pagination_per_page\";s:2:\"20\";s:29:\"instructor_can_publish_course\";s:2:\"on\";s:28:\"enable_become_instructor_btn\";s:3:\"off\";s:33:\"student_must_login_to_view_course\";s:2:\"on\";s:28:\"course_content_access_for_ia\";s:3:\"off\";s:22:\"course_content_summary\";s:2:\"on\";s:47:\"wc_automatic_order_complete_redirect_to_courses\";s:3:\"off\";s:21:\"enable_spotlight_mode\";s:3:\"off\";s:45:\"auto_course_complete_on_all_lesson_completion\";s:3:\"off\";s:25:\"course_completion_process\";s:6:\"strict\";s:21:\"course_retake_feature\";s:2:\"on\";s:31:\"enable_course_review_moderation\";s:3:\"off\";s:47:\"enable_redirect_on_course_publish_from_frontend\";s:2:\"on\";s:30:\"tutor_pro_attachment_open_type\";s:8:\"download\";s:25:\"enrollment_expiry_enabled\";s:3:\"off\";s:28:\"enable_lesson_classic_editor\";s:3:\"off\";s:31:\"control_video_lesson_completion\";s:2:\"on\";s:44:\"required_percentage_to_complete_video_lesson\";s:2:\"80\";s:28:\"autoload_next_course_content\";s:2:\"on\";s:25:\"enable_comment_for_lesson\";s:2:\"on\";s:22:\"quiz_when_time_expires\";s:11:\"auto_submit\";s:24:\"quiz_answer_display_time\";s:1:\"2\";s:21:\"quiz_attempts_allowed\";s:1:\"3\";s:28:\"quiz_previous_button_enabled\";s:2:\"on\";s:17:\"quiz_grade_method\";s:13:\"highest_grade\";s:17:\"hide_quiz_details\";s:3:\"off\";s:23:\"supported_video_sources\";a:4:{i:0;s:5:\"html5\";i:1;s:12:\"external_url\";i:2;s:7:\"youtube\";i:3;s:8:\"embedded\";}s:11:\"monetize_by\";s:4:\"free\";s:37:\"tutor_woocommerce_order_auto_complete\";s:3:\"off\";s:25:\"tutor_woocommerce_invoice\";s:3:\"off\";s:22:\"enable_revenue_sharing\";s:3:\"off\";s:29:\"earning_instructor_commission\";s:2:\"20\";s:24:\"earning_admin_commission\";s:2:\"80\";s:23:\"statement_show_per_page\";s:2:\"20\";s:21:\"enable_fees_deducting\";s:3:\"off\";s:9:\"fees_name\";s:4:\"free\";s:15:\"fee_amount_type\";a:2:{s:9:\"fees_type\";s:5:\"fixed\";s:11:\"fees_amount\";s:1:\"0\";}s:19:\"min_withdraw_amount\";s:2:\"80\";s:40:\"minimum_days_for_balance_to_be_available\";s:1:\"7\";s:24:\"tutor_withdrawal_methods\";a:1:{s:22:\"bank_transfer_withdraw\";s:22:\"bank_transfer_withdraw\";}s:40:\"tutor_bank_transfer_withdraw_instruction\";s:63:\"Write the up to date bank informations of your instructor here.\";s:34:\"tutor_frontend_course_page_logo_id\";s:3:\"282\";s:19:\"courses_col_per_row\";s:1:\"3\";s:21:\"course_archive_filter\";s:3:\"off\";s:16:\"courses_per_page\";s:2:\"12\";s:24:\"supported_course_filters\";a:2:{s:3:\"tag\";s:3:\"tag\";s:16:\"difficulty_level\";s:16:\"difficulty_level\";}s:29:\"course_archive_filter_sorting\";s:2:\"on\";s:22:\"instructor_list_layout\";s:7:\"default\";s:21:\"public_profile_layout\";s:7:\"private\";s:29:\"student_public_profile_layout\";s:7:\"private\";s:26:\"display_course_instructors\";s:2:\"on\";s:24:\"enable_q_and_a_on_course\";s:2:\"on\";s:20:\"enable_course_author\";s:2:\"on\";s:19:\"enable_course_level\";s:2:\"on\";s:19:\"enable_course_share\";s:2:\"on\";s:22:\"enable_course_duration\";s:2:\"on\";s:28:\"enable_course_total_enrolled\";s:2:\"on\";s:25:\"enable_course_update_date\";s:2:\"on\";s:26:\"enable_course_progress_bar\";s:2:\"on\";s:22:\"enable_course_material\";s:2:\"on\";s:19:\"enable_course_about\";s:2:\"on\";s:25:\"enable_course_description\";s:2:\"on\";s:22:\"enable_course_benefits\";s:2:\"on\";s:26:\"enable_course_requirements\";s:2:\"on\";s:29:\"enable_course_target_audience\";s:2:\"on\";s:27:\"enable_course_announcements\";s:2:\"on\";s:20:\"enable_course_review\";s:2:\"on\";s:21:\"enable_sticky_sidebar\";s:2:\"on\";s:33:\"enrollment_box_position_in_mobile\";s:6:\"bottom\";s:27:\"enable_certificate_showcase\";s:2:\"on\";s:26:\"certificate_showcase_title\";s:21:\"Obtén tu certificado\";s:25:\"certificate_showcase_desc\";s:0:\"\";s:17:\"color_preset_type\";s:6:\"custom\";s:19:\"tutor_primary_color\";s:7:\"#0a1c57\";s:25:\"tutor_primary_hover_color\";s:7:\"#1b2c64\";s:16:\"tutor_text_color\";s:7:\"#212327\";s:16:\"tutor_gray_color\";s:7:\"#e3e5eb\";s:18:\"tutor_border_color\";s:7:\"#cdcfd5\";s:30:\"disable_default_player_youtube\";s:2:\"on\";s:28:\"disable_default_player_vimeo\";s:3:\"off\";s:28:\"enable_gutenberg_course_edit\";s:3:\"off\";s:26:\"hide_course_from_shop_page\";s:2:\"on\";s:19:\"course_archive_page\";s:2:\"-1\";s:24:\"instructor_register_page\";s:2:\"-1\";s:21:\"student_register_page\";s:2:\"-1\";s:21:\"course_permalink_base\";s:7:\"courses\";s:21:\"lesson_permalink_base\";s:6:\"sesion\";s:37:\"lesson_video_duration_youtube_api_key\";s:0:\"\";s:25:\"enable_profile_completion\";s:2:\"on\";s:25:\"enable_tutor_native_login\";s:2:\"on\";s:16:\"tutor_login_page\";s:2:\"53\";s:19:\"delete_on_uninstall\";s:3:\"off\";s:29:\"enable_tutor_maintenance_mode\";s:3:\"off\";s:24:\"hide_admin_bar_for_users\";s:2:\"on\";s:18:\"hotlink_protection\";s:2:\"on\";s:15:\"copy_protection\";s:2:\"on\";s:14:\"chatgpt_enable\";s:2:\"on\";s:15:\"chatgpt_api_key\";s:0:\"\";s:23:\"chatgpt_bubble_position\";s:12:\"bottom_right\";s:28:\"gradebook_enable_grade_point\";s:2:\"on\";s:26:\"gradebook_show_grade_scale\";s:3:\"off\";s:25:\"gradebook_scale_separator\";s:1:\"/\";s:15:\"gradebook_scale\";s:2:\"20\";s:28:\"tutor_email_template_logo_id\";s:0:\"\";s:17:\"email_logo_height\";s:2:\"30\";s:20:\"email_disable_banner\";s:3:\"off\";s:17:\"email_template_bg\";s:0:\"\";s:15:\"email_from_name\";s:16:\"Intranet Farenet\";s:18:\"email_from_address\";s:26:\"admin@intranet.farenet.com\";s:17:\"email_footer_text\";s:365:\"\"<p style=\\\"text-align: center; color: #757c8e;\\\">{site_name} \\u00a9 2022 Todos los derechos reservados.<\\/p>\\r\\n<p style=\\\"text-align: center; color: #41454f; padding-bottom: 30px;\\\"><a style=\\\"text-decoration: none; color: inherit;\\\">Privacidad y pol\\u00edtica<\\/a> \\u22c5 <a style=\\\"text-decoration: none; color: inherit;\\\">T\\u00e9rminos y condiciones<\\/a><\\/p>\"\";s:17:\"email_to_students\";a:13:{s:15:\"course_enrolled\";s:2:\"on\";s:14:\"quiz_completed\";s:3:\"off\";s:16:\"completed_course\";s:3:\"off\";s:18:\"remove_from_course\";s:3:\"off\";s:17:\"assignment_graded\";s:3:\"off\";s:23:\"new_announcement_posted\";s:3:\"off\";s:20:\"announcement_updated\";s:3:\"off\";s:23:\"after_question_answered\";s:3:\"off\";s:27:\"feedback_submitted_for_quiz\";s:3:\"off\";s:18:\"enrollment_expired\";s:3:\"off\";s:20:\"new_lesson_published\";s:3:\"off\";s:18:\"new_quiz_published\";s:3:\"off\";s:24:\"new_assignment_published\";s:3:\"off\";}s:17:\"email_to_teachers\";a:14:{s:28:\"a_student_enrolled_in_course\";s:3:\"off\";s:26:\"a_student_completed_course\";s:3:\"off\";s:26:\"a_student_completed_lesson\";s:3:\"off\";s:25:\"a_student_placed_question\";s:3:\"off\";s:22:\"student_submitted_quiz\";s:3:\"off\";s:28:\"student_submitted_assignment\";s:3:\"off\";s:27:\"withdrawal_request_approved\";s:3:\"off\";s:27:\"withdrawal_request_rejected\";s:3:\"off\";s:27:\"withdrawal_request_received\";s:3:\"off\";s:31:\"instructor_application_accepted\";s:3:\"off\";s:31:\"instructor_application_rejected\";s:3:\"off\";s:31:\"instructor_application_received\";s:3:\"off\";s:25:\"instructor_course_publish\";s:3:\"off\";s:28:\"a_instructor_course_rejected\";s:3:\"off\";}s:14:\"email_to_admin\";a:6:{s:21:\"new_instructor_signup\";s:2:\"on\";s:18:\"new_student_signup\";s:2:\"on\";s:20:\"new_course_submitted\";s:2:\"on\";s:20:\"new_course_published\";s:2:\"on\";s:14:\"course_updated\";s:2:\"on\";s:22:\"new_withdrawal_request\";s:2:\"on\";}s:26:\"tutor_email_disable_wpcron\";s:3:\"off\";s:26:\"tutor_email_cron_frequency\";s:3:\"300\";s:22:\"tutor_bulk_email_limit\";s:2:\"10\";s:10:\"enable_2fa\";s:3:\"off\";s:10:\"method_2fa\";s:5:\"email\";s:12:\"location_2fa\";s:11:\"tutor_login\";s:22:\"enable_spam_protection\";s:3:\"off\";s:22:\"spam_protection_method\";s:8:\"honeypot\";s:21:\"recaptcha_v2_site_key\";s:0:\"\";s:23:\"recaptcha_v2_secret_key\";s:0:\"\";s:21:\"recaptcha_v3_site_key\";s:0:\"\";s:23:\"recaptcha_v3_secret_key\";s:0:\"\";s:24:\"spam_protection_location\";a:2:{s:11:\"tutor_login\";s:11:\"tutor_login\";s:18:\"tutor_registration\";s:18:\"tutor_registration\";}s:26:\"enable_limit_active_device\";s:3:\"off\";s:12:\"device_limit\";s:1:\"1\";s:25:\"enable_email_verification\";s:3:\"off\";s:38:\"instructor_can_use_admin_cert_template\";s:3:\"off\";s:26:\"tutor_cert_authorised_name\";s:15:\"Authorised Name\";s:34:\"tutor_cert_authorised_company_name\";s:12:\"Company Name\";s:22:\"tutor_certificate_page\";s:3:\"177\";s:35:\"show_instructor_name_on_certificate\";s:3:\"off\";s:48:\"send_certificate_link_to_course_completion_email\";s:3:\"off\";s:29:\"tutor_cert_signature_image_id\";s:110:\"https://intranet.farenet.com/wp-content/plugins/tutor-pro/addons/tutor-certificate/assets/images/signature.png\";}}s:22:\"tutor-saved-1698379341\";a:4:{s:8:\"datetime\";i:1698379341;s:12:\"history_date\";s:21:\"27 Oct, 2023, 4:02 am\";s:8:\"datatype\";s:5:\"saved\";s:7:\"dataset\";a:139:{s:23:\"tutor_dashboard_page_id\";s:1:\"7\";s:17:\"tutor_toc_page_id\";s:2:\"-1\";s:25:\"enable_course_marketplace\";s:3:\"off\";s:19:\"pagination_per_page\";s:2:\"20\";s:29:\"instructor_can_publish_course\";s:2:\"on\";s:28:\"enable_become_instructor_btn\";s:3:\"off\";s:33:\"student_must_login_to_view_course\";s:2:\"on\";s:28:\"course_content_access_for_ia\";s:3:\"off\";s:22:\"course_content_summary\";s:2:\"on\";s:47:\"wc_automatic_order_complete_redirect_to_courses\";s:3:\"off\";s:21:\"enable_spotlight_mode\";s:3:\"off\";s:45:\"auto_course_complete_on_all_lesson_completion\";s:3:\"off\";s:25:\"course_completion_process\";s:6:\"strict\";s:21:\"course_retake_feature\";s:2:\"on\";s:31:\"enable_course_review_moderation\";s:3:\"off\";s:47:\"enable_redirect_on_course_publish_from_frontend\";s:2:\"on\";s:30:\"tutor_pro_attachment_open_type\";s:8:\"download\";s:25:\"enrollment_expiry_enabled\";s:3:\"off\";s:28:\"enable_lesson_classic_editor\";s:3:\"off\";s:31:\"control_video_lesson_completion\";s:2:\"on\";s:44:\"required_percentage_to_complete_video_lesson\";s:2:\"80\";s:28:\"autoload_next_course_content\";s:2:\"on\";s:25:\"enable_comment_for_lesson\";s:2:\"on\";s:22:\"quiz_when_time_expires\";s:11:\"auto_submit\";s:24:\"quiz_answer_display_time\";s:1:\"2\";s:21:\"quiz_attempts_allowed\";s:1:\"3\";s:28:\"quiz_previous_button_enabled\";s:2:\"on\";s:17:\"quiz_grade_method\";s:13:\"highest_grade\";s:17:\"hide_quiz_details\";s:3:\"off\";s:23:\"supported_video_sources\";a:4:{i:0;s:5:\"html5\";i:1;s:12:\"external_url\";i:2;s:7:\"youtube\";i:3;s:8:\"embedded\";}s:11:\"monetize_by\";s:4:\"free\";s:37:\"tutor_woocommerce_order_auto_complete\";s:3:\"off\";s:25:\"tutor_woocommerce_invoice\";s:3:\"off\";s:22:\"enable_revenue_sharing\";s:3:\"off\";s:29:\"earning_instructor_commission\";s:2:\"20\";s:24:\"earning_admin_commission\";s:2:\"80\";s:23:\"statement_show_per_page\";s:2:\"20\";s:21:\"enable_fees_deducting\";s:3:\"off\";s:9:\"fees_name\";s:4:\"free\";s:15:\"fee_amount_type\";a:2:{s:9:\"fees_type\";s:5:\"fixed\";s:11:\"fees_amount\";s:1:\"0\";}s:19:\"min_withdraw_amount\";s:2:\"80\";s:40:\"minimum_days_for_balance_to_be_available\";s:1:\"7\";s:24:\"tutor_withdrawal_methods\";a:1:{s:22:\"bank_transfer_withdraw\";s:22:\"bank_transfer_withdraw\";}s:40:\"tutor_bank_transfer_withdraw_instruction\";s:63:\"Write the up to date bank informations of your instructor here.\";s:34:\"tutor_frontend_course_page_logo_id\";s:3:\"282\";s:19:\"courses_col_per_row\";s:1:\"3\";s:21:\"course_archive_filter\";s:3:\"off\";s:16:\"courses_per_page\";s:2:\"12\";s:24:\"supported_course_filters\";a:2:{s:3:\"tag\";s:3:\"tag\";s:16:\"difficulty_level\";s:16:\"difficulty_level\";}s:29:\"course_archive_filter_sorting\";s:2:\"on\";s:22:\"instructor_list_layout\";s:7:\"default\";s:21:\"public_profile_layout\";s:7:\"private\";s:29:\"student_public_profile_layout\";s:7:\"private\";s:26:\"display_course_instructors\";s:2:\"on\";s:24:\"enable_q_and_a_on_course\";s:2:\"on\";s:20:\"enable_course_author\";s:2:\"on\";s:19:\"enable_course_level\";s:2:\"on\";s:19:\"enable_course_share\";s:2:\"on\";s:22:\"enable_course_duration\";s:2:\"on\";s:28:\"enable_course_total_enrolled\";s:2:\"on\";s:25:\"enable_course_update_date\";s:2:\"on\";s:26:\"enable_course_progress_bar\";s:2:\"on\";s:22:\"enable_course_material\";s:2:\"on\";s:19:\"enable_course_about\";s:2:\"on\";s:25:\"enable_course_description\";s:2:\"on\";s:22:\"enable_course_benefits\";s:2:\"on\";s:26:\"enable_course_requirements\";s:2:\"on\";s:29:\"enable_course_target_audience\";s:2:\"on\";s:27:\"enable_course_announcements\";s:2:\"on\";s:20:\"enable_course_review\";s:2:\"on\";s:21:\"enable_sticky_sidebar\";s:2:\"on\";s:33:\"enrollment_box_position_in_mobile\";s:6:\"bottom\";s:27:\"enable_certificate_showcase\";s:2:\"on\";s:26:\"certificate_showcase_title\";s:21:\"Obtén tu certificado\";s:25:\"certificate_showcase_desc\";s:0:\"\";s:17:\"color_preset_type\";s:6:\"custom\";s:19:\"tutor_primary_color\";s:7:\"#0a1c57\";s:25:\"tutor_primary_hover_color\";s:7:\"#1b2c64\";s:16:\"tutor_text_color\";s:7:\"#212327\";s:16:\"tutor_gray_color\";s:7:\"#e3e5eb\";s:18:\"tutor_border_color\";s:7:\"#cdcfd5\";s:30:\"disable_default_player_youtube\";s:2:\"on\";s:28:\"disable_default_player_vimeo\";s:3:\"off\";s:28:\"enable_gutenberg_course_edit\";s:3:\"off\";s:26:\"hide_course_from_shop_page\";s:2:\"on\";s:19:\"course_archive_page\";s:3:\"235\";s:24:\"instructor_register_page\";s:2:\"-1\";s:21:\"student_register_page\";s:2:\"-1\";s:21:\"course_permalink_base\";s:7:\"courses\";s:21:\"lesson_permalink_base\";s:6:\"sesion\";s:37:\"lesson_video_duration_youtube_api_key\";s:0:\"\";s:25:\"enable_profile_completion\";s:2:\"on\";s:25:\"enable_tutor_native_login\";s:2:\"on\";s:16:\"tutor_login_page\";s:2:\"-1\";s:19:\"delete_on_uninstall\";s:3:\"off\";s:29:\"enable_tutor_maintenance_mode\";s:3:\"off\";s:24:\"hide_admin_bar_for_users\";s:2:\"on\";s:18:\"hotlink_protection\";s:2:\"on\";s:15:\"copy_protection\";s:2:\"on\";s:14:\"chatgpt_enable\";s:2:\"on\";s:15:\"chatgpt_api_key\";s:0:\"\";s:23:\"chatgpt_bubble_position\";s:12:\"bottom_right\";s:28:\"gradebook_enable_grade_point\";s:2:\"on\";s:26:\"gradebook_show_grade_scale\";s:3:\"off\";s:25:\"gradebook_scale_separator\";s:1:\"/\";s:15:\"gradebook_scale\";s:2:\"20\";s:28:\"tutor_email_template_logo_id\";s:0:\"\";s:17:\"email_logo_height\";s:2:\"30\";s:20:\"email_disable_banner\";s:3:\"off\";s:17:\"email_template_bg\";s:0:\"\";s:15:\"email_from_name\";s:16:\"Intranet Farenet\";s:18:\"email_from_address\";s:26:\"admin@intranet.farenet.com\";s:17:\"email_footer_text\";s:365:\"\"<p style=\\\"text-align: center; color: #757c8e;\\\">{site_name} \\u00a9 2022 Todos los derechos reservados.<\\/p>\\r\\n<p style=\\\"text-align: center; color: #41454f; padding-bottom: 30px;\\\"><a style=\\\"text-decoration: none; color: inherit;\\\">Privacidad y pol\\u00edtica<\\/a> \\u22c5 <a style=\\\"text-decoration: none; color: inherit;\\\">T\\u00e9rminos y condiciones<\\/a><\\/p>\"\";s:17:\"email_to_students\";a:13:{s:15:\"course_enrolled\";s:2:\"on\";s:14:\"quiz_completed\";s:3:\"off\";s:16:\"completed_course\";s:3:\"off\";s:18:\"remove_from_course\";s:3:\"off\";s:17:\"assignment_graded\";s:3:\"off\";s:23:\"new_announcement_posted\";s:3:\"off\";s:20:\"announcement_updated\";s:3:\"off\";s:23:\"after_question_answered\";s:3:\"off\";s:27:\"feedback_submitted_for_quiz\";s:3:\"off\";s:18:\"enrollment_expired\";s:3:\"off\";s:20:\"new_lesson_published\";s:3:\"off\";s:18:\"new_quiz_published\";s:3:\"off\";s:24:\"new_assignment_published\";s:3:\"off\";}s:17:\"email_to_teachers\";a:14:{s:28:\"a_student_enrolled_in_course\";s:3:\"off\";s:26:\"a_student_completed_course\";s:3:\"off\";s:26:\"a_student_completed_lesson\";s:3:\"off\";s:25:\"a_student_placed_question\";s:3:\"off\";s:22:\"student_submitted_quiz\";s:3:\"off\";s:28:\"student_submitted_assignment\";s:3:\"off\";s:27:\"withdrawal_request_approved\";s:3:\"off\";s:27:\"withdrawal_request_rejected\";s:3:\"off\";s:27:\"withdrawal_request_received\";s:3:\"off\";s:31:\"instructor_application_accepted\";s:3:\"off\";s:31:\"instructor_application_rejected\";s:3:\"off\";s:31:\"instructor_application_received\";s:3:\"off\";s:25:\"instructor_course_publish\";s:3:\"off\";s:28:\"a_instructor_course_rejected\";s:3:\"off\";}s:14:\"email_to_admin\";a:6:{s:21:\"new_instructor_signup\";s:2:\"on\";s:18:\"new_student_signup\";s:2:\"on\";s:20:\"new_course_submitted\";s:2:\"on\";s:20:\"new_course_published\";s:2:\"on\";s:14:\"course_updated\";s:2:\"on\";s:22:\"new_withdrawal_request\";s:2:\"on\";}s:26:\"tutor_email_disable_wpcron\";s:3:\"off\";s:26:\"tutor_email_cron_frequency\";s:3:\"300\";s:22:\"tutor_bulk_email_limit\";s:2:\"10\";s:10:\"enable_2fa\";s:3:\"off\";s:10:\"method_2fa\";s:5:\"email\";s:12:\"location_2fa\";s:11:\"tutor_login\";s:22:\"enable_spam_protection\";s:3:\"off\";s:22:\"spam_protection_method\";s:8:\"honeypot\";s:21:\"recaptcha_v2_site_key\";s:0:\"\";s:23:\"recaptcha_v2_secret_key\";s:0:\"\";s:21:\"recaptcha_v3_site_key\";s:0:\"\";s:23:\"recaptcha_v3_secret_key\";s:0:\"\";s:24:\"spam_protection_location\";a:2:{s:11:\"tutor_login\";s:11:\"tutor_login\";s:18:\"tutor_registration\";s:18:\"tutor_registration\";}s:26:\"enable_limit_active_device\";s:3:\"off\";s:12:\"device_limit\";s:1:\"1\";s:25:\"enable_email_verification\";s:3:\"off\";s:38:\"instructor_can_use_admin_cert_template\";s:3:\"off\";s:26:\"tutor_cert_authorised_name\";s:15:\"Authorised Name\";s:34:\"tutor_cert_authorised_company_name\";s:12:\"Company Name\";s:22:\"tutor_certificate_page\";s:3:\"177\";s:35:\"show_instructor_name_on_certificate\";s:3:\"off\";s:48:\"send_certificate_link_to_course_completion_email\";s:3:\"off\";s:29:\"tutor_cert_signature_image_id\";s:110:\"https://intranet.farenet.com/wp-content/plugins/tutor-pro/addons/tutor-certificate/assets/images/signature.png\";}}s:22:\"tutor-saved-1698293461\";a:4:{s:8:\"datetime\";i:1698293461;s:12:\"history_date\";s:21:\"26 Oct, 2023, 4:11 am\";s:8:\"datatype\";s:5:\"saved\";s:7:\"dataset\";a:139:{s:23:\"tutor_dashboard_page_id\";s:1:\"7\";s:17:\"tutor_toc_page_id\";s:2:\"-1\";s:25:\"enable_course_marketplace\";s:3:\"off\";s:19:\"pagination_per_page\";s:2:\"20\";s:29:\"instructor_can_publish_course\";s:2:\"on\";s:28:\"enable_become_instructor_btn\";s:3:\"off\";s:33:\"student_must_login_to_view_course\";s:2:\"on\";s:28:\"course_content_access_for_ia\";s:3:\"off\";s:22:\"course_content_summary\";s:2:\"on\";s:47:\"wc_automatic_order_complete_redirect_to_courses\";s:3:\"off\";s:21:\"enable_spotlight_mode\";s:3:\"off\";s:45:\"auto_course_complete_on_all_lesson_completion\";s:3:\"off\";s:25:\"course_completion_process\";s:6:\"strict\";s:21:\"course_retake_feature\";s:2:\"on\";s:31:\"enable_course_review_moderation\";s:3:\"off\";s:47:\"enable_redirect_on_course_publish_from_frontend\";s:2:\"on\";s:30:\"tutor_pro_attachment_open_type\";s:8:\"download\";s:25:\"enrollment_expiry_enabled\";s:3:\"off\";s:28:\"enable_lesson_classic_editor\";s:3:\"off\";s:31:\"control_video_lesson_completion\";s:3:\"off\";s:44:\"required_percentage_to_complete_video_lesson\";s:2:\"80\";s:28:\"autoload_next_course_content\";s:2:\"on\";s:25:\"enable_comment_for_lesson\";s:2:\"on\";s:22:\"quiz_when_time_expires\";s:11:\"auto_submit\";s:24:\"quiz_answer_display_time\";s:1:\"2\";s:21:\"quiz_attempts_allowed\";s:1:\"3\";s:28:\"quiz_previous_button_enabled\";s:2:\"on\";s:17:\"quiz_grade_method\";s:13:\"highest_grade\";s:17:\"hide_quiz_details\";s:3:\"off\";s:23:\"supported_video_sources\";a:4:{i:0;s:5:\"html5\";i:1;s:12:\"external_url\";i:2;s:7:\"youtube\";i:3;s:8:\"embedded\";}s:11:\"monetize_by\";s:4:\"free\";s:37:\"tutor_woocommerce_order_auto_complete\";s:3:\"off\";s:25:\"tutor_woocommerce_invoice\";s:3:\"off\";s:22:\"enable_revenue_sharing\";s:3:\"off\";s:29:\"earning_instructor_commission\";s:2:\"20\";s:24:\"earning_admin_commission\";s:2:\"80\";s:23:\"statement_show_per_page\";s:2:\"20\";s:21:\"enable_fees_deducting\";s:3:\"off\";s:9:\"fees_name\";s:4:\"free\";s:15:\"fee_amount_type\";a:2:{s:9:\"fees_type\";s:5:\"fixed\";s:11:\"fees_amount\";s:1:\"0\";}s:19:\"min_withdraw_amount\";s:2:\"80\";s:40:\"minimum_days_for_balance_to_be_available\";s:1:\"7\";s:24:\"tutor_withdrawal_methods\";a:1:{s:22:\"bank_transfer_withdraw\";s:22:\"bank_transfer_withdraw\";}s:40:\"tutor_bank_transfer_withdraw_instruction\";s:63:\"Write the up to date bank informations of your instructor here.\";s:34:\"tutor_frontend_course_page_logo_id\";s:3:\"282\";s:19:\"courses_col_per_row\";s:1:\"3\";s:21:\"course_archive_filter\";s:3:\"off\";s:16:\"courses_per_page\";s:2:\"12\";s:24:\"supported_course_filters\";a:2:{s:3:\"tag\";s:3:\"tag\";s:16:\"difficulty_level\";s:16:\"difficulty_level\";}s:29:\"course_archive_filter_sorting\";s:2:\"on\";s:22:\"instructor_list_layout\";s:19:\"portrait-horizontal\";s:21:\"public_profile_layout\";s:9:\"pp-circle\";s:29:\"student_public_profile_layout\";s:9:\"pp-circle\";s:26:\"display_course_instructors\";s:2:\"on\";s:24:\"enable_q_and_a_on_course\";s:2:\"on\";s:20:\"enable_course_author\";s:2:\"on\";s:19:\"enable_course_level\";s:2:\"on\";s:19:\"enable_course_share\";s:2:\"on\";s:22:\"enable_course_duration\";s:2:\"on\";s:28:\"enable_course_total_enrolled\";s:2:\"on\";s:25:\"enable_course_update_date\";s:2:\"on\";s:26:\"enable_course_progress_bar\";s:2:\"on\";s:22:\"enable_course_material\";s:2:\"on\";s:19:\"enable_course_about\";s:2:\"on\";s:25:\"enable_course_description\";s:2:\"on\";s:22:\"enable_course_benefits\";s:2:\"on\";s:26:\"enable_course_requirements\";s:2:\"on\";s:29:\"enable_course_target_audience\";s:2:\"on\";s:27:\"enable_course_announcements\";s:2:\"on\";s:20:\"enable_course_review\";s:2:\"on\";s:21:\"enable_sticky_sidebar\";s:2:\"on\";s:33:\"enrollment_box_position_in_mobile\";s:6:\"bottom\";s:27:\"enable_certificate_showcase\";s:2:\"on\";s:26:\"certificate_showcase_title\";s:21:\"Obtén tu certificado\";s:25:\"certificate_showcase_desc\";s:0:\"\";s:17:\"color_preset_type\";s:6:\"custom\";s:19:\"tutor_primary_color\";s:7:\"#0a1c57\";s:25:\"tutor_primary_hover_color\";s:7:\"#1b2c64\";s:16:\"tutor_text_color\";s:7:\"#212327\";s:16:\"tutor_gray_color\";s:7:\"#e3e5eb\";s:18:\"tutor_border_color\";s:7:\"#cdcfd5\";s:30:\"disable_default_player_youtube\";s:3:\"off\";s:28:\"disable_default_player_vimeo\";s:3:\"off\";s:28:\"enable_gutenberg_course_edit\";s:3:\"off\";s:26:\"hide_course_from_shop_page\";s:2:\"on\";s:19:\"course_archive_page\";s:3:\"235\";s:24:\"instructor_register_page\";s:2:\"-1\";s:21:\"student_register_page\";s:2:\"-1\";s:21:\"course_permalink_base\";s:7:\"courses\";s:21:\"lesson_permalink_base\";s:6:\"sesion\";s:37:\"lesson_video_duration_youtube_api_key\";s:0:\"\";s:25:\"enable_profile_completion\";s:2:\"on\";s:25:\"enable_tutor_native_login\";s:2:\"on\";s:16:\"tutor_login_page\";s:2:\"-1\";s:19:\"delete_on_uninstall\";s:3:\"off\";s:29:\"enable_tutor_maintenance_mode\";s:3:\"off\";s:24:\"hide_admin_bar_for_users\";s:2:\"on\";s:18:\"hotlink_protection\";s:2:\"on\";s:15:\"copy_protection\";s:2:\"on\";s:14:\"chatgpt_enable\";s:2:\"on\";s:15:\"chatgpt_api_key\";s:0:\"\";s:23:\"chatgpt_bubble_position\";s:12:\"bottom_right\";s:28:\"gradebook_enable_grade_point\";s:2:\"on\";s:26:\"gradebook_show_grade_scale\";s:3:\"off\";s:25:\"gradebook_scale_separator\";s:1:\"/\";s:15:\"gradebook_scale\";s:2:\"20\";s:28:\"tutor_email_template_logo_id\";s:0:\"\";s:17:\"email_logo_height\";s:2:\"30\";s:20:\"email_disable_banner\";s:3:\"off\";s:17:\"email_template_bg\";s:0:\"\";s:15:\"email_from_name\";s:16:\"Intranet Farenet\";s:18:\"email_from_address\";s:26:\"admin@intranet.farenet.com\";s:17:\"email_footer_text\";s:757:\"\"<p style=\\\"text-align: center; color: #757c8e;\\\"><span style=\\\"vertical-align: inherit;\\\"><span style=\\\"vertical-align: inherit;\\\">{site_name} \\u00a9 2022 Todos los derechos reservados.<\\/span><\\/span><\\/p>\\r\\n<p style=\\\"text-align: center; color: #41454f; padding-bottom: 30px;\\\"><a style=\\\"text-decoration: none; color: inherit;\\\"><span style=\\\"vertical-align: inherit;\\\"><span style=\\\"vertical-align: inherit;\\\">Privacidad y pol\\u00edtica<\\/span><\\/span><\\/a><span style=\\\"vertical-align: inherit;\\\"><span style=\\\"vertical-align: inherit;\\\"> \\u22c5 <\\/span><\\/span><a style=\\\"text-decoration: none; color: inherit;\\\"><span style=\\\"vertical-align: inherit;\\\"><span style=\\\"vertical-align: inherit;\\\">T\\u00e9rminos y condiciones<\\/span><\\/span><\\/a><\\/p>\"\";s:17:\"email_to_students\";a:13:{s:15:\"course_enrolled\";s:2:\"on\";s:14:\"quiz_completed\";s:3:\"off\";s:16:\"completed_course\";s:3:\"off\";s:18:\"remove_from_course\";s:3:\"off\";s:17:\"assignment_graded\";s:3:\"off\";s:23:\"new_announcement_posted\";s:3:\"off\";s:20:\"announcement_updated\";s:3:\"off\";s:23:\"after_question_answered\";s:3:\"off\";s:27:\"feedback_submitted_for_quiz\";s:3:\"off\";s:18:\"enrollment_expired\";s:3:\"off\";s:20:\"new_lesson_published\";s:3:\"off\";s:18:\"new_quiz_published\";s:3:\"off\";s:24:\"new_assignment_published\";s:3:\"off\";}s:17:\"email_to_teachers\";a:14:{s:28:\"a_student_enrolled_in_course\";s:3:\"off\";s:26:\"a_student_completed_course\";s:3:\"off\";s:26:\"a_student_completed_lesson\";s:3:\"off\";s:25:\"a_student_placed_question\";s:3:\"off\";s:22:\"student_submitted_quiz\";s:3:\"off\";s:28:\"student_submitted_assignment\";s:3:\"off\";s:27:\"withdrawal_request_approved\";s:3:\"off\";s:27:\"withdrawal_request_rejected\";s:3:\"off\";s:27:\"withdrawal_request_received\";s:3:\"off\";s:31:\"instructor_application_accepted\";s:3:\"off\";s:31:\"instructor_application_rejected\";s:3:\"off\";s:31:\"instructor_application_received\";s:3:\"off\";s:25:\"instructor_course_publish\";s:3:\"off\";s:28:\"a_instructor_course_rejected\";s:3:\"off\";}s:14:\"email_to_admin\";a:6:{s:21:\"new_instructor_signup\";s:2:\"on\";s:18:\"new_student_signup\";s:2:\"on\";s:20:\"new_course_submitted\";s:2:\"on\";s:20:\"new_course_published\";s:2:\"on\";s:14:\"course_updated\";s:2:\"on\";s:22:\"new_withdrawal_request\";s:2:\"on\";}s:26:\"tutor_email_disable_wpcron\";s:3:\"off\";s:26:\"tutor_email_cron_frequency\";s:3:\"300\";s:22:\"tutor_bulk_email_limit\";s:2:\"10\";s:10:\"enable_2fa\";s:3:\"off\";s:10:\"method_2fa\";s:5:\"email\";s:12:\"location_2fa\";s:11:\"tutor_login\";s:22:\"enable_spam_protection\";s:3:\"off\";s:22:\"spam_protection_method\";s:8:\"honeypot\";s:21:\"recaptcha_v2_site_key\";s:0:\"\";s:23:\"recaptcha_v2_secret_key\";s:0:\"\";s:21:\"recaptcha_v3_site_key\";s:0:\"\";s:23:\"recaptcha_v3_secret_key\";s:0:\"\";s:24:\"spam_protection_location\";a:2:{s:11:\"tutor_login\";s:11:\"tutor_login\";s:18:\"tutor_registration\";s:18:\"tutor_registration\";}s:26:\"enable_limit_active_device\";s:3:\"off\";s:12:\"device_limit\";s:1:\"1\";s:25:\"enable_email_verification\";s:3:\"off\";s:38:\"instructor_can_use_admin_cert_template\";s:3:\"off\";s:26:\"tutor_cert_authorised_name\";s:15:\"Authorised Name\";s:34:\"tutor_cert_authorised_company_name\";s:12:\"Company Name\";s:22:\"tutor_certificate_page\";s:3:\"177\";s:35:\"show_instructor_name_on_certificate\";s:3:\"off\";s:48:\"send_certificate_link_to_course_completion_email\";s:3:\"off\";s:29:\"tutor_cert_signature_image_id\";s:110:\"https://intranet.farenet.com/wp-content/plugins/tutor-pro/addons/tutor-certificate/assets/images/signature.png\";}}s:22:\"tutor-saved-1698293416\";a:4:{s:8:\"datetime\";i:1698293416;s:12:\"history_date\";s:21:\"26 Oct, 2023, 4:10 am\";s:8:\"datatype\";s:5:\"saved\";s:7:\"dataset\";a:139:{s:23:\"tutor_dashboard_page_id\";s:1:\"7\";s:17:\"tutor_toc_page_id\";s:2:\"-1\";s:25:\"enable_course_marketplace\";s:3:\"off\";s:19:\"pagination_per_page\";s:2:\"20\";s:29:\"instructor_can_publish_course\";s:2:\"on\";s:28:\"enable_become_instructor_btn\";s:3:\"off\";s:33:\"student_must_login_to_view_course\";s:2:\"on\";s:28:\"course_content_access_for_ia\";s:3:\"off\";s:22:\"course_content_summary\";s:2:\"on\";s:47:\"wc_automatic_order_complete_redirect_to_courses\";s:3:\"off\";s:21:\"enable_spotlight_mode\";s:3:\"off\";s:45:\"auto_course_complete_on_all_lesson_completion\";s:3:\"off\";s:25:\"course_completion_process\";s:6:\"strict\";s:21:\"course_retake_feature\";s:2:\"on\";s:31:\"enable_course_review_moderation\";s:3:\"off\";s:47:\"enable_redirect_on_course_publish_from_frontend\";s:2:\"on\";s:30:\"tutor_pro_attachment_open_type\";s:8:\"download\";s:25:\"enrollment_expiry_enabled\";s:3:\"off\";s:28:\"enable_lesson_classic_editor\";s:3:\"off\";s:31:\"control_video_lesson_completion\";s:3:\"off\";s:44:\"required_percentage_to_complete_video_lesson\";s:2:\"80\";s:28:\"autoload_next_course_content\";s:2:\"on\";s:25:\"enable_comment_for_lesson\";s:2:\"on\";s:22:\"quiz_when_time_expires\";s:11:\"auto_submit\";s:24:\"quiz_answer_display_time\";s:1:\"2\";s:21:\"quiz_attempts_allowed\";s:1:\"3\";s:28:\"quiz_previous_button_enabled\";s:2:\"on\";s:17:\"quiz_grade_method\";s:13:\"highest_grade\";s:17:\"hide_quiz_details\";s:3:\"off\";s:23:\"supported_video_sources\";a:4:{i:0;s:5:\"html5\";i:1;s:12:\"external_url\";i:2;s:7:\"youtube\";i:3;s:8:\"embedded\";}s:11:\"monetize_by\";s:4:\"free\";s:37:\"tutor_woocommerce_order_auto_complete\";s:3:\"off\";s:25:\"tutor_woocommerce_invoice\";s:3:\"off\";s:22:\"enable_revenue_sharing\";s:3:\"off\";s:29:\"earning_instructor_commission\";s:2:\"20\";s:24:\"earning_admin_commission\";s:2:\"80\";s:23:\"statement_show_per_page\";s:2:\"20\";s:21:\"enable_fees_deducting\";s:3:\"off\";s:9:\"fees_name\";s:4:\"free\";s:15:\"fee_amount_type\";a:2:{s:9:\"fees_type\";s:5:\"fixed\";s:11:\"fees_amount\";s:1:\"0\";}s:19:\"min_withdraw_amount\";s:2:\"80\";s:40:\"minimum_days_for_balance_to_be_available\";s:1:\"7\";s:24:\"tutor_withdrawal_methods\";a:1:{s:22:\"bank_transfer_withdraw\";s:22:\"bank_transfer_withdraw\";}s:40:\"tutor_bank_transfer_withdraw_instruction\";s:63:\"Write the up to date bank informations of your instructor here.\";s:34:\"tutor_frontend_course_page_logo_id\";s:3:\"282\";s:19:\"courses_col_per_row\";s:1:\"4\";s:21:\"course_archive_filter\";s:3:\"off\";s:16:\"courses_per_page\";s:2:\"12\";s:24:\"supported_course_filters\";a:2:{s:3:\"tag\";s:3:\"tag\";s:16:\"difficulty_level\";s:16:\"difficulty_level\";}s:29:\"course_archive_filter_sorting\";s:2:\"on\";s:22:\"instructor_list_layout\";s:19:\"portrait-horizontal\";s:21:\"public_profile_layout\";s:9:\"pp-circle\";s:29:\"student_public_profile_layout\";s:9:\"pp-circle\";s:26:\"display_course_instructors\";s:2:\"on\";s:24:\"enable_q_and_a_on_course\";s:2:\"on\";s:20:\"enable_course_author\";s:2:\"on\";s:19:\"enable_course_level\";s:2:\"on\";s:19:\"enable_course_share\";s:2:\"on\";s:22:\"enable_course_duration\";s:2:\"on\";s:28:\"enable_course_total_enrolled\";s:2:\"on\";s:25:\"enable_course_update_date\";s:2:\"on\";s:26:\"enable_course_progress_bar\";s:2:\"on\";s:22:\"enable_course_material\";s:2:\"on\";s:19:\"enable_course_about\";s:2:\"on\";s:25:\"enable_course_description\";s:2:\"on\";s:22:\"enable_course_benefits\";s:2:\"on\";s:26:\"enable_course_requirements\";s:2:\"on\";s:29:\"enable_course_target_audience\";s:2:\"on\";s:27:\"enable_course_announcements\";s:2:\"on\";s:20:\"enable_course_review\";s:2:\"on\";s:21:\"enable_sticky_sidebar\";s:2:\"on\";s:33:\"enrollment_box_position_in_mobile\";s:6:\"bottom\";s:27:\"enable_certificate_showcase\";s:2:\"on\";s:26:\"certificate_showcase_title\";s:21:\"Obtén tu certificado\";s:25:\"certificate_showcase_desc\";s:0:\"\";s:17:\"color_preset_type\";s:6:\"custom\";s:19:\"tutor_primary_color\";s:7:\"#0a1c57\";s:25:\"tutor_primary_hover_color\";s:7:\"#1b2c64\";s:16:\"tutor_text_color\";s:7:\"#212327\";s:16:\"tutor_gray_color\";s:7:\"#e3e5eb\";s:18:\"tutor_border_color\";s:7:\"#cdcfd5\";s:30:\"disable_default_player_youtube\";s:3:\"off\";s:28:\"disable_default_player_vimeo\";s:3:\"off\";s:28:\"enable_gutenberg_course_edit\";s:3:\"off\";s:26:\"hide_course_from_shop_page\";s:2:\"on\";s:19:\"course_archive_page\";s:3:\"235\";s:24:\"instructor_register_page\";s:2:\"-1\";s:21:\"student_register_page\";s:2:\"-1\";s:21:\"course_permalink_base\";s:7:\"courses\";s:21:\"lesson_permalink_base\";s:6:\"sesion\";s:37:\"lesson_video_duration_youtube_api_key\";s:0:\"\";s:25:\"enable_profile_completion\";s:2:\"on\";s:25:\"enable_tutor_native_login\";s:2:\"on\";s:16:\"tutor_login_page\";s:2:\"-1\";s:19:\"delete_on_uninstall\";s:3:\"off\";s:29:\"enable_tutor_maintenance_mode\";s:3:\"off\";s:24:\"hide_admin_bar_for_users\";s:2:\"on\";s:18:\"hotlink_protection\";s:2:\"on\";s:15:\"copy_protection\";s:2:\"on\";s:14:\"chatgpt_enable\";s:2:\"on\";s:15:\"chatgpt_api_key\";s:0:\"\";s:23:\"chatgpt_bubble_position\";s:12:\"bottom_right\";s:28:\"gradebook_enable_grade_point\";s:2:\"on\";s:26:\"gradebook_show_grade_scale\";s:3:\"off\";s:25:\"gradebook_scale_separator\";s:1:\"/\";s:15:\"gradebook_scale\";s:2:\"20\";s:28:\"tutor_email_template_logo_id\";s:0:\"\";s:17:\"email_logo_height\";s:2:\"30\";s:20:\"email_disable_banner\";s:3:\"off\";s:17:\"email_template_bg\";s:0:\"\";s:15:\"email_from_name\";s:16:\"Intranet Farenet\";s:18:\"email_from_address\";s:26:\"admin@intranet.farenet.com\";s:17:\"email_footer_text\";s:757:\"\"<p style=\\\"text-align: center; color: #757c8e;\\\"><span style=\\\"vertical-align: inherit;\\\"><span style=\\\"vertical-align: inherit;\\\">{site_name} \\u00a9 2022 Todos los derechos reservados.<\\/span><\\/span><\\/p>\\r\\n<p style=\\\"text-align: center; color: #41454f; padding-bottom: 30px;\\\"><a style=\\\"text-decoration: none; color: inherit;\\\"><span style=\\\"vertical-align: inherit;\\\"><span style=\\\"vertical-align: inherit;\\\">Privacidad y pol\\u00edtica<\\/span><\\/span><\\/a><span style=\\\"vertical-align: inherit;\\\"><span style=\\\"vertical-align: inherit;\\\"> \\u22c5 <\\/span><\\/span><a style=\\\"text-decoration: none; color: inherit;\\\"><span style=\\\"vertical-align: inherit;\\\"><span style=\\\"vertical-align: inherit;\\\">T\\u00e9rminos y condiciones<\\/span><\\/span><\\/a><\\/p>\"\";s:17:\"email_to_students\";a:13:{s:15:\"course_enrolled\";s:2:\"on\";s:14:\"quiz_completed\";s:3:\"off\";s:16:\"completed_course\";s:3:\"off\";s:18:\"remove_from_course\";s:3:\"off\";s:17:\"assignment_graded\";s:3:\"off\";s:23:\"new_announcement_posted\";s:3:\"off\";s:20:\"announcement_updated\";s:3:\"off\";s:23:\"after_question_answered\";s:3:\"off\";s:27:\"feedback_submitted_for_quiz\";s:3:\"off\";s:18:\"enrollment_expired\";s:3:\"off\";s:20:\"new_lesson_published\";s:3:\"off\";s:18:\"new_quiz_published\";s:3:\"off\";s:24:\"new_assignment_published\";s:3:\"off\";}s:17:\"email_to_teachers\";a:14:{s:28:\"a_student_enrolled_in_course\";s:3:\"off\";s:26:\"a_student_completed_course\";s:3:\"off\";s:26:\"a_student_completed_lesson\";s:3:\"off\";s:25:\"a_student_placed_question\";s:3:\"off\";s:22:\"student_submitted_quiz\";s:3:\"off\";s:28:\"student_submitted_assignment\";s:3:\"off\";s:27:\"withdrawal_request_approved\";s:3:\"off\";s:27:\"withdrawal_request_rejected\";s:3:\"off\";s:27:\"withdrawal_request_received\";s:3:\"off\";s:31:\"instructor_application_accepted\";s:3:\"off\";s:31:\"instructor_application_rejected\";s:3:\"off\";s:31:\"instructor_application_received\";s:3:\"off\";s:25:\"instructor_course_publish\";s:3:\"off\";s:28:\"a_instructor_course_rejected\";s:3:\"off\";}s:14:\"email_to_admin\";a:6:{s:21:\"new_instructor_signup\";s:2:\"on\";s:18:\"new_student_signup\";s:2:\"on\";s:20:\"new_course_submitted\";s:2:\"on\";s:20:\"new_course_published\";s:2:\"on\";s:14:\"course_updated\";s:2:\"on\";s:22:\"new_withdrawal_request\";s:2:\"on\";}s:26:\"tutor_email_disable_wpcron\";s:3:\"off\";s:26:\"tutor_email_cron_frequency\";s:3:\"300\";s:22:\"tutor_bulk_email_limit\";s:2:\"10\";s:10:\"enable_2fa\";s:3:\"off\";s:10:\"method_2fa\";s:5:\"email\";s:12:\"location_2fa\";s:11:\"tutor_login\";s:22:\"enable_spam_protection\";s:3:\"off\";s:22:\"spam_protection_method\";s:8:\"honeypot\";s:21:\"recaptcha_v2_site_key\";s:0:\"\";s:23:\"recaptcha_v2_secret_key\";s:0:\"\";s:21:\"recaptcha_v3_site_key\";s:0:\"\";s:23:\"recaptcha_v3_secret_key\";s:0:\"\";s:24:\"spam_protection_location\";a:2:{s:11:\"tutor_login\";s:11:\"tutor_login\";s:18:\"tutor_registration\";s:18:\"tutor_registration\";}s:26:\"enable_limit_active_device\";s:3:\"off\";s:12:\"device_limit\";s:1:\"1\";s:25:\"enable_email_verification\";s:3:\"off\";s:38:\"instructor_can_use_admin_cert_template\";s:3:\"off\";s:26:\"tutor_cert_authorised_name\";s:15:\"Authorised Name\";s:34:\"tutor_cert_authorised_company_name\";s:12:\"Company Name\";s:22:\"tutor_certificate_page\";s:3:\"177\";s:35:\"show_instructor_name_on_certificate\";s:3:\"off\";s:48:\"send_certificate_link_to_course_completion_email\";s:3:\"off\";s:29:\"tutor_cert_signature_image_id\";s:110:\"https://intranet.farenet.com/wp-content/plugins/tutor-pro/addons/tutor-certificate/assets/images/signature.png\";}}s:22:\"tutor-saved-1698293089\";a:4:{s:8:\"datetime\";i:1698293089;s:12:\"history_date\";s:21:\"26 Oct, 2023, 4:04 am\";s:8:\"datatype\";s:5:\"saved\";s:7:\"dataset\";a:138:{s:23:\"tutor_dashboard_page_id\";s:1:\"7\";s:17:\"tutor_toc_page_id\";s:2:\"-1\";s:25:\"enable_course_marketplace\";s:3:\"off\";s:19:\"pagination_per_page\";s:2:\"20\";s:29:\"instructor_can_publish_course\";s:2:\"on\";s:28:\"enable_become_instructor_btn\";s:3:\"off\";s:33:\"student_must_login_to_view_course\";s:2:\"on\";s:28:\"course_content_access_for_ia\";s:3:\"off\";s:22:\"course_content_summary\";s:2:\"on\";s:47:\"wc_automatic_order_complete_redirect_to_courses\";s:3:\"off\";s:21:\"enable_spotlight_mode\";s:3:\"off\";s:45:\"auto_course_complete_on_all_lesson_completion\";s:3:\"off\";s:25:\"course_completion_process\";s:6:\"strict\";s:21:\"course_retake_feature\";s:2:\"on\";s:31:\"enable_course_review_moderation\";s:3:\"off\";s:47:\"enable_redirect_on_course_publish_from_frontend\";s:2:\"on\";s:30:\"tutor_pro_attachment_open_type\";s:8:\"download\";s:25:\"enrollment_expiry_enabled\";s:3:\"off\";s:28:\"enable_lesson_classic_editor\";s:3:\"off\";s:31:\"control_video_lesson_completion\";s:3:\"off\";s:44:\"required_percentage_to_complete_video_lesson\";s:2:\"80\";s:28:\"autoload_next_course_content\";s:2:\"on\";s:25:\"enable_comment_for_lesson\";s:2:\"on\";s:22:\"quiz_when_time_expires\";s:11:\"auto_submit\";s:24:\"quiz_answer_display_time\";s:1:\"2\";s:21:\"quiz_attempts_allowed\";s:1:\"3\";s:28:\"quiz_previous_button_enabled\";s:2:\"on\";s:17:\"quiz_grade_method\";s:13:\"highest_grade\";s:17:\"hide_quiz_details\";s:3:\"off\";s:23:\"supported_video_sources\";a:4:{i:0;s:5:\"html5\";i:1;s:12:\"external_url\";i:2;s:7:\"youtube\";i:3;s:8:\"embedded\";}s:11:\"monetize_by\";s:4:\"free\";s:37:\"tutor_woocommerce_order_auto_complete\";s:3:\"off\";s:25:\"tutor_woocommerce_invoice\";s:3:\"off\";s:22:\"enable_revenue_sharing\";s:3:\"off\";s:29:\"earning_instructor_commission\";s:2:\"20\";s:24:\"earning_admin_commission\";s:2:\"80\";s:23:\"statement_show_per_page\";s:2:\"20\";s:21:\"enable_fees_deducting\";s:3:\"off\";s:9:\"fees_name\";s:4:\"free\";s:15:\"fee_amount_type\";a:2:{s:9:\"fees_type\";s:5:\"fixed\";s:11:\"fees_amount\";s:1:\"0\";}s:19:\"min_withdraw_amount\";s:2:\"80\";s:40:\"minimum_days_for_balance_to_be_available\";s:1:\"7\";s:24:\"tutor_withdrawal_methods\";a:1:{s:22:\"bank_transfer_withdraw\";s:22:\"bank_transfer_withdraw\";}s:40:\"tutor_bank_transfer_withdraw_instruction\";s:63:\"Write the up to date bank informations of your instructor here.\";s:34:\"tutor_frontend_course_page_logo_id\";s:3:\"282\";s:19:\"courses_col_per_row\";s:1:\"4\";s:21:\"course_archive_filter\";s:3:\"off\";s:16:\"courses_per_page\";s:2:\"12\";s:29:\"course_archive_filter_sorting\";s:2:\"on\";s:22:\"instructor_list_layout\";s:19:\"portrait-horizontal\";s:21:\"public_profile_layout\";s:9:\"pp-circle\";s:29:\"student_public_profile_layout\";s:9:\"pp-circle\";s:26:\"display_course_instructors\";s:2:\"on\";s:24:\"enable_q_and_a_on_course\";s:2:\"on\";s:20:\"enable_course_author\";s:2:\"on\";s:19:\"enable_course_level\";s:2:\"on\";s:19:\"enable_course_share\";s:2:\"on\";s:22:\"enable_course_duration\";s:2:\"on\";s:28:\"enable_course_total_enrolled\";s:2:\"on\";s:25:\"enable_course_update_date\";s:2:\"on\";s:26:\"enable_course_progress_bar\";s:2:\"on\";s:22:\"enable_course_material\";s:2:\"on\";s:19:\"enable_course_about\";s:2:\"on\";s:25:\"enable_course_description\";s:2:\"on\";s:22:\"enable_course_benefits\";s:2:\"on\";s:26:\"enable_course_requirements\";s:2:\"on\";s:29:\"enable_course_target_audience\";s:2:\"on\";s:27:\"enable_course_announcements\";s:2:\"on\";s:20:\"enable_course_review\";s:2:\"on\";s:21:\"enable_sticky_sidebar\";s:2:\"on\";s:33:\"enrollment_box_position_in_mobile\";s:6:\"bottom\";s:27:\"enable_certificate_showcase\";s:2:\"on\";s:26:\"certificate_showcase_title\";s:21:\"Obtén tu certificado\";s:25:\"certificate_showcase_desc\";s:0:\"\";s:17:\"color_preset_type\";s:6:\"custom\";s:19:\"tutor_primary_color\";s:7:\"#0a1c57\";s:25:\"tutor_primary_hover_color\";s:7:\"#1b2c64\";s:16:\"tutor_text_color\";s:7:\"#212327\";s:16:\"tutor_gray_color\";s:7:\"#e3e5eb\";s:18:\"tutor_border_color\";s:7:\"#cdcfd5\";s:30:\"disable_default_player_youtube\";s:3:\"off\";s:28:\"disable_default_player_vimeo\";s:3:\"off\";s:28:\"enable_gutenberg_course_edit\";s:3:\"off\";s:26:\"hide_course_from_shop_page\";s:2:\"on\";s:19:\"course_archive_page\";s:3:\"235\";s:24:\"instructor_register_page\";s:2:\"-1\";s:21:\"student_register_page\";s:2:\"-1\";s:21:\"course_permalink_base\";s:7:\"courses\";s:21:\"lesson_permalink_base\";s:6:\"sesion\";s:37:\"lesson_video_duration_youtube_api_key\";s:0:\"\";s:25:\"enable_profile_completion\";s:2:\"on\";s:25:\"enable_tutor_native_login\";s:2:\"on\";s:16:\"tutor_login_page\";s:2:\"-1\";s:19:\"delete_on_uninstall\";s:3:\"off\";s:29:\"enable_tutor_maintenance_mode\";s:3:\"off\";s:24:\"hide_admin_bar_for_users\";s:2:\"on\";s:18:\"hotlink_protection\";s:2:\"on\";s:15:\"copy_protection\";s:2:\"on\";s:14:\"chatgpt_enable\";s:2:\"on\";s:15:\"chatgpt_api_key\";s:0:\"\";s:23:\"chatgpt_bubble_position\";s:12:\"bottom_right\";s:28:\"gradebook_enable_grade_point\";s:2:\"on\";s:26:\"gradebook_show_grade_scale\";s:3:\"off\";s:25:\"gradebook_scale_separator\";s:1:\"/\";s:15:\"gradebook_scale\";s:2:\"20\";s:28:\"tutor_email_template_logo_id\";s:0:\"\";s:17:\"email_logo_height\";s:2:\"30\";s:20:\"email_disable_banner\";s:3:\"off\";s:17:\"email_template_bg\";s:0:\"\";s:15:\"email_from_name\";s:16:\"Intranet Farenet\";s:18:\"email_from_address\";s:26:\"admin@intranet.farenet.com\";s:17:\"email_footer_text\";s:757:\"\"<p style=\\\"text-align: center; color: #757c8e;\\\"><span style=\\\"vertical-align: inherit;\\\"><span style=\\\"vertical-align: inherit;\\\">{site_name} \\u00a9 2022 Todos los derechos reservados.<\\/span><\\/span><\\/p>\\r\\n<p style=\\\"text-align: center; color: #41454f; padding-bottom: 30px;\\\"><a style=\\\"text-decoration: none; color: inherit;\\\"><span style=\\\"vertical-align: inherit;\\\"><span style=\\\"vertical-align: inherit;\\\">Privacidad y pol\\u00edtica<\\/span><\\/span><\\/a><span style=\\\"vertical-align: inherit;\\\"><span style=\\\"vertical-align: inherit;\\\"> \\u22c5 <\\/span><\\/span><a style=\\\"text-decoration: none; color: inherit;\\\"><span style=\\\"vertical-align: inherit;\\\"><span style=\\\"vertical-align: inherit;\\\">T\\u00e9rminos y condiciones<\\/span><\\/span><\\/a><\\/p>\"\";s:17:\"email_to_students\";a:13:{s:15:\"course_enrolled\";s:2:\"on\";s:14:\"quiz_completed\";s:3:\"off\";s:16:\"completed_course\";s:3:\"off\";s:18:\"remove_from_course\";s:3:\"off\";s:17:\"assignment_graded\";s:3:\"off\";s:23:\"new_announcement_posted\";s:3:\"off\";s:20:\"announcement_updated\";s:3:\"off\";s:23:\"after_question_answered\";s:3:\"off\";s:27:\"feedback_submitted_for_quiz\";s:3:\"off\";s:18:\"enrollment_expired\";s:3:\"off\";s:20:\"new_lesson_published\";s:3:\"off\";s:18:\"new_quiz_published\";s:3:\"off\";s:24:\"new_assignment_published\";s:3:\"off\";}s:17:\"email_to_teachers\";a:14:{s:28:\"a_student_enrolled_in_course\";s:3:\"off\";s:26:\"a_student_completed_course\";s:3:\"off\";s:26:\"a_student_completed_lesson\";s:3:\"off\";s:25:\"a_student_placed_question\";s:3:\"off\";s:22:\"student_submitted_quiz\";s:3:\"off\";s:28:\"student_submitted_assignment\";s:3:\"off\";s:27:\"withdrawal_request_approved\";s:3:\"off\";s:27:\"withdrawal_request_rejected\";s:3:\"off\";s:27:\"withdrawal_request_received\";s:3:\"off\";s:31:\"instructor_application_accepted\";s:3:\"off\";s:31:\"instructor_application_rejected\";s:3:\"off\";s:31:\"instructor_application_received\";s:3:\"off\";s:25:\"instructor_course_publish\";s:3:\"off\";s:28:\"a_instructor_course_rejected\";s:3:\"off\";}s:14:\"email_to_admin\";a:6:{s:21:\"new_instructor_signup\";s:2:\"on\";s:18:\"new_student_signup\";s:2:\"on\";s:20:\"new_course_submitted\";s:2:\"on\";s:20:\"new_course_published\";s:2:\"on\";s:14:\"course_updated\";s:2:\"on\";s:22:\"new_withdrawal_request\";s:2:\"on\";}s:26:\"tutor_email_disable_wpcron\";s:3:\"off\";s:26:\"tutor_email_cron_frequency\";s:3:\"300\";s:22:\"tutor_bulk_email_limit\";s:2:\"10\";s:10:\"enable_2fa\";s:3:\"off\";s:10:\"method_2fa\";s:5:\"email\";s:12:\"location_2fa\";s:11:\"tutor_login\";s:22:\"enable_spam_protection\";s:3:\"off\";s:22:\"spam_protection_method\";s:8:\"honeypot\";s:21:\"recaptcha_v2_site_key\";s:0:\"\";s:23:\"recaptcha_v2_secret_key\";s:0:\"\";s:21:\"recaptcha_v3_site_key\";s:0:\"\";s:23:\"recaptcha_v3_secret_key\";s:0:\"\";s:24:\"spam_protection_location\";a:2:{s:11:\"tutor_login\";s:11:\"tutor_login\";s:18:\"tutor_registration\";s:18:\"tutor_registration\";}s:26:\"enable_limit_active_device\";s:3:\"off\";s:12:\"device_limit\";s:1:\"1\";s:25:\"enable_email_verification\";s:3:\"off\";s:38:\"instructor_can_use_admin_cert_template\";s:3:\"off\";s:26:\"tutor_cert_authorised_name\";s:15:\"Authorised Name\";s:34:\"tutor_cert_authorised_company_name\";s:12:\"Company Name\";s:22:\"tutor_certificate_page\";s:3:\"177\";s:35:\"show_instructor_name_on_certificate\";s:3:\"off\";s:48:\"send_certificate_link_to_course_completion_email\";s:3:\"off\";s:29:\"tutor_cert_signature_image_id\";s:110:\"https://intranet.farenet.com/wp-content/plugins/tutor-pro/addons/tutor-certificate/assets/images/signature.png\";}}s:22:\"tutor-saved-1698293037\";a:4:{s:8:\"datetime\";i:1698293037;s:12:\"history_date\";s:21:\"26 Oct, 2023, 4:03 am\";s:8:\"datatype\";s:5:\"saved\";s:7:\"dataset\";a:138:{s:23:\"tutor_dashboard_page_id\";s:1:\"7\";s:17:\"tutor_toc_page_id\";s:2:\"-1\";s:25:\"enable_course_marketplace\";s:3:\"off\";s:19:\"pagination_per_page\";s:2:\"20\";s:29:\"instructor_can_publish_course\";s:2:\"on\";s:28:\"enable_become_instructor_btn\";s:3:\"off\";s:33:\"student_must_login_to_view_course\";s:2:\"on\";s:28:\"course_content_access_for_ia\";s:3:\"off\";s:22:\"course_content_summary\";s:2:\"on\";s:47:\"wc_automatic_order_complete_redirect_to_courses\";s:3:\"off\";s:21:\"enable_spotlight_mode\";s:3:\"off\";s:45:\"auto_course_complete_on_all_lesson_completion\";s:3:\"off\";s:25:\"course_completion_process\";s:6:\"strict\";s:21:\"course_retake_feature\";s:2:\"on\";s:31:\"enable_course_review_moderation\";s:3:\"off\";s:47:\"enable_redirect_on_course_publish_from_frontend\";s:2:\"on\";s:30:\"tutor_pro_attachment_open_type\";s:8:\"download\";s:25:\"enrollment_expiry_enabled\";s:3:\"off\";s:28:\"enable_lesson_classic_editor\";s:3:\"off\";s:31:\"control_video_lesson_completion\";s:3:\"off\";s:44:\"required_percentage_to_complete_video_lesson\";s:2:\"80\";s:28:\"autoload_next_course_content\";s:2:\"on\";s:25:\"enable_comment_for_lesson\";s:2:\"on\";s:22:\"quiz_when_time_expires\";s:11:\"auto_submit\";s:24:\"quiz_answer_display_time\";s:1:\"2\";s:21:\"quiz_attempts_allowed\";s:1:\"3\";s:28:\"quiz_previous_button_enabled\";s:2:\"on\";s:17:\"quiz_grade_method\";s:13:\"highest_grade\";s:17:\"hide_quiz_details\";s:3:\"off\";s:23:\"supported_video_sources\";a:4:{i:0;s:5:\"html5\";i:1;s:12:\"external_url\";i:2;s:7:\"youtube\";i:3;s:8:\"embedded\";}s:11:\"monetize_by\";s:4:\"free\";s:37:\"tutor_woocommerce_order_auto_complete\";s:3:\"off\";s:25:\"tutor_woocommerce_invoice\";s:3:\"off\";s:22:\"enable_revenue_sharing\";s:3:\"off\";s:29:\"earning_instructor_commission\";s:2:\"20\";s:24:\"earning_admin_commission\";s:2:\"80\";s:23:\"statement_show_per_page\";s:2:\"20\";s:21:\"enable_fees_deducting\";s:3:\"off\";s:9:\"fees_name\";s:4:\"free\";s:15:\"fee_amount_type\";a:2:{s:9:\"fees_type\";s:5:\"fixed\";s:11:\"fees_amount\";s:1:\"0\";}s:19:\"min_withdraw_amount\";s:2:\"80\";s:40:\"minimum_days_for_balance_to_be_available\";s:1:\"7\";s:24:\"tutor_withdrawal_methods\";a:1:{s:22:\"bank_transfer_withdraw\";s:22:\"bank_transfer_withdraw\";}s:40:\"tutor_bank_transfer_withdraw_instruction\";s:63:\"Write the up to date bank informations of your instructor here.\";s:34:\"tutor_frontend_course_page_logo_id\";s:3:\"282\";s:19:\"courses_col_per_row\";s:1:\"4\";s:21:\"course_archive_filter\";s:2:\"on\";s:16:\"courses_per_page\";s:2:\"12\";s:29:\"course_archive_filter_sorting\";s:2:\"on\";s:22:\"instructor_list_layout\";s:19:\"portrait-horizontal\";s:21:\"public_profile_layout\";s:9:\"pp-circle\";s:29:\"student_public_profile_layout\";s:9:\"pp-circle\";s:26:\"display_course_instructors\";s:2:\"on\";s:24:\"enable_q_and_a_on_course\";s:2:\"on\";s:20:\"enable_course_author\";s:2:\"on\";s:19:\"enable_course_level\";s:2:\"on\";s:19:\"enable_course_share\";s:2:\"on\";s:22:\"enable_course_duration\";s:2:\"on\";s:28:\"enable_course_total_enrolled\";s:2:\"on\";s:25:\"enable_course_update_date\";s:2:\"on\";s:26:\"enable_course_progress_bar\";s:2:\"on\";s:22:\"enable_course_material\";s:2:\"on\";s:19:\"enable_course_about\";s:2:\"on\";s:25:\"enable_course_description\";s:2:\"on\";s:22:\"enable_course_benefits\";s:2:\"on\";s:26:\"enable_course_requirements\";s:2:\"on\";s:29:\"enable_course_target_audience\";s:2:\"on\";s:27:\"enable_course_announcements\";s:2:\"on\";s:20:\"enable_course_review\";s:2:\"on\";s:21:\"enable_sticky_sidebar\";s:3:\"off\";s:33:\"enrollment_box_position_in_mobile\";s:6:\"bottom\";s:27:\"enable_certificate_showcase\";s:3:\"off\";s:26:\"certificate_showcase_title\";s:18:\"Earn a certificate\";s:25:\"certificate_showcase_desc\";s:106:\"Add this certificate to your resume to demonstrate your skills & increase your chances of getting noticed.\";s:17:\"color_preset_type\";s:6:\"custom\";s:19:\"tutor_primary_color\";s:7:\"#0a1c57\";s:25:\"tutor_primary_hover_color\";s:7:\"#1b2c64\";s:16:\"tutor_text_color\";s:7:\"#212327\";s:16:\"tutor_gray_color\";s:7:\"#e3e5eb\";s:18:\"tutor_border_color\";s:7:\"#cdcfd5\";s:30:\"disable_default_player_youtube\";s:3:\"off\";s:28:\"disable_default_player_vimeo\";s:3:\"off\";s:28:\"enable_gutenberg_course_edit\";s:3:\"off\";s:26:\"hide_course_from_shop_page\";s:2:\"on\";s:19:\"course_archive_page\";s:3:\"235\";s:24:\"instructor_register_page\";s:2:\"-1\";s:21:\"student_register_page\";s:2:\"-1\";s:21:\"course_permalink_base\";s:7:\"courses\";s:21:\"lesson_permalink_base\";s:6:\"sesion\";s:37:\"lesson_video_duration_youtube_api_key\";s:0:\"\";s:25:\"enable_profile_completion\";s:2:\"on\";s:25:\"enable_tutor_native_login\";s:2:\"on\";s:16:\"tutor_login_page\";s:2:\"-1\";s:19:\"delete_on_uninstall\";s:3:\"off\";s:29:\"enable_tutor_maintenance_mode\";s:3:\"off\";s:24:\"hide_admin_bar_for_users\";s:2:\"on\";s:18:\"hotlink_protection\";s:2:\"on\";s:15:\"copy_protection\";s:2:\"on\";s:14:\"chatgpt_enable\";s:2:\"on\";s:15:\"chatgpt_api_key\";s:0:\"\";s:23:\"chatgpt_bubble_position\";s:12:\"bottom_right\";s:28:\"gradebook_enable_grade_point\";s:2:\"on\";s:26:\"gradebook_show_grade_scale\";s:3:\"off\";s:25:\"gradebook_scale_separator\";s:1:\"/\";s:15:\"gradebook_scale\";s:2:\"20\";s:28:\"tutor_email_template_logo_id\";s:0:\"\";s:17:\"email_logo_height\";s:2:\"30\";s:20:\"email_disable_banner\";s:3:\"off\";s:17:\"email_template_bg\";s:0:\"\";s:15:\"email_from_name\";s:16:\"Intranet Farenet\";s:18:\"email_from_address\";s:26:\"admin@intranet.farenet.com\";s:17:\"email_footer_text\";s:757:\"\"<p style=\\\"text-align: center; color: #757c8e;\\\"><span style=\\\"vertical-align: inherit;\\\"><span style=\\\"vertical-align: inherit;\\\">{site_name} \\u00a9 2022 Todos los derechos reservados.<\\/span><\\/span><\\/p>\\r\\n<p style=\\\"text-align: center; color: #41454f; padding-bottom: 30px;\\\"><a style=\\\"text-decoration: none; color: inherit;\\\"><span style=\\\"vertical-align: inherit;\\\"><span style=\\\"vertical-align: inherit;\\\">Privacidad y pol\\u00edtica<\\/span><\\/span><\\/a><span style=\\\"vertical-align: inherit;\\\"><span style=\\\"vertical-align: inherit;\\\"> \\u22c5 <\\/span><\\/span><a style=\\\"text-decoration: none; color: inherit;\\\"><span style=\\\"vertical-align: inherit;\\\"><span style=\\\"vertical-align: inherit;\\\">T\\u00e9rminos y condiciones<\\/span><\\/span><\\/a><\\/p>\"\";s:17:\"email_to_students\";a:13:{s:15:\"course_enrolled\";s:2:\"on\";s:14:\"quiz_completed\";s:3:\"off\";s:16:\"completed_course\";s:3:\"off\";s:18:\"remove_from_course\";s:3:\"off\";s:17:\"assignment_graded\";s:3:\"off\";s:23:\"new_announcement_posted\";s:3:\"off\";s:20:\"announcement_updated\";s:3:\"off\";s:23:\"after_question_answered\";s:3:\"off\";s:27:\"feedback_submitted_for_quiz\";s:3:\"off\";s:18:\"enrollment_expired\";s:3:\"off\";s:20:\"new_lesson_published\";s:3:\"off\";s:18:\"new_quiz_published\";s:3:\"off\";s:24:\"new_assignment_published\";s:3:\"off\";}s:17:\"email_to_teachers\";a:14:{s:28:\"a_student_enrolled_in_course\";s:3:\"off\";s:26:\"a_student_completed_course\";s:3:\"off\";s:26:\"a_student_completed_lesson\";s:3:\"off\";s:25:\"a_student_placed_question\";s:3:\"off\";s:22:\"student_submitted_quiz\";s:3:\"off\";s:28:\"student_submitted_assignment\";s:3:\"off\";s:27:\"withdrawal_request_approved\";s:3:\"off\";s:27:\"withdrawal_request_rejected\";s:3:\"off\";s:27:\"withdrawal_request_received\";s:3:\"off\";s:31:\"instructor_application_accepted\";s:3:\"off\";s:31:\"instructor_application_rejected\";s:3:\"off\";s:31:\"instructor_application_received\";s:3:\"off\";s:25:\"instructor_course_publish\";s:3:\"off\";s:28:\"a_instructor_course_rejected\";s:3:\"off\";}s:14:\"email_to_admin\";a:6:{s:21:\"new_instructor_signup\";s:2:\"on\";s:18:\"new_student_signup\";s:2:\"on\";s:20:\"new_course_submitted\";s:2:\"on\";s:20:\"new_course_published\";s:2:\"on\";s:14:\"course_updated\";s:2:\"on\";s:22:\"new_withdrawal_request\";s:2:\"on\";}s:26:\"tutor_email_disable_wpcron\";s:3:\"off\";s:26:\"tutor_email_cron_frequency\";s:3:\"300\";s:22:\"tutor_bulk_email_limit\";s:2:\"10\";s:10:\"enable_2fa\";s:3:\"off\";s:10:\"method_2fa\";s:5:\"email\";s:12:\"location_2fa\";s:11:\"tutor_login\";s:22:\"enable_spam_protection\";s:3:\"off\";s:22:\"spam_protection_method\";s:8:\"honeypot\";s:21:\"recaptcha_v2_site_key\";s:0:\"\";s:23:\"recaptcha_v2_secret_key\";s:0:\"\";s:21:\"recaptcha_v3_site_key\";s:0:\"\";s:23:\"recaptcha_v3_secret_key\";s:0:\"\";s:24:\"spam_protection_location\";a:2:{s:11:\"tutor_login\";s:11:\"tutor_login\";s:18:\"tutor_registration\";s:18:\"tutor_registration\";}s:26:\"enable_limit_active_device\";s:3:\"off\";s:12:\"device_limit\";s:1:\"1\";s:25:\"enable_email_verification\";s:3:\"off\";s:38:\"instructor_can_use_admin_cert_template\";s:3:\"off\";s:26:\"tutor_cert_authorised_name\";s:15:\"Authorised Name\";s:34:\"tutor_cert_authorised_company_name\";s:12:\"Company Name\";s:22:\"tutor_certificate_page\";s:3:\"177\";s:35:\"show_instructor_name_on_certificate\";s:3:\"off\";s:48:\"send_certificate_link_to_course_completion_email\";s:3:\"off\";s:29:\"tutor_cert_signature_image_id\";s:110:\"https://intranet.farenet.com/wp-content/plugins/tutor-pro/addons/tutor-certificate/assets/images/signature.png\";}}s:22:\"tutor-saved-1698292989\";a:4:{s:8:\"datetime\";i:1698292989;s:12:\"history_date\";s:21:\"26 Oct, 2023, 4:03 am\";s:8:\"datatype\";s:5:\"saved\";s:7:\"dataset\";a:138:{s:23:\"tutor_dashboard_page_id\";s:1:\"7\";s:17:\"tutor_toc_page_id\";s:2:\"-1\";s:25:\"enable_course_marketplace\";s:3:\"off\";s:19:\"pagination_per_page\";s:2:\"20\";s:29:\"instructor_can_publish_course\";s:2:\"on\";s:28:\"enable_become_instructor_btn\";s:3:\"off\";s:33:\"student_must_login_to_view_course\";s:2:\"on\";s:28:\"course_content_access_for_ia\";s:3:\"off\";s:22:\"course_content_summary\";s:2:\"on\";s:47:\"wc_automatic_order_complete_redirect_to_courses\";s:3:\"off\";s:21:\"enable_spotlight_mode\";s:3:\"off\";s:45:\"auto_course_complete_on_all_lesson_completion\";s:3:\"off\";s:25:\"course_completion_process\";s:6:\"strict\";s:21:\"course_retake_feature\";s:2:\"on\";s:31:\"enable_course_review_moderation\";s:3:\"off\";s:47:\"enable_redirect_on_course_publish_from_frontend\";s:2:\"on\";s:30:\"tutor_pro_attachment_open_type\";s:8:\"download\";s:25:\"enrollment_expiry_enabled\";s:3:\"off\";s:28:\"enable_lesson_classic_editor\";s:3:\"off\";s:31:\"control_video_lesson_completion\";s:3:\"off\";s:44:\"required_percentage_to_complete_video_lesson\";s:2:\"80\";s:28:\"autoload_next_course_content\";s:2:\"on\";s:25:\"enable_comment_for_lesson\";s:2:\"on\";s:22:\"quiz_when_time_expires\";s:11:\"auto_submit\";s:24:\"quiz_answer_display_time\";s:1:\"2\";s:21:\"quiz_attempts_allowed\";s:1:\"3\";s:28:\"quiz_previous_button_enabled\";s:2:\"on\";s:17:\"quiz_grade_method\";s:13:\"highest_grade\";s:17:\"hide_quiz_details\";s:3:\"off\";s:23:\"supported_video_sources\";a:4:{i:0;s:5:\"html5\";i:1;s:12:\"external_url\";i:2;s:7:\"youtube\";i:3;s:8:\"embedded\";}s:11:\"monetize_by\";s:4:\"free\";s:37:\"tutor_woocommerce_order_auto_complete\";s:3:\"off\";s:25:\"tutor_woocommerce_invoice\";s:3:\"off\";s:22:\"enable_revenue_sharing\";s:3:\"off\";s:29:\"earning_instructor_commission\";s:2:\"20\";s:24:\"earning_admin_commission\";s:2:\"80\";s:23:\"statement_show_per_page\";s:2:\"20\";s:21:\"enable_fees_deducting\";s:3:\"off\";s:9:\"fees_name\";s:4:\"free\";s:15:\"fee_amount_type\";a:2:{s:9:\"fees_type\";s:5:\"fixed\";s:11:\"fees_amount\";s:1:\"0\";}s:19:\"min_withdraw_amount\";s:2:\"80\";s:40:\"minimum_days_for_balance_to_be_available\";s:1:\"7\";s:24:\"tutor_withdrawal_methods\";a:1:{s:22:\"bank_transfer_withdraw\";s:22:\"bank_transfer_withdraw\";}s:40:\"tutor_bank_transfer_withdraw_instruction\";s:63:\"Write the up to date bank informations of your instructor here.\";s:34:\"tutor_frontend_course_page_logo_id\";s:3:\"282\";s:19:\"courses_col_per_row\";s:1:\"3\";s:21:\"course_archive_filter\";s:2:\"on\";s:16:\"courses_per_page\";s:2:\"12\";s:29:\"course_archive_filter_sorting\";s:2:\"on\";s:22:\"instructor_list_layout\";s:19:\"portrait-horizontal\";s:21:\"public_profile_layout\";s:9:\"pp-circle\";s:29:\"student_public_profile_layout\";s:9:\"pp-circle\";s:26:\"display_course_instructors\";s:2:\"on\";s:24:\"enable_q_and_a_on_course\";s:2:\"on\";s:20:\"enable_course_author\";s:2:\"on\";s:19:\"enable_course_level\";s:2:\"on\";s:19:\"enable_course_share\";s:2:\"on\";s:22:\"enable_course_duration\";s:2:\"on\";s:28:\"enable_course_total_enrolled\";s:2:\"on\";s:25:\"enable_course_update_date\";s:2:\"on\";s:26:\"enable_course_progress_bar\";s:2:\"on\";s:22:\"enable_course_material\";s:2:\"on\";s:19:\"enable_course_about\";s:2:\"on\";s:25:\"enable_course_description\";s:2:\"on\";s:22:\"enable_course_benefits\";s:2:\"on\";s:26:\"enable_course_requirements\";s:2:\"on\";s:29:\"enable_course_target_audience\";s:2:\"on\";s:27:\"enable_course_announcements\";s:2:\"on\";s:20:\"enable_course_review\";s:2:\"on\";s:21:\"enable_sticky_sidebar\";s:3:\"off\";s:33:\"enrollment_box_position_in_mobile\";s:6:\"bottom\";s:27:\"enable_certificate_showcase\";s:3:\"off\";s:26:\"certificate_showcase_title\";s:18:\"Earn a certificate\";s:25:\"certificate_showcase_desc\";s:106:\"Add this certificate to your resume to demonstrate your skills & increase your chances of getting noticed.\";s:17:\"color_preset_type\";s:6:\"custom\";s:19:\"tutor_primary_color\";s:7:\"#0a1c57\";s:25:\"tutor_primary_hover_color\";s:7:\"#1b2c64\";s:16:\"tutor_text_color\";s:7:\"#212327\";s:16:\"tutor_gray_color\";s:7:\"#e3e5eb\";s:18:\"tutor_border_color\";s:7:\"#cdcfd5\";s:30:\"disable_default_player_youtube\";s:3:\"off\";s:28:\"disable_default_player_vimeo\";s:3:\"off\";s:28:\"enable_gutenberg_course_edit\";s:3:\"off\";s:26:\"hide_course_from_shop_page\";s:2:\"on\";s:19:\"course_archive_page\";s:3:\"235\";s:24:\"instructor_register_page\";s:2:\"-1\";s:21:\"student_register_page\";s:2:\"-1\";s:21:\"course_permalink_base\";s:7:\"courses\";s:21:\"lesson_permalink_base\";s:6:\"sesion\";s:37:\"lesson_video_duration_youtube_api_key\";s:0:\"\";s:25:\"enable_profile_completion\";s:2:\"on\";s:25:\"enable_tutor_native_login\";s:2:\"on\";s:16:\"tutor_login_page\";s:2:\"-1\";s:19:\"delete_on_uninstall\";s:3:\"off\";s:29:\"enable_tutor_maintenance_mode\";s:3:\"off\";s:24:\"hide_admin_bar_for_users\";s:2:\"on\";s:18:\"hotlink_protection\";s:2:\"on\";s:15:\"copy_protection\";s:2:\"on\";s:14:\"chatgpt_enable\";s:2:\"on\";s:15:\"chatgpt_api_key\";s:0:\"\";s:23:\"chatgpt_bubble_position\";s:12:\"bottom_right\";s:28:\"gradebook_enable_grade_point\";s:2:\"on\";s:26:\"gradebook_show_grade_scale\";s:3:\"off\";s:25:\"gradebook_scale_separator\";s:1:\"/\";s:15:\"gradebook_scale\";s:2:\"20\";s:28:\"tutor_email_template_logo_id\";s:0:\"\";s:17:\"email_logo_height\";s:2:\"30\";s:20:\"email_disable_banner\";s:3:\"off\";s:17:\"email_template_bg\";s:0:\"\";s:15:\"email_from_name\";s:16:\"Intranet Farenet\";s:18:\"email_from_address\";s:26:\"admin@intranet.farenet.com\";s:17:\"email_footer_text\";s:757:\"\"<p style=\\\"text-align: center; color: #757c8e;\\\"><span style=\\\"vertical-align: inherit;\\\"><span style=\\\"vertical-align: inherit;\\\">{site_name} \\u00a9 2022 Todos los derechos reservados.<\\/span><\\/span><\\/p>\\r\\n<p style=\\\"text-align: center; color: #41454f; padding-bottom: 30px;\\\"><a style=\\\"text-decoration: none; color: inherit;\\\"><span style=\\\"vertical-align: inherit;\\\"><span style=\\\"vertical-align: inherit;\\\">Privacidad y pol\\u00edtica<\\/span><\\/span><\\/a><span style=\\\"vertical-align: inherit;\\\"><span style=\\\"vertical-align: inherit;\\\"> \\u22c5 <\\/span><\\/span><a style=\\\"text-decoration: none; color: inherit;\\\"><span style=\\\"vertical-align: inherit;\\\"><span style=\\\"vertical-align: inherit;\\\">T\\u00e9rminos y condiciones<\\/span><\\/span><\\/a><\\/p>\"\";s:17:\"email_to_students\";a:13:{s:15:\"course_enrolled\";s:2:\"on\";s:14:\"quiz_completed\";s:3:\"off\";s:16:\"completed_course\";s:3:\"off\";s:18:\"remove_from_course\";s:3:\"off\";s:17:\"assignment_graded\";s:3:\"off\";s:23:\"new_announcement_posted\";s:3:\"off\";s:20:\"announcement_updated\";s:3:\"off\";s:23:\"after_question_answered\";s:3:\"off\";s:27:\"feedback_submitted_for_quiz\";s:3:\"off\";s:18:\"enrollment_expired\";s:3:\"off\";s:20:\"new_lesson_published\";s:3:\"off\";s:18:\"new_quiz_published\";s:3:\"off\";s:24:\"new_assignment_published\";s:3:\"off\";}s:17:\"email_to_teachers\";a:14:{s:28:\"a_student_enrolled_in_course\";s:3:\"off\";s:26:\"a_student_completed_course\";s:3:\"off\";s:26:\"a_student_completed_lesson\";s:3:\"off\";s:25:\"a_student_placed_question\";s:3:\"off\";s:22:\"student_submitted_quiz\";s:3:\"off\";s:28:\"student_submitted_assignment\";s:3:\"off\";s:27:\"withdrawal_request_approved\";s:3:\"off\";s:27:\"withdrawal_request_rejected\";s:3:\"off\";s:27:\"withdrawal_request_received\";s:3:\"off\";s:31:\"instructor_application_accepted\";s:3:\"off\";s:31:\"instructor_application_rejected\";s:3:\"off\";s:31:\"instructor_application_received\";s:3:\"off\";s:25:\"instructor_course_publish\";s:3:\"off\";s:28:\"a_instructor_course_rejected\";s:3:\"off\";}s:14:\"email_to_admin\";a:6:{s:21:\"new_instructor_signup\";s:2:\"on\";s:18:\"new_student_signup\";s:2:\"on\";s:20:\"new_course_submitted\";s:2:\"on\";s:20:\"new_course_published\";s:2:\"on\";s:14:\"course_updated\";s:2:\"on\";s:22:\"new_withdrawal_request\";s:2:\"on\";}s:26:\"tutor_email_disable_wpcron\";s:3:\"off\";s:26:\"tutor_email_cron_frequency\";s:3:\"300\";s:22:\"tutor_bulk_email_limit\";s:2:\"10\";s:10:\"enable_2fa\";s:3:\"off\";s:10:\"method_2fa\";s:5:\"email\";s:12:\"location_2fa\";s:11:\"tutor_login\";s:22:\"enable_spam_protection\";s:3:\"off\";s:22:\"spam_protection_method\";s:8:\"honeypot\";s:21:\"recaptcha_v2_site_key\";s:0:\"\";s:23:\"recaptcha_v2_secret_key\";s:0:\"\";s:21:\"recaptcha_v3_site_key\";s:0:\"\";s:23:\"recaptcha_v3_secret_key\";s:0:\"\";s:24:\"spam_protection_location\";a:2:{s:11:\"tutor_login\";s:11:\"tutor_login\";s:18:\"tutor_registration\";s:18:\"tutor_registration\";}s:26:\"enable_limit_active_device\";s:3:\"off\";s:12:\"device_limit\";s:1:\"1\";s:25:\"enable_email_verification\";s:3:\"off\";s:38:\"instructor_can_use_admin_cert_template\";s:3:\"off\";s:26:\"tutor_cert_authorised_name\";s:15:\"Authorised Name\";s:34:\"tutor_cert_authorised_company_name\";s:12:\"Company Name\";s:22:\"tutor_certificate_page\";s:3:\"177\";s:35:\"show_instructor_name_on_certificate\";s:3:\"off\";s:48:\"send_certificate_link_to_course_completion_email\";s:3:\"off\";s:29:\"tutor_cert_signature_image_id\";s:110:\"https://intranet.farenet.com/wp-content/plugins/tutor-pro/addons/tutor-certificate/assets/images/signature.png\";}}s:22:\"tutor-saved-1698292918\";a:4:{s:8:\"datetime\";i:1698292918;s:12:\"history_date\";s:21:\"26 Oct, 2023, 4:01 am\";s:8:\"datatype\";s:5:\"saved\";s:7:\"dataset\";a:139:{s:23:\"tutor_dashboard_page_id\";s:1:\"7\";s:17:\"tutor_toc_page_id\";s:2:\"-1\";s:25:\"enable_course_marketplace\";s:3:\"off\";s:19:\"pagination_per_page\";s:2:\"20\";s:29:\"instructor_can_publish_course\";s:2:\"on\";s:28:\"enable_become_instructor_btn\";s:3:\"off\";s:33:\"student_must_login_to_view_course\";s:2:\"on\";s:28:\"course_content_access_for_ia\";s:3:\"off\";s:22:\"course_content_summary\";s:2:\"on\";s:47:\"wc_automatic_order_complete_redirect_to_courses\";s:3:\"off\";s:21:\"enable_spotlight_mode\";s:3:\"off\";s:45:\"auto_course_complete_on_all_lesson_completion\";s:3:\"off\";s:25:\"course_completion_process\";s:6:\"strict\";s:21:\"course_retake_feature\";s:2:\"on\";s:31:\"enable_course_review_moderation\";s:3:\"off\";s:47:\"enable_redirect_on_course_publish_from_frontend\";s:2:\"on\";s:30:\"tutor_pro_attachment_open_type\";s:8:\"download\";s:25:\"enrollment_expiry_enabled\";s:3:\"off\";s:28:\"enable_lesson_classic_editor\";s:3:\"off\";s:31:\"control_video_lesson_completion\";s:3:\"off\";s:44:\"required_percentage_to_complete_video_lesson\";s:2:\"80\";s:28:\"autoload_next_course_content\";s:2:\"on\";s:25:\"enable_comment_for_lesson\";s:2:\"on\";s:22:\"quiz_when_time_expires\";s:11:\"auto_submit\";s:24:\"quiz_answer_display_time\";s:1:\"2\";s:21:\"quiz_attempts_allowed\";s:1:\"3\";s:28:\"quiz_previous_button_enabled\";s:2:\"on\";s:17:\"quiz_grade_method\";s:13:\"highest_grade\";s:17:\"hide_quiz_details\";s:3:\"off\";s:23:\"supported_video_sources\";a:4:{i:0;s:5:\"html5\";i:1;s:12:\"external_url\";i:2;s:7:\"youtube\";i:3;s:8:\"embedded\";}s:11:\"monetize_by\";s:4:\"free\";s:37:\"tutor_woocommerce_order_auto_complete\";s:3:\"off\";s:25:\"tutor_woocommerce_invoice\";s:3:\"off\";s:22:\"enable_revenue_sharing\";s:3:\"off\";s:29:\"earning_instructor_commission\";s:2:\"20\";s:24:\"earning_admin_commission\";s:2:\"80\";s:23:\"statement_show_per_page\";s:2:\"20\";s:21:\"enable_fees_deducting\";s:3:\"off\";s:9:\"fees_name\";s:4:\"free\";s:15:\"fee_amount_type\";a:2:{s:9:\"fees_type\";s:5:\"fixed\";s:11:\"fees_amount\";s:1:\"0\";}s:19:\"min_withdraw_amount\";s:2:\"80\";s:40:\"minimum_days_for_balance_to_be_available\";s:1:\"7\";s:24:\"tutor_withdrawal_methods\";a:1:{s:22:\"bank_transfer_withdraw\";s:22:\"bank_transfer_withdraw\";}s:40:\"tutor_bank_transfer_withdraw_instruction\";s:63:\"Write the up to date bank informations of your instructor here.\";s:34:\"tutor_frontend_course_page_logo_id\";s:3:\"282\";s:19:\"courses_col_per_row\";s:1:\"3\";s:21:\"course_archive_filter\";s:2:\"on\";s:16:\"courses_per_page\";s:2:\"12\";s:24:\"supported_course_filters\";a:3:{s:6:\"search\";s:6:\"search\";s:8:\"category\";s:8:\"category\";s:3:\"tag\";s:3:\"tag\";}s:29:\"course_archive_filter_sorting\";s:2:\"on\";s:22:\"instructor_list_layout\";s:19:\"portrait-horizontal\";s:21:\"public_profile_layout\";s:9:\"pp-circle\";s:29:\"student_public_profile_layout\";s:9:\"pp-circle\";s:26:\"display_course_instructors\";s:2:\"on\";s:24:\"enable_q_and_a_on_course\";s:2:\"on\";s:20:\"enable_course_author\";s:2:\"on\";s:19:\"enable_course_level\";s:2:\"on\";s:19:\"enable_course_share\";s:2:\"on\";s:22:\"enable_course_duration\";s:2:\"on\";s:28:\"enable_course_total_enrolled\";s:2:\"on\";s:25:\"enable_course_update_date\";s:2:\"on\";s:26:\"enable_course_progress_bar\";s:2:\"on\";s:22:\"enable_course_material\";s:2:\"on\";s:19:\"enable_course_about\";s:2:\"on\";s:25:\"enable_course_description\";s:2:\"on\";s:22:\"enable_course_benefits\";s:2:\"on\";s:26:\"enable_course_requirements\";s:2:\"on\";s:29:\"enable_course_target_audience\";s:2:\"on\";s:27:\"enable_course_announcements\";s:2:\"on\";s:20:\"enable_course_review\";s:2:\"on\";s:21:\"enable_sticky_sidebar\";s:3:\"off\";s:33:\"enrollment_box_position_in_mobile\";s:6:\"bottom\";s:27:\"enable_certificate_showcase\";s:3:\"off\";s:26:\"certificate_showcase_title\";s:18:\"Earn a certificate\";s:25:\"certificate_showcase_desc\";s:106:\"Add this certificate to your resume to demonstrate your skills & increase your chances of getting noticed.\";s:17:\"color_preset_type\";s:6:\"custom\";s:19:\"tutor_primary_color\";s:7:\"#0a1c57\";s:25:\"tutor_primary_hover_color\";s:7:\"#1b2c64\";s:16:\"tutor_text_color\";s:7:\"#212327\";s:16:\"tutor_gray_color\";s:7:\"#e3e5eb\";s:18:\"tutor_border_color\";s:7:\"#cdcfd5\";s:30:\"disable_default_player_youtube\";s:3:\"off\";s:28:\"disable_default_player_vimeo\";s:3:\"off\";s:28:\"enable_gutenberg_course_edit\";s:3:\"off\";s:26:\"hide_course_from_shop_page\";s:2:\"on\";s:19:\"course_archive_page\";s:3:\"235\";s:24:\"instructor_register_page\";s:2:\"-1\";s:21:\"student_register_page\";s:2:\"-1\";s:21:\"course_permalink_base\";s:7:\"courses\";s:21:\"lesson_permalink_base\";s:6:\"sesion\";s:37:\"lesson_video_duration_youtube_api_key\";s:0:\"\";s:25:\"enable_profile_completion\";s:2:\"on\";s:25:\"enable_tutor_native_login\";s:2:\"on\";s:16:\"tutor_login_page\";s:2:\"-1\";s:19:\"delete_on_uninstall\";s:3:\"off\";s:29:\"enable_tutor_maintenance_mode\";s:3:\"off\";s:24:\"hide_admin_bar_for_users\";s:2:\"on\";s:18:\"hotlink_protection\";s:2:\"on\";s:15:\"copy_protection\";s:2:\"on\";s:14:\"chatgpt_enable\";s:2:\"on\";s:15:\"chatgpt_api_key\";s:0:\"\";s:23:\"chatgpt_bubble_position\";s:12:\"bottom_right\";s:28:\"gradebook_enable_grade_point\";s:2:\"on\";s:26:\"gradebook_show_grade_scale\";s:3:\"off\";s:25:\"gradebook_scale_separator\";s:1:\"/\";s:15:\"gradebook_scale\";s:2:\"20\";s:28:\"tutor_email_template_logo_id\";s:0:\"\";s:17:\"email_logo_height\";s:2:\"30\";s:20:\"email_disable_banner\";s:3:\"off\";s:17:\"email_template_bg\";s:0:\"\";s:15:\"email_from_name\";s:16:\"Intranet Farenet\";s:18:\"email_from_address\";s:26:\"admin@intranet.farenet.com\";s:17:\"email_footer_text\";s:757:\"\"<p style=\\\"text-align: center; color: #757c8e;\\\"><span style=\\\"vertical-align: inherit;\\\"><span style=\\\"vertical-align: inherit;\\\">{site_name} \\u00a9 2022 Todos los derechos reservados.<\\/span><\\/span><\\/p>\\r\\n<p style=\\\"text-align: center; color: #41454f; padding-bottom: 30px;\\\"><a style=\\\"text-decoration: none; color: inherit;\\\"><span style=\\\"vertical-align: inherit;\\\"><span style=\\\"vertical-align: inherit;\\\">Privacidad y pol\\u00edtica<\\/span><\\/span><\\/a><span style=\\\"vertical-align: inherit;\\\"><span style=\\\"vertical-align: inherit;\\\"> \\u22c5 <\\/span><\\/span><a style=\\\"text-decoration: none; color: inherit;\\\"><span style=\\\"vertical-align: inherit;\\\"><span style=\\\"vertical-align: inherit;\\\">T\\u00e9rminos y condiciones<\\/span><\\/span><\\/a><\\/p>\"\";s:17:\"email_to_students\";a:13:{s:15:\"course_enrolled\";s:2:\"on\";s:14:\"quiz_completed\";s:3:\"off\";s:16:\"completed_course\";s:3:\"off\";s:18:\"remove_from_course\";s:3:\"off\";s:17:\"assignment_graded\";s:3:\"off\";s:23:\"new_announcement_posted\";s:3:\"off\";s:20:\"announcement_updated\";s:3:\"off\";s:23:\"after_question_answered\";s:3:\"off\";s:27:\"feedback_submitted_for_quiz\";s:3:\"off\";s:18:\"enrollment_expired\";s:3:\"off\";s:20:\"new_lesson_published\";s:3:\"off\";s:18:\"new_quiz_published\";s:3:\"off\";s:24:\"new_assignment_published\";s:3:\"off\";}s:17:\"email_to_teachers\";a:14:{s:28:\"a_student_enrolled_in_course\";s:3:\"off\";s:26:\"a_student_completed_course\";s:3:\"off\";s:26:\"a_student_completed_lesson\";s:3:\"off\";s:25:\"a_student_placed_question\";s:3:\"off\";s:22:\"student_submitted_quiz\";s:3:\"off\";s:28:\"student_submitted_assignment\";s:3:\"off\";s:27:\"withdrawal_request_approved\";s:3:\"off\";s:27:\"withdrawal_request_rejected\";s:3:\"off\";s:27:\"withdrawal_request_received\";s:3:\"off\";s:31:\"instructor_application_accepted\";s:3:\"off\";s:31:\"instructor_application_rejected\";s:3:\"off\";s:31:\"instructor_application_received\";s:3:\"off\";s:25:\"instructor_course_publish\";s:3:\"off\";s:28:\"a_instructor_course_rejected\";s:3:\"off\";}s:14:\"email_to_admin\";a:6:{s:21:\"new_instructor_signup\";s:2:\"on\";s:18:\"new_student_signup\";s:2:\"on\";s:20:\"new_course_submitted\";s:2:\"on\";s:20:\"new_course_published\";s:2:\"on\";s:14:\"course_updated\";s:2:\"on\";s:22:\"new_withdrawal_request\";s:2:\"on\";}s:26:\"tutor_email_disable_wpcron\";s:3:\"off\";s:26:\"tutor_email_cron_frequency\";s:3:\"300\";s:22:\"tutor_bulk_email_limit\";s:2:\"10\";s:10:\"enable_2fa\";s:3:\"off\";s:10:\"method_2fa\";s:5:\"email\";s:12:\"location_2fa\";s:11:\"tutor_login\";s:22:\"enable_spam_protection\";s:3:\"off\";s:22:\"spam_protection_method\";s:8:\"honeypot\";s:21:\"recaptcha_v2_site_key\";s:0:\"\";s:23:\"recaptcha_v2_secret_key\";s:0:\"\";s:21:\"recaptcha_v3_site_key\";s:0:\"\";s:23:\"recaptcha_v3_secret_key\";s:0:\"\";s:24:\"spam_protection_location\";a:2:{s:11:\"tutor_login\";s:11:\"tutor_login\";s:18:\"tutor_registration\";s:18:\"tutor_registration\";}s:26:\"enable_limit_active_device\";s:3:\"off\";s:12:\"device_limit\";s:1:\"1\";s:25:\"enable_email_verification\";s:3:\"off\";s:38:\"instructor_can_use_admin_cert_template\";s:3:\"off\";s:26:\"tutor_cert_authorised_name\";s:15:\"Authorised Name\";s:34:\"tutor_cert_authorised_company_name\";s:12:\"Company Name\";s:22:\"tutor_certificate_page\";s:3:\"177\";s:35:\"show_instructor_name_on_certificate\";s:3:\"off\";s:48:\"send_certificate_link_to_course_completion_email\";s:3:\"off\";s:29:\"tutor_cert_signature_image_id\";s:110:\"https://intranet.farenet.com/wp-content/plugins/tutor-pro/addons/tutor-certificate/assets/images/signature.png\";}}s:22:\"tutor-saved-1681355336\";a:4:{s:8:\"datetime\";i:1681355336;s:12:\"history_date\";s:21:\"13 Apr, 2023, 3:08 am\";s:8:\"datatype\";s:5:\"saved\";s:7:\"dataset\";a:127:{s:23:\"tutor_dashboard_page_id\";s:1:\"7\";s:17:\"tutor_toc_page_id\";s:2:\"-1\";s:25:\"enable_course_marketplace\";s:3:\"off\";s:19:\"pagination_per_page\";s:2:\"20\";s:29:\"instructor_can_publish_course\";s:2:\"on\";s:28:\"enable_become_instructor_btn\";s:3:\"off\";s:33:\"student_must_login_to_view_course\";s:2:\"on\";s:28:\"course_content_access_for_ia\";s:3:\"off\";s:22:\"course_content_summary\";s:2:\"on\";s:47:\"wc_automatic_order_complete_redirect_to_courses\";s:3:\"off\";s:21:\"enable_spotlight_mode\";s:3:\"off\";s:45:\"auto_course_complete_on_all_lesson_completion\";s:3:\"off\";s:25:\"course_completion_process\";s:6:\"strict\";s:21:\"course_retake_feature\";s:2:\"on\";s:31:\"enable_course_review_moderation\";s:3:\"off\";s:47:\"enable_redirect_on_course_publish_from_frontend\";s:2:\"on\";s:30:\"tutor_pro_attachment_open_type\";s:8:\"download\";s:25:\"enrollment_expiry_enabled\";s:3:\"off\";s:28:\"enable_lesson_classic_editor\";s:3:\"off\";s:28:\"autoload_next_course_content\";s:2:\"on\";s:25:\"enable_comment_for_lesson\";s:2:\"on\";s:22:\"quiz_when_time_expires\";s:11:\"auto_submit\";s:24:\"quiz_answer_display_time\";s:1:\"2\";s:21:\"quiz_attempts_allowed\";s:1:\"3\";s:28:\"quiz_previous_button_enabled\";s:2:\"on\";s:17:\"quiz_grade_method\";s:13:\"highest_grade\";s:17:\"hide_quiz_details\";s:3:\"off\";s:23:\"supported_video_sources\";a:4:{i:0;s:5:\"html5\";i:1;s:12:\"external_url\";i:2;s:7:\"youtube\";i:3;s:8:\"embedded\";}s:11:\"monetize_by\";s:4:\"free\";s:37:\"tutor_woocommerce_order_auto_complete\";s:3:\"off\";s:25:\"tutor_woocommerce_invoice\";s:3:\"off\";s:22:\"enable_revenue_sharing\";s:3:\"off\";s:29:\"earning_instructor_commission\";s:2:\"20\";s:24:\"earning_admin_commission\";s:2:\"80\";s:23:\"statement_show_per_page\";s:2:\"20\";s:21:\"enable_fees_deducting\";s:3:\"off\";s:9:\"fees_name\";s:4:\"free\";s:15:\"fee_amount_type\";a:2:{s:9:\"fees_type\";s:5:\"fixed\";s:11:\"fees_amount\";s:1:\"0\";}s:19:\"min_withdraw_amount\";s:2:\"80\";s:40:\"minimum_days_for_balance_to_be_available\";s:1:\"7\";s:24:\"tutor_withdrawal_methods\";a:1:{s:22:\"bank_transfer_withdraw\";s:22:\"bank_transfer_withdraw\";}s:40:\"tutor_bank_transfer_withdraw_instruction\";s:63:\"Write the up to date bank informations of your instructor here.\";s:34:\"tutor_frontend_course_page_logo_id\";s:3:\"282\";s:19:\"courses_col_per_row\";s:1:\"3\";s:21:\"course_archive_filter\";s:2:\"on\";s:16:\"courses_per_page\";s:2:\"12\";s:24:\"supported_course_filters\";a:3:{s:6:\"search\";s:6:\"search\";s:8:\"category\";s:8:\"category\";s:3:\"tag\";s:3:\"tag\";}s:29:\"course_archive_filter_sorting\";s:2:\"on\";s:22:\"instructor_list_layout\";s:19:\"portrait-horizontal\";s:21:\"public_profile_layout\";s:9:\"pp-circle\";s:29:\"student_public_profile_layout\";s:9:\"pp-circle\";s:26:\"display_course_instructors\";s:2:\"on\";s:24:\"enable_q_and_a_on_course\";s:2:\"on\";s:20:\"enable_course_author\";s:2:\"on\";s:19:\"enable_course_level\";s:2:\"on\";s:19:\"enable_course_share\";s:2:\"on\";s:22:\"enable_course_duration\";s:2:\"on\";s:28:\"enable_course_total_enrolled\";s:2:\"on\";s:25:\"enable_course_update_date\";s:2:\"on\";s:26:\"enable_course_progress_bar\";s:2:\"on\";s:22:\"enable_course_material\";s:2:\"on\";s:19:\"enable_course_about\";s:2:\"on\";s:25:\"enable_course_description\";s:2:\"on\";s:22:\"enable_course_benefits\";s:2:\"on\";s:26:\"enable_course_requirements\";s:2:\"on\";s:29:\"enable_course_target_audience\";s:2:\"on\";s:27:\"enable_course_announcements\";s:2:\"on\";s:20:\"enable_course_review\";s:2:\"on\";s:33:\"enrollment_box_position_in_mobile\";s:6:\"bottom\";s:17:\"color_preset_type\";s:6:\"custom\";s:19:\"tutor_primary_color\";s:7:\"#0a1c57\";s:25:\"tutor_primary_hover_color\";s:7:\"#1b2c64\";s:16:\"tutor_text_color\";s:7:\"#212327\";s:16:\"tutor_gray_color\";s:7:\"#e3e5eb\";s:18:\"tutor_border_color\";s:7:\"#cdcfd5\";s:30:\"disable_default_player_youtube\";s:3:\"off\";s:28:\"disable_default_player_vimeo\";s:3:\"off\";s:28:\"enable_gutenberg_course_edit\";s:3:\"off\";s:26:\"hide_course_from_shop_page\";s:3:\"off\";s:19:\"course_archive_page\";s:3:\"235\";s:24:\"instructor_register_page\";s:2:\"-1\";s:21:\"student_register_page\";s:2:\"-1\";s:21:\"lesson_permalink_base\";s:6:\"sesion\";s:37:\"lesson_video_duration_youtube_api_key\";s:0:\"\";s:25:\"enable_profile_completion\";s:2:\"on\";s:25:\"enable_tutor_native_login\";s:2:\"on\";s:16:\"tutor_login_page\";s:2:\"-1\";s:19:\"delete_on_uninstall\";s:3:\"off\";s:29:\"enable_tutor_maintenance_mode\";s:3:\"off\";s:24:\"hide_admin_bar_for_users\";s:3:\"off\";s:14:\"chatgpt_enable\";s:2:\"on\";s:15:\"chatgpt_api_key\";s:0:\"\";s:23:\"chatgpt_bubble_position\";s:12:\"bottom_right\";s:28:\"gradebook_enable_grade_point\";s:2:\"on\";s:26:\"gradebook_show_grade_scale\";s:3:\"off\";s:25:\"gradebook_scale_separator\";s:1:\"/\";s:15:\"gradebook_scale\";s:2:\"20\";s:28:\"tutor_email_template_logo_id\";s:0:\"\";s:17:\"email_logo_height\";s:2:\"30\";s:20:\"email_disable_banner\";s:3:\"off\";s:15:\"email_from_name\";s:16:\"Intranet Farenet\";s:18:\"email_from_address\";s:26:\"admin@intranet.farenet.com\";s:17:\"email_footer_text\";s:344:\"\"<p style=\\\"text-align: center; color: #757c8e;\\\">{site_name} \\u00a9 2022 All Rights Reserved.<\\/p>\\r\\n<p style=\\\"text-align: center; color: #41454f; padding-bottom: 30px;\\\"><a style=\\\"text-decoration: none; color: inherit;\\\">Privacy &amp; Policy<\\/a> \\u22c5 <a style=\\\"text-decoration: none; color: inherit;\\\">Terms &amp; Conditions<\\/a><\\/p>\"\";s:17:\"email_to_students\";a:13:{s:15:\"course_enrolled\";s:2:\"on\";s:14:\"quiz_completed\";s:3:\"off\";s:16:\"completed_course\";s:3:\"off\";s:18:\"remove_from_course\";s:3:\"off\";s:17:\"assignment_graded\";s:3:\"off\";s:23:\"new_announcement_posted\";s:3:\"off\";s:20:\"announcement_updated\";s:3:\"off\";s:23:\"after_question_answered\";s:3:\"off\";s:27:\"feedback_submitted_for_quiz\";s:3:\"off\";s:18:\"enrollment_expired\";s:3:\"off\";s:20:\"new_lesson_published\";s:3:\"off\";s:18:\"new_quiz_published\";s:3:\"off\";s:24:\"new_assignment_published\";s:3:\"off\";}s:17:\"email_to_teachers\";a:14:{s:28:\"a_student_enrolled_in_course\";s:3:\"off\";s:26:\"a_student_completed_course\";s:3:\"off\";s:26:\"a_student_completed_lesson\";s:3:\"off\";s:25:\"a_student_placed_question\";s:3:\"off\";s:22:\"student_submitted_quiz\";s:3:\"off\";s:28:\"student_submitted_assignment\";s:3:\"off\";s:27:\"withdrawal_request_approved\";s:3:\"off\";s:27:\"withdrawal_request_rejected\";s:3:\"off\";s:27:\"withdrawal_request_received\";s:3:\"off\";s:31:\"instructor_application_accepted\";s:3:\"off\";s:31:\"instructor_application_rejected\";s:3:\"off\";s:31:\"instructor_application_received\";s:3:\"off\";s:25:\"instructor_course_publish\";s:3:\"off\";s:28:\"a_instructor_course_rejected\";s:3:\"off\";}s:14:\"email_to_admin\";a:6:{s:21:\"new_instructor_signup\";s:2:\"on\";s:18:\"new_student_signup\";s:2:\"on\";s:20:\"new_course_submitted\";s:2:\"on\";s:20:\"new_course_published\";s:2:\"on\";s:14:\"course_updated\";s:2:\"on\";s:22:\"new_withdrawal_request\";s:2:\"on\";}s:26:\"tutor_email_disable_wpcron\";s:3:\"off\";s:26:\"tutor_email_cron_frequency\";s:3:\"300\";s:22:\"tutor_bulk_email_limit\";s:2:\"10\";s:10:\"enable_2fa\";s:3:\"off\";s:10:\"method_2fa\";s:5:\"email\";s:12:\"location_2fa\";s:11:\"tutor_login\";s:22:\"enable_spam_protection\";s:3:\"off\";s:22:\"spam_protection_method\";s:8:\"honeypot\";s:21:\"recaptcha_v2_site_key\";s:0:\"\";s:23:\"recaptcha_v2_secret_key\";s:0:\"\";s:21:\"recaptcha_v3_site_key\";s:0:\"\";s:23:\"recaptcha_v3_secret_key\";s:0:\"\";s:24:\"spam_protection_location\";a:2:{s:11:\"tutor_login\";s:11:\"tutor_login\";s:18:\"tutor_registration\";s:18:\"tutor_registration\";}s:25:\"enable_email_verification\";s:3:\"off\";s:38:\"instructor_can_use_admin_cert_template\";s:3:\"off\";s:26:\"tutor_cert_authorised_name\";s:15:\"Authorised Name\";s:34:\"tutor_cert_authorised_company_name\";s:12:\"Company Name\";s:22:\"tutor_certificate_page\";s:3:\"177\";s:35:\"show_instructor_name_on_certificate\";s:3:\"off\";s:48:\"send_certificate_link_to_course_completion_email\";s:3:\"off\";s:29:\"tutor_cert_signature_image_id\";s:110:\"https://intranet.farenet.com/wp-content/plugins/tutor-pro/addons/tutor-certificate/assets/images/signature.png\";}}}', 'yes');
INSERT INTO `wpqa_options` (`option_id`, `option_name`, `option_value`, `autoload`) VALUES
(719, 'tutor_option_update_time', '27 Oct, 2023, 4:23 am', 'yes'),
(726, 'tutor-pro-gm-rewrite-rules', '0', 'yes'),
(733, 'bp-deactivated-components', 'a:0:{}', 'yes'),
(734, 'bp-xprofile-base-group-name', 'Base', 'yes'),
(735, 'bp-xprofile-fullname-field-name', 'Name', 'yes'),
(736, 'bp-blogs-first-install', '', 'yes'),
(737, 'bp-disable-profile-sync', '0', 'yes'),
(738, 'hide-loggedout-adminbar', '1', 'yes'),
(739, 'bp-disable-avatar-uploads', '0', 'yes'),
(740, 'bp-disable-cover-image-uploads', '0', 'yes'),
(741, 'bp-disable-group-avatar-uploads', '0', 'yes'),
(742, 'bp-disable-group-cover-image-uploads', '0', 'yes'),
(743, 'bp-disable-account-deletion', '1', 'yes'),
(744, 'bp-disable-blogforum-comments', '0', 'yes'),
(745, '_bp_theme_package_id', 'nouveau', 'yes'),
(746, 'bp-emails-unsubscribe-salt', 'QD1LMi4lNkA+Z3lIXm1EfkB0TGY4ayorbmBVPy5Ba1VmRClNKEM8XzBAV2BiZX48N1gtWkNHZUx1cktzQWYhNA==', 'yes'),
(747, 'bp_restrict_group_creation', '0', 'yes'),
(748, '_bp_enable_akismet', '1', 'yes'),
(749, '_bp_enable_heartbeat_refresh', '1', 'yes'),
(750, '_bp_retain_bp_default', '', 'yes'),
(751, '_bp_ignore_deprecated_code', '1', 'yes'),
(762, '_bp_initial_major_version', '11.0', 'yes'),
(763, 'bp-active-components', 'a:8:{s:8:\"xprofile\";s:1:\"1\";s:8:\"settings\";s:1:\"1\";s:7:\"friends\";s:1:\"1\";s:8:\"messages\";s:1:\"1\";s:8:\"activity\";s:1:\"1\";s:13:\"notifications\";s:1:\"1\";s:6:\"groups\";s:1:\"1\";s:7:\"members\";s:1:\"1\";}', 'yes'),
(764, 'bp-pages', 'a:5:{s:7:\"members\";i:12;s:8:\"activity\";i:11;s:6:\"groups\";i:260;s:8:\"register\";i:321;s:8:\"activate\";i:322;}', 'yes'),
(765, '_bp_db_version', '13422', 'yes'),
(776, 'tutor_addons_config', 'a:25:{s:42:\"tutor-pro/addons/buddypress/buddypress.php\";a:1:{s:9:\"is_enable\";i:1;}s:38:\"tutor-pro/addons/calendar/calendar.php\";a:1:{s:9:\"is_enable\";i:1;}s:46:\"tutor-pro/addons/content-drip/content-drip.php\";a:1:{s:9:\"is_enable\";i:1;}s:44:\"tutor-pro/addons/enrollments/enrollments.php\";a:1:{s:9:\"is_enable\";i:1;}s:54:\"tutor-pro/addons/google-classroom/google-classroom.php\";a:1:{s:9:\"is_enable\";i:0;}s:44:\"tutor-pro/addons/google-meet/google-meet.php\";a:1:{s:9:\"is_enable\";i:1;}s:40:\"tutor-pro/addons/gradebook/gradebook.php\";a:1:{s:9:\"is_enable\";i:1;}s:32:\"tutor-pro/addons/pmpro/pmpro.php\";a:1:{s:9:\"is_enable\";i:0;}s:58:\"tutor-pro/addons/quiz-import-export/quiz-import-export.php\";a:1:{s:9:\"is_enable\";i:0;}s:62:\"tutor-pro/addons/restrict-content-pro/restrict-content-pro.php\";a:1:{s:9:\"is_enable\";i:1;}s:56:\"tutor-pro/addons/tutor-assignments/tutor-assignments.php\";a:1:{s:9:\"is_enable\";i:1;}s:56:\"tutor-pro/addons/tutor-certificate/tutor-certificate.php\";a:1:{s:9:\"is_enable\";i:1;}s:70:\"tutor-pro/addons/tutor-course-attachments/tutor-course-attachments.php\";a:1:{s:9:\"is_enable\";i:1;}s:62:\"tutor-pro/addons/tutor-course-preview/tutor-course-preview.php\";a:1:{s:9:\"is_enable\";i:1;}s:44:\"tutor-pro/addons/tutor-email/tutor-email.php\";a:1:{s:9:\"is_enable\";i:1;}s:68:\"tutor-pro/addons/tutor-multi-instructors/tutor-multi-instructors.php\";a:1:{s:9:\"is_enable\";i:0;}s:60:\"tutor-pro/addons/tutor-notifications/tutor-notifications.php\";a:1:{s:9:\"is_enable\";i:1;}s:60:\"tutor-pro/addons/tutor-prerequisites/tutor-prerequisites.php\";a:1:{s:9:\"is_enable\";i:1;}s:46:\"tutor-pro/addons/tutor-report/tutor-report.php\";a:1:{s:9:\"is_enable\";i:1;}s:46:\"tutor-pro/addons/tutor-weglot/tutor-weglot.php\";a:1:{s:9:\"is_enable\";i:0;}s:42:\"tutor-pro/addons/tutor-wpml/tutor-wpml.php\";a:1:{s:9:\"is_enable\";i:0;}s:42:\"tutor-pro/addons/tutor-zoom/tutor-zoom.php\";a:1:{s:9:\"is_enable\";i:0;}s:54:\"tutor-pro/addons/wc-subscriptions/wc-subscriptions.php\";a:1:{s:9:\"is_enable\";i:0;}s:48:\"tutor-pro/addons/course-bundle/course-bundle.php\";a:1:{s:9:\"is_enable\";i:0;}s:46:\"tutor-pro/addons/social-login/social-login.php\";a:1:{s:9:\"is_enable\";i:0;}}', 'yes'),
(777, 'tutor_cd_last_call_time', '1716253562', 'yes'),
(778, 'email_template_data', 'a:3:{s:17:\"email_to_students\";a:13:{s:15:\"course_enrolled\";a:10:{s:5:\"label\";s:15:\"Course Enrolled\";s:7:\"default\";s:2:\"on\";s:8:\"template\";s:26:\"to_student_course_enrolled\";s:7:\"tooltip\";s:49:\"Enable to send course enrolled email notification\";s:19:\"instructor_username\";s:10:\"Instructor\";s:7:\"subject\";s:32:\"You are Enrolled in a New Course\";s:7:\"heading\";s:30:\"You are enrolled in New Course\";s:11:\"course_name\";s:44:\"Mastering WordPress-From Beginner to Advance\";s:10:\"course_url\";s:54:\"https://intranet.farenet.com/wp-content/plugins/tutor/\";s:7:\"message\";s:108:\"\"Welcome to the course, the most popular and modern server at <strong>{site_url}<\\/strong>. Happy learning.\"\";}s:14:\"quiz_completed\";a:9:{s:5:\"label\";s:14:\"Quiz Completed\";s:7:\"default\";s:3:\"off\";s:8:\"template\";s:25:\"to_student_quiz_completed\";s:7:\"tooltip\";s:48:\"Enable to send quiz completed email notification\";s:7:\"subject\";s:27:\"Your quiz attempt is graded\";s:7:\"heading\";s:33:\"Thank you for attempting the quiz\";s:8:\"username\";s:7:\"Student\";s:9:\"quiz_name\";s:22:\"Quiz Name of a course!\";s:7:\"message\";s:121:\"\"The grade has been submitted for the quiz <strong>{quiz_name}<\\/strong> for the course <strong>{course_name}<\\/strong>.\"\";}s:16:\"completed_course\";a:10:{s:5:\"label\";s:18:\"Completed a Course\";s:7:\"default\";s:3:\"off\";s:8:\"template\";s:27:\"to_student_course_completed\";s:7:\"tooltip\";s:51:\"Enable to send course completion email notification\";s:19:\"instructor_username\";s:10:\"Instructor\";s:7:\"subject\";s:42:\"Congratulations on Finishing {course_name}\";s:7:\"heading\";s:39:\"Congratulations on Finishing the Course\";s:7:\"message\";s:116:\"\"Congratulations on completing the course <strong>{course_name}<\\/strong>. We hope that you had a great experience.\"\";s:11:\"footer_text\";s:95:\"If you have additional feedback, you may reply to this email to communicate with the instructor\";s:13:\"before_button\";s:194:\"We would really appreciate it if you can post a review on the course and the instructor. Your valuable feedback would help us improve the content on our site and improve the learning experience.\";}s:18:\"remove_from_course\";a:7:{s:5:\"label\";s:19:\"Removed From Course\";s:7:\"default\";s:3:\"off\";s:8:\"template\";s:29:\"to_student_remove_from_course\";s:7:\"tooltip\";s:57:\"Enable to send removed from the course email notification\";s:7:\"subject\";s:40:\"You have been removed from {course_name}\";s:7:\"heading\";s:39:\"Headline you are enrolled in New Course\";s:7:\"message\";s:65:\"\"The instructor has removed you from the course - {course_name}.\"\";}s:17:\"assignment_graded\";a:15:{s:5:\"label\";s:17:\"Assignment Graded\";s:7:\"default\";s:3:\"off\";s:8:\"template\";s:30:\"to_student_assignment_evaluate\";s:7:\"tooltip\";s:51:\"Enable to send assignment graded email notification\";s:7:\"subject\";s:37:\"Assignment Graded - {assignment_name}\";s:8:\"username\";s:7:\"Student\";s:19:\"assignment_max_mark\";s:3:\"100\";s:16:\"assignment_score\";s:2:\"80\";s:7:\"heading\";s:26:\"Assignment has been Graded\";s:11:\"course_name\";s:44:\"Mastering WordPress-From Beginner to Advance\";s:15:\"assignment_name\";s:32:\"Create your first WordPress site\";s:18:\"assignment_comment\";s:57:\"Comment created by instructor of the course {course_name}\";s:7:\"message\";s:138:\"\"The instructor submitted the grade for the assignment <strong>{assignment_name}<\\/strong> of the course <strong>{course_name}<\\/strong>.\"\";s:13:\"block_heading\";s:15:\"Instructor Note\";s:13:\"block_content\";s:165:\"What does it take to be successful? Ask around and you will find different answers to the formula of success. The truth is, success leaves clues and you can achieve.\";}s:23:\"new_announcement_posted\";a:10:{s:5:\"label\";s:23:\"New Announcement Posted\";s:7:\"default\";s:3:\"off\";s:8:\"template\";s:34:\"to_student_new_announcement_posted\";s:7:\"tooltip\";s:55:\"Enable to send new announcement post email notification\";s:8:\"username\";s:7:\"Student\";s:19:\"assignment_max_mark\";s:3:\"100\";s:16:\"assignment_score\";s:2:\"80\";s:7:\"subject\";s:33:\"New Announcement on {course_name}\";s:7:\"heading\";s:39:\"Headline you are enrolled in New Course\";s:7:\"message\";s:61:\"\"The instructor posted a new announcement for {course_name}.\"\";}s:20:\"announcement_updated\";a:10:{s:5:\"label\";s:24:\"New Announcement Updated\";s:7:\"default\";s:3:\"off\";s:8:\"template\";s:31:\"to_student_announcement_updated\";s:7:\"tooltip\";s:62:\"Enable to send email notification of updated announcement post\";s:7:\"subject\";s:44:\"The announcement at {course_name} is updated\";s:7:\"heading\";s:39:\"The instructor updated the announcement\";s:7:\"message\";s:62:\"\"The instructor updated the announcement for - {course_name}.\"\";s:11:\"footer_text\";s:62:\"You may reply to this email to communicate with the instructor\";s:13:\"block_heading\";s:32:\"Upcomming Exam Notice & Schedule\";s:13:\"block_content\";s:430:\"<p>Assertively incentivize prospective users before alternative imperatives. Quickly strategize best-of-breed testing procedures after high-payoff human capital.</p><p>Seamlessly incentivize diverse quality vectors before clicks-and-mortar collaboration and idea-sharing. Dramatically fashion just in time partnerships without distinctive scenarios. Quickly predominate principle-centered results through corporate alignments.</p>\";}s:23:\"after_question_answered\";a:11:{s:5:\"label\";s:20:\"Q&A Message Answered\";s:7:\"default\";s:3:\"off\";s:8:\"template\";s:28:\"to_student_question_answered\";s:7:\"tooltip\";s:43:\"Enable to send Q&A reply email notification\";s:7:\"subject\";s:43:\"The instructor has replied to your question\";s:9:\"answer_by\";s:13:\"Answer Author\";s:11:\"answer_date\";s:9:\"1 day ago\";s:7:\"heading\";s:20:\"Q&A Message Answered\";s:7:\"message\";s:74:\"\"The instructor has answered your question on the course - {course_name}.\"\";s:8:\"question\";s:152:\"I help ambitious graphic designers and hand letterers level-up their skills and creativity. Grab freebies + tutorials here! >> https://every-tuesday.com\";s:13:\"before_button\";s:51:\"Please click on this link to reply to the question.\";}s:27:\"feedback_submitted_for_quiz\";a:10:{s:5:\"label\";s:35:\"Feedback submitted for Quiz Attempt\";s:7:\"default\";s:3:\"off\";s:8:\"template\";s:38:\"to_student_feedback_submitted_for_quiz\";s:7:\"tooltip\";s:47:\"Enable to send quiz feedback email notification\";s:7:\"subject\";s:38:\"Subject you are enrolled in New Course\";s:8:\"username\";s:7:\"Student\";s:7:\"heading\";s:21:\"Quiz Answers Reviewed\";s:7:\"message\";s:76:\"\"Welcome to the course {course_name} at {site_url}. You can start learning.\"\";s:13:\"block_heading\";s:15:\"Instructor Note\";s:13:\"block_content\";s:165:\"What does it take to be successful? Ask around and you will find different answers to the formula of success. The truth is, success leaves clues and you can achieve.\";}s:18:\"enrollment_expired\";a:7:{s:5:\"label\";s:25:\"Course enrollment expired\";s:7:\"default\";s:3:\"off\";s:8:\"template\";s:29:\"to_student_enrollment_expired\";s:7:\"tooltip\";s:62:\"Enable to send course enrollment expiration email notification\";s:7:\"subject\";s:26:\"Your enrollment is expired\";s:7:\"heading\";s:39:\"Headline you are enrolled in New Course\";s:7:\"message\";s:65:\"\"Your enrollment period has expired for the course {course_name}\"\";}s:20:\"new_lesson_published\";a:13:{s:5:\"label\";s:20:\"New Lesson Published\";s:4:\"logo\";s:105:\"https://intranet.farenet.com/wp-content/plugins/tutor-pro/addons/tutor-email/assets/images/tutor-logo.png\";s:7:\"default\";s:3:\"off\";s:8:\"template\";s:31:\"to_student_new_lesson_published\";s:7:\"tooltip\";s:54:\"Enable to send new lesson published email notification\";s:7:\"subject\";s:31:\"A New Lesson Has Been Published\";s:7:\"heading\";s:20:\"New Lesson Published\";s:7:\"message\";s:74:\"A new lesson has been added for the course <strong>{course_name}</strong>.\";s:12:\"student_name\";s:7:\"Student\";s:11:\"course_name\";s:44:\"Mastering WordPress-From Beginner to Advance\";s:16:\"assignment_title\";s:32:\"Create your first WordPress site\";s:13:\"before_button\";s:99:\"Review the lesson from your instructor dashboard and submit the score at your earliest convenience.\";s:11:\"footer_text\";s:55:\"Reply to this email to communicate with the instructor.\";}s:18:\"new_quiz_published\";a:13:{s:5:\"label\";s:18:\"New Quiz Published\";s:4:\"logo\";s:105:\"https://intranet.farenet.com/wp-content/plugins/tutor-pro/addons/tutor-email/assets/images/tutor-logo.png\";s:7:\"default\";s:3:\"off\";s:8:\"template\";s:29:\"to_student_new_quiz_published\";s:7:\"tooltip\";s:52:\"Enable to send new quiz published email notification\";s:7:\"subject\";s:29:\"A New Quiz Has Been Published\";s:7:\"heading\";s:19:\"New quiz  Published\";s:7:\"message\";s:67:\"A new quiz has been added on course <strong>{course_name}</strong>.\";s:12:\"student_name\";s:7:\"Student\";s:11:\"course_name\";s:44:\"Mastering WordPress-From Beginner to Advance\";s:16:\"assignment_title\";s:32:\"Create your first WordPress site\";s:13:\"before_button\";s:97:\"Review the quiz from your instructor dashboard and submit the score at your earliest convenience.\";s:11:\"footer_text\";s:55:\"Reply to this email to communicate with the instructor.\";}s:24:\"new_assignment_published\";a:13:{s:5:\"label\";s:24:\"New Assignment Published\";s:4:\"logo\";s:105:\"https://intranet.farenet.com/wp-content/plugins/tutor-pro/addons/tutor-email/assets/images/tutor-logo.png\";s:7:\"default\";s:3:\"off\";s:8:\"template\";s:35:\"to_student_new_assignment_published\";s:7:\"tooltip\";s:58:\"Enable to send new assignment published email notification\";s:7:\"subject\";s:35:\"A New Assignment Has Been Published\";s:12:\"student_name\";s:7:\"Student\";s:11:\"course_name\";s:11:\"Course name\";s:15:\"assignment_name\";s:32:\"Create your first WordPress site\";s:13:\"before_button\";s:103:\"Review the assignment from your instructor dashboard and submit the score at your earliest convenience.\";s:7:\"heading\";s:24:\"New Assignment Submitted\";s:7:\"message\";s:77:\"A new assignment has been added to the course <strong>{course_name}</strong>.\";s:11:\"footer_text\";s:55:\"Reply to this email to communicate with the instructor.\";}}s:17:\"email_to_teachers\";a:14:{s:28:\"a_student_enrolled_in_course\";a:12:{s:5:\"label\";s:28:\"A Student Enrolled in Course\";s:7:\"default\";s:3:\"off\";s:8:\"template\";s:29:\"to_instructor_course_enrolled\";s:7:\"tooltip\";s:56:\"Enable to send new student enrollment email notification\";s:7:\"subject\";s:37:\"New Student Enrolled at {course_name}\";s:7:\"heading\";s:20:\"New Student Enrolled\";s:11:\"course_name\";s:44:\"Mastering WordPress-From Beginner to Advance\";s:19:\"instructor_username\";s:10:\"Instructor\";s:16:\"student_username\";s:8:\"John Doe\";s:13:\"student_email\";s:20:\"student@testmail.com\";s:11:\"footer_text\";s:59:\"You may reply to this email to communicate with the student\";s:7:\"message\";s:145:\"\"A new student has joined the course {course_name} You have earned {earned_amount} from this enrollment. Your current balance is {total_amount}.\"\";}s:26:\"a_student_completed_course\";a:10:{s:5:\"label\";s:26:\"A Student Completed Course\";s:7:\"default\";s:3:\"off\";s:8:\"template\";s:30:\"to_instructor_course_completed\";s:7:\"tooltip\";s:59:\"Enable to send student course completion email notification\";s:12:\"student_name\";s:10:\"James Andy\";s:7:\"subject\";s:53:\"Congratulations! \"{student_name}\" Completed A Course.\";s:7:\"heading\";s:32:\"Student Just Completed a Course!\";s:7:\"message\";s:199:\"\"Your student <strong>{student_name}<\\/strong> has just completed the course <strong>{course_name}<\\/strong>. This is a great milestone for you as a teacher and we want you to celebrate this moment.\"\";s:13:\"before_button\";s:113:\"You can view the students progress reports and course details by clicking the button at the bottom of this email.\";s:11:\"footer_text\";s:60:\"You may reply to this email to communicate with the student.\";}s:26:\"a_student_completed_lesson\";a:8:{s:5:\"label\";s:26:\"A Student Completed Lesson\";s:7:\"default\";s:3:\"off\";s:8:\"template\";s:30:\"to_instructor_lesson_completed\";s:7:\"tooltip\";s:59:\"Enable to send student lesson completion email notification\";s:7:\"subject\";s:49:\"{student_name} completed the lesson {lesson_name}\";s:7:\"heading\";s:39:\"Headline you are enrolled in New Course\";s:7:\"message\";s:121:\"\"{student_name} has completed the lesson <strong>{lesson_name}<\\/strong> just now. Click the button to see the progress.\"\";s:11:\"footer_text\";s:52:\"Please click on this button to reply to the question\";}s:25:\"a_student_placed_question\";a:13:{s:5:\"label\";s:19:\"New Q&amp;A Message\";s:7:\"default\";s:3:\"off\";s:8:\"template\";s:39:\"to_instructor_asked_question_by_student\";s:7:\"tooltip\";s:50:\"Enable to send Q&A new question email notification\";s:12:\"student_name\";s:10:\"James Andy\";s:7:\"subject\";s:49:\"New Question from {student_name} on {course_name}\";s:7:\"heading\";s:19:\"New Q&amp;A Message\";s:19:\"instructor_username\";s:12:\"Teacher Name\";s:11:\"course_name\";s:44:\"Mastering WordPress-From Beginner to Advance\";s:11:\"enroll_time\";s:10:\"1 days ago\";s:7:\"message\";s:75:\"\"Student - {student_name} has asked a question on the course {course_name}\"\";s:8:\"question\";s:153:\"I help ambitious graphic designers and hand letterers level-up their skills and creativity. Grab freebies + tutorials here! >> https://every-tuesday.com.\";s:11:\"footer_text\";s:52:\"Please click on this button to reply to the question\";}s:22:\"student_submitted_quiz\";a:10:{s:5:\"label\";s:22:\"Student Submitted Quiz\";s:7:\"default\";s:3:\"off\";s:8:\"template\";s:28:\"to_instructor_quiz_completed\";s:7:\"tooltip\";s:57:\"Enable to send student quiz submission email notification\";s:19:\"instructor_username\";s:10:\"Instructor\";s:12:\"student_name\";s:10:\"James Andy\";s:7:\"subject\";s:77:\"{student_name} submitted the quiz- {quiz_name} from the course- {course_name}\";s:7:\"heading\";s:24:\"Student Attempted a Quiz\";s:7:\"message\";s:38:\"\"{student_name} has attempted a quiz.\"\";s:11:\"footer_text\";s:60:\"You may reply to this email to communicate with the student.\";}s:28:\"student_submitted_assignment\";a:13:{s:5:\"label\";s:28:\"Student Submitted Assignment\";s:7:\"default\";s:3:\"off\";s:8:\"template\";s:42:\"to_instructor_student_submitted_assignment\";s:7:\"tooltip\";s:63:\"Enable to send student assignment submission email notification\";s:12:\"student_name\";s:10:\"James Andy\";s:7:\"subject\";s:89:\"{student_name} submitted the assignment- {assignment_name} from the course- {course_name}\";s:15:\"instructor_name\";s:10:\"Instructor\";s:11:\"course_name\";s:44:\"Mastering WordPress-From Beginner to Advance\";s:15:\"assignment_name\";s:32:\"Create your first WordPress site\";s:13:\"before_button\";s:103:\"Review the assignment from your instructor dashboard and submit the score at your earliest convenience.\";s:7:\"heading\";s:24:\"New Assignment Submitted\";s:7:\"message\";s:35:\"\"An assignment has been submitted.\"\";s:11:\"footer_text\";s:60:\"You may reply to this email to communicate with the student.\";}s:27:\"withdrawal_request_approved\";a:9:{s:5:\"label\";s:27:\"Withdrawal Request Approved\";s:7:\"default\";s:3:\"off\";s:8:\"template\";s:41:\"to_instructor_withdrawal_request_approved\";s:7:\"tooltip\";s:61:\"Enable to send withdrawal request approved email notification\";s:7:\"subject\";s:47:\"Congratulations! Withdrawal Request Successful!\";s:7:\"heading\";s:30:\"Withdrawal Request Successful!\";s:15:\"withdraw_amount\";s:7:\"9XX USD\";s:7:\"message\";s:127:\"\"Congratulations! We have sent your requested withdrawal amount via <strong>Paypal<\\/strong> on 20 Sep 2020, 9:30 PM (GMT+06).\"\";s:11:\"footer_text\";s:64:\"You may reply to this email to communicate with the {admin_user}\";}s:27:\"withdrawal_request_rejected\";a:9:{s:5:\"label\";s:27:\"Withdrawal Request Rejected\";s:7:\"default\";s:3:\"off\";s:8:\"template\";s:41:\"to_instructor_withdrawal_request_rejected\";s:7:\"tooltip\";s:61:\"Enable to send withdrawal request rejected email notification\";s:7:\"subject\";s:28:\"Withdrawal Request Rejected!\";s:7:\"heading\";s:28:\"Withdrawal Request Rejected!\";s:15:\"withdraw_amount\";s:6:\"20 USD\";s:7:\"message\";s:192:\"\"We are sorry to inform you that we could not process the request for withdrawal via <strong>Paypal<\\/strong> on 20 Sep 2020, 9:30 PM (GMT+06). Please reply to this email for further details.\"\";s:11:\"footer_text\";s:64:\"You may reply to this email to communicate with the {admin_user}\";}s:27:\"withdrawal_request_received\";a:11:{s:5:\"label\";s:27:\"Withdrawal Request Received\";s:7:\"default\";s:3:\"off\";s:8:\"template\";s:41:\"to_instructor_withdrawal_request_received\";s:7:\"tooltip\";s:61:\"Enable to send withdrawal request received email notification\";s:7:\"subject\";s:28:\"Withdrawal Request Received!\";s:15:\"withdraw_amount\";s:6:\"20 USD\";s:19:\"instructor_username\";s:10:\"Instructor\";s:16:\"instructor_email\";s:20:\"instructor@tutor.com\";s:7:\"heading\";s:30:\"Withdrawal Request Successful!\";s:7:\"message\";s:180:\"\"We have received a withdrawal request via Paypal on 20 Sep 2020, 9:30 PM (GMT+06). We will process the request very soon. You will be notified via email as soon as we process it.\"\";s:11:\"footer_text\";s:65:\"You may reply to this email to communicate with the {admin_user}.\";}s:31:\"instructor_application_accepted\";a:8:{s:5:\"label\";s:31:\"Instructor Application Accepted\";s:7:\"default\";s:3:\"off\";s:8:\"template\";s:41:\"to_instructor_become_application_approved\";s:7:\"tooltip\";s:67:\"Enable to send instructor application acceptance email notification\";s:7:\"subject\";s:85:\"Congratulations! Your Application to Become an Instructor at {site_name} is Approved!\";s:7:\"heading\";s:20:\"Welcome you on Board\";s:7:\"message\";s:156:\"\"Welcome Aboard! Your application to become an instructor at {site_url} is approved! Your dashboard is ready and you can start creating courses right away!\"\";s:11:\"footer_text\";s:65:\"You may reply to this email to communicate with the {admin_user}.\";}s:31:\"instructor_application_rejected\";a:8:{s:5:\"label\";s:31:\"Instructor Application Rejected\";s:7:\"default\";s:3:\"off\";s:8:\"template\";s:41:\"to_instructor_become_application_rejected\";s:7:\"tooltip\";s:65:\"Enable to send instructor application rejected email notification\";s:7:\"subject\";s:67:\"Feedback on your application to become an instructor on {site_name}\";s:7:\"heading\";s:28:\"Withdrawal Request Rejected!\";s:7:\"message\";s:152:\"\"We are sorry to inform you that we are unable to process your application to become an instructor on our website. You are always welcome to try again.\"\";s:11:\"footer_text\";s:64:\"You may reply to this email to communicate with the {admin_user}\";}s:31:\"instructor_application_received\";a:10:{s:5:\"label\";s:31:\"Instructor Application Received\";s:7:\"default\";s:3:\"off\";s:8:\"template\";s:41:\"to_instructor_become_application_received\";s:7:\"tooltip\";s:65:\"Enable to send instructor application received email notification\";s:7:\"subject\";s:34:\"Application Received - {site_name}\";s:7:\"heading\";s:20:\"Received Application\";s:19:\"instructor_username\";s:10:\"Instructor\";s:16:\"instructor_email\";s:20:\"instructor@tutor.com\";s:7:\"message\";s:272:\"\"Application Received! We are happy that you have considered TutorLMS.com to host your courses. Please allow us some time to review your credentials. If we need any clarification on anything, we will reach out to you. Please expect an email from us in a very short time!.\"\";s:11:\"footer_text\";s:55:\"Reply to this email to communicate with the instructor.\";}s:25:\"instructor_course_publish\";a:12:{s:5:\"label\";s:27:\"Instructor Course Published\";s:7:\"default\";s:3:\"off\";s:8:\"template\";s:29:\"to_instructor_course_accepted\";s:7:\"tooltip\";s:61:\"Enable to send instructor course published email notification\";s:7:\"subject\";s:58:\"Congratulations! {course_name} is published at {site_name}\";s:7:\"heading\";s:24:\"Your Course is Published\";s:19:\"instructor_username\";s:10:\"Instructor\";s:11:\"course_name\";s:11:\"Course name\";s:16:\"student_username\";s:8:\"John Doe\";s:13:\"student_email\";s:20:\"student@testmail.com\";s:7:\"message\";s:89:\"\"We are glad to inform you that your course is now live on <strong>{site_url}<\\/strong>.\"\";s:11:\"footer_text\";s:55:\"Reply to this email to communicate with the instructor.\";}s:28:\"a_instructor_course_rejected\";a:9:{s:5:\"label\";s:31:\"An Instructor\'s Course Rejected\";s:7:\"default\";s:3:\"off\";s:8:\"template\";s:29:\"to_instructor_course_rejected\";s:7:\"tooltip\";s:64:\"Enable to send instructor’s course rejected email notification\";s:7:\"subject\";s:45:\"Course Content Review Request - {course_name}\";s:7:\"heading\";s:29:\"Course Content Review Request\";s:12:\"course_title\";s:36:\"Course Content Review Request title.\";s:19:\"instructor_username\";s:10:\"Instructor\";s:7:\"message\";s:117:\"\"We are sorry to inform you that we are unable to publish your course. Please review the course and submit it again.\"\";}}s:14:\"email_to_admin\";a:6:{s:21:\"new_instructor_signup\";a:9:{s:5:\"label\";s:21:\"New Instructor Signup\";s:7:\"default\";s:2:\"on\";s:8:\"template\";s:30:\"to_admin_new_instructor_signup\";s:7:\"tooltip\";s:54:\"Enable to get new instructor signup email notification\";s:15:\"instructor_name\";s:10:\"Instructor\";s:7:\"subject\";s:38:\"New Instructor Signed up at {site_url}\";s:7:\"heading\";s:22:\"New Instructor Sign Up\";s:7:\"message\";s:65:\"\"A new instructor has signed up on <strong>{site_url}<\\/strong>.\"\";s:11:\"footer_text\";s:63:\"You may reply to this email to communicate with the instructor.\";}s:18:\"new_student_signup\";a:10:{s:5:\"label\";s:18:\"New Student Signup\";s:7:\"default\";s:2:\"on\";s:8:\"template\";s:27:\"to_admin_new_student_signup\";s:7:\"tooltip\";s:51:\"Enable to get new student signup email notification\";s:15:\"instructor_name\";s:10:\"Instructor\";s:12:\"student_name\";s:7:\"Student\";s:7:\"subject\";s:35:\"New Student Signed up at {site_url}\";s:7:\"heading\";s:19:\"New Student Sign Up\";s:7:\"message\";s:71:\"\"A new student has signed up to your site <strong>{site_url}<\\/strong>\"\";s:11:\"footer_text\";s:60:\"You may reply to this email to communicate with the student.\";}s:20:\"new_course_submitted\";a:10:{s:5:\"label\";s:31:\"New Course Submitted for Review\";s:7:\"default\";s:2:\"on\";s:8:\"template\";s:40:\"to_admin_new_course_submitted_for_review\";s:7:\"tooltip\";s:46:\"Enable to get course review email notification\";s:7:\"subject\";s:51:\"{instructor_name} Submitted a New Course For Review\";s:7:\"heading\";s:31:\"New Course Submitted for Review\";s:11:\"course_name\";s:44:\"Mastering WordPress-From Beginner to Advance\";s:15:\"instructor_name\";s:10:\"Instructor\";s:7:\"message\";s:142:\"\"A new course has been created by <strong>{instructor_name}<\\/strong> on your site  <strong>{site_url}<\\/strong> and is waiting for approval.\"\";s:11:\"footer_text\";s:62:\"You may reply to this email to communicate with the instructor\";}s:20:\"new_course_published\";a:10:{s:5:\"label\";s:20:\"New Course Published\";s:7:\"default\";s:2:\"on\";s:8:\"template\";s:29:\"to_admin_new_course_published\";s:7:\"tooltip\";s:53:\"Enable to get new course published email notification\";s:7:\"subject\";s:54:\"{instructor_name} Published a new course {course_name}\";s:7:\"heading\";s:20:\"New Course Published\";s:11:\"course_name\";s:44:\"Mastering WordPress-From Beginner to Advance\";s:15:\"instructor_name\";s:8:\"Jhon Doe\";s:7:\"message\";s:124:\"\"The instructor - <strong>{instructor_name}<\\/strong> has published a new course on your site <strong>{site_url}<\\/strong>.\"\";s:11:\"footer_text\";s:63:\"You may reply to this email to communicate with the instructor.\";}s:14:\"course_updated\";a:12:{s:5:\"label\";s:21:\"Course Edited/Updated\";s:7:\"default\";s:2:\"on\";s:8:\"template\";s:23:\"to_admin_course_updated\";s:7:\"tooltip\";s:54:\"Enable to get course edit or update email notification\";s:7:\"subject\";s:42:\"{course_name} Updated by {instructor_name}\";s:7:\"heading\";s:14:\"Course Updated\";s:11:\"course_name\";s:44:\"Mastering WordPress-From Beginner to Advance\";s:12:\"student_name\";s:10:\"James Andy\";s:15:\"instructor_name\";s:8:\"Jhon Doe\";s:13:\"student_email\";s:20:\"student@testmail.com\";s:11:\"footer_text\";s:63:\"You may reply to this email to communicate with the instructor.\";s:7:\"message\";s:108:\"\"The Instructor - <strong>{instructor_name}<\\/strong> has updated a course on <strong>{site_url}<\\/strong>.\"\";}s:22:\"new_withdrawal_request\";a:11:{s:5:\"label\";s:22:\"New Withdrawal Request\";s:7:\"default\";s:2:\"on\";s:8:\"template\";s:31:\"to_admin_new_withdrawal_request\";s:7:\"tooltip\";s:55:\"Enable to get new withdrawal request email notification\";s:7:\"subject\";s:71:\"New withdrawal request from {instructor_username} for {withdraw_amount}\";s:15:\"withdraw_amount\";s:6:\"20 USD\";s:19:\"instructor_username\";s:8:\"Jhon Doe\";s:16:\"instructor_email\";s:21:\"instructor@{site_url}\";s:7:\"heading\";s:22:\"New Withdrawal Request\";s:7:\"message\";s:126:\"\"Instructor <strong>{instructor_username}<\\/strong>  has sent a withdrawal request  to your site <strong>{site_url}<\\/strong>\"\";s:11:\"footer_text\";s:63:\"You may reply to this email to communicate with the instructor.\";}}}', 'yes'),
(780, 'tutor_pn_vapid_keys', 'a:1:{s:28:\"https://intranet.farenet.com\";a:2:{s:9:\"publicKey\";s:87:\"BPSjb6phbHZnX9muFhZNQwgCgAAMCoXtC7om7h5_57UmeGIAO3xUx_uiNQ7jAuTuH6auP1yHsWonb_W8fG7FTyI\";s:10:\"privateKey\";s:43:\"clhb_PDWt_C_6Vp3qXjlCo4UD0E-ZESe1W6d4DGpwmQ\";}}', 'yes'),
(801, 'current_theme', 'TutorStarter', 'yes'),
(802, 'theme_mods_astra', 'a:4:{i:0;b:0;s:18:\"nav_menu_locations\";a:0:{}s:18:\"custom_css_post_id\";i:-1;s:16:\"sidebars_widgets\";a:2:{s:4:\"time\";i:1678916115;s:4:\"data\";a:9:{s:19:\"wp_inactive_widgets\";a:0:{}s:9:\"sidebar-1\";a:5:{i:0;s:7:\"block-2\";i:1;s:7:\"block-3\";i:2;s:7:\"block-4\";i:3;s:7:\"block-5\";i:4;s:7:\"block-6\";}s:13:\"header-widget\";a:0:{}s:15:\"footer-widget-1\";a:0:{}s:15:\"footer-widget-2\";a:0:{}s:24:\"advanced-footer-widget-1\";a:0:{}s:24:\"advanced-footer-widget-2\";a:0:{}s:24:\"advanced-footer-widget-3\";a:0:{}s:24:\"advanced-footer-widget-4\";a:0:{}}}}', 'no'),
(803, 'theme_switched', '', 'yes'),
(807, 'astra-settings', 'a:2:{s:18:\"theme-auto-version\";s:5:\"4.0.2\";s:22:\"is_theme_queue_running\";b:0;}', 'yes');
INSERT INTO `wpqa_options` (`option_id`, `option_name`, `option_value`, `autoload`) VALUES
(808, 'astra_docs_data', 'O:8:\"stdClass\":2:{s:10:\"categories\";O:8:\"stdClass\":10:{s:24:\"installation-and-updates\";O:8:\"stdClass\":2:{s:4:\"name\";s:24:\"Installation and Updates\";s:13:\"subcategories\";a:0:{}}s:28:\"astra-theme-walkthrough-docs\";O:8:\"stdClass\":2:{s:4:\"name\";s:23:\"Astra Theme Walkthrough\";s:13:\"subcategories\";a:0:{}}s:25:\"astra-customizer-settings\";O:8:\"stdClass\":2:{s:4:\"name\";s:19:\"Customizer Settings\";s:13:\"subcategories\";O:8:\"stdClass\":10:{s:17:\"header-and-footer\";O:8:\"stdClass\":2:{s:4:\"name\";s:19:\"Header &amp; Footer\";s:13:\"subcategories\";O:8:\"stdClass\":2:{s:24:\"header-footer-before-3-0\";O:8:\"stdClass\":2:{s:4:\"name\";s:43:\"Old Header &amp; Footer (Before Astra v3.0)\";s:13:\"subcategories\";a:0:{}}s:23:\"header-footer-after-3-0\";O:8:\"stdClass\":2:{s:4:\"name\";s:41:\"Header &amp; Footer Builder (Astra v3.0+)\";s:13:\"subcategories\";a:0:{}}}}s:6:\"global\";O:8:\"stdClass\":2:{s:4:\"name\";s:6:\"Global\";s:13:\"subcategories\";a:0:{}}s:10:\"breadcrumb\";O:8:\"stdClass\":2:{s:4:\"name\";s:10:\"Breadcrumb\";s:13:\"subcategories\";a:0:{}}s:4:\"blog\";O:8:\"stdClass\":2:{s:4:\"name\";s:4:\"Blog\";s:13:\"subcategories\";a:0:{}}s:7:\"sidebar\";O:8:\"stdClass\":2:{s:4:\"name\";s:7:\"Sidebar\";s:13:\"subcategories\";a:0:{}}s:9:\"learndash\";O:8:\"stdClass\":2:{s:4:\"name\";s:9:\"LearnDash\";s:13:\"subcategories\";a:0:{}}s:22:\"easy-digital-downloads\";O:8:\"stdClass\":2:{s:4:\"name\";s:22:\"Easy Digital Downloads\";s:13:\"subcategories\";a:0:{}}s:9:\"lifterlms\";O:8:\"stdClass\":2:{s:4:\"name\";s:9:\"LifterLMS\";s:13:\"subcategories\";a:0:{}}s:16:\"woocommerce-free\";O:8:\"stdClass\":2:{s:4:\"name\";s:11:\"WooCommerce\";s:13:\"subcategories\";a:0:{}}s:13:\"meta-settings\";O:8:\"stdClass\":2:{s:4:\"name\";s:13:\"Meta Settings\";s:13:\"subcategories\";a:0:{}}}}s:17:\"astra-pro-modules\";O:8:\"stdClass\":2:{s:4:\"name\";s:17:\"Astra Pro Modules\";s:13:\"subcategories\";O:8:\"stdClass\":18:{s:11:\"white-label\";O:8:\"stdClass\":2:{s:4:\"name\";s:11:\"White Label\";s:13:\"subcategories\";a:0:{}}s:13:\"mobile-header\";O:8:\"stdClass\":2:{s:4:\"name\";s:13:\"Mobile Header\";s:13:\"subcategories\";a:0:{}}s:8:\"nav-menu\";O:8:\"stdClass\":2:{s:4:\"name\";s:8:\"Nav Menu\";s:13:\"subcategories\";a:0:{}}s:14:\"typography-pro\";O:8:\"stdClass\":2:{s:4:\"name\";s:10:\"Typography\";s:13:\"subcategories\";a:0:{}}s:21:\"colors-background-pro\";O:8:\"stdClass\":2:{s:4:\"name\";s:23:\"Colors &amp; Background\";s:13:\"subcategories\";a:0:{}}s:21:\"custom-layouts-module\";O:8:\"stdClass\":2:{s:4:\"name\";s:21:\"Custom Layouts Module\";s:13:\"subcategories\";a:0:{}}s:11:\"site-layout\";O:8:\"stdClass\":2:{s:4:\"name\";s:11:\"Site Layout\";s:13:\"subcategories\";a:0:{}}s:15:\"header-sections\";O:8:\"stdClass\":2:{s:4:\"name\";s:15:\"Header Sections\";s:13:\"subcategories\";a:0:{}}s:13:\"sticky-header\";O:8:\"stdClass\":2:{s:4:\"name\";s:13:\"Sticky Header\";s:13:\"subcategories\";a:0:{}}s:12:\"page-headers\";O:8:\"stdClass\":2:{s:4:\"name\";s:12:\"Page Headers\";s:13:\"subcategories\";a:0:{}}s:8:\"blog-pro\";O:8:\"stdClass\":2:{s:4:\"name\";s:8:\"Blog Pro\";s:13:\"subcategories\";a:0:{}}s:21:\"footer-widgets-module\";O:8:\"stdClass\":2:{s:4:\"name\";s:21:\"Footer Widgets Module\";s:13:\"subcategories\";a:0:{}}s:7:\"spacing\";O:8:\"stdClass\":2:{s:4:\"name\";s:7:\"Spacing\";s:13:\"subcategories\";a:0:{}}s:3:\"woo\";O:8:\"stdClass\":2:{s:4:\"name\";s:11:\"WooCommerce\";s:13:\"subcategories\";a:0:{}}s:27:\"learndash-astra-pro-modules\";O:8:\"stdClass\":2:{s:4:\"name\";s:9:\"LearnDash\";s:13:\"subcategories\";a:0:{}}s:19:\"lifterlms-astra-pro\";O:8:\"stdClass\":2:{s:4:\"name\";s:9:\"LifterLMS\";s:13:\"subcategories\";a:0:{}}s:29:\"easy-digital-downloads-module\";O:8:\"stdClass\":2:{s:4:\"name\";s:29:\"Easy Digital Downloads Module\";s:13:\"subcategories\";a:0:{}}s:18:\"native-amp-support\";O:8:\"stdClass\":2:{s:4:\"name\";s:18:\"Native AMP Support\";s:13:\"subcategories\";a:0:{}}}}s:17:\"starter-templates\";O:8:\"stdClass\":2:{s:4:\"name\";s:17:\"Starter Templates\";s:13:\"subcategories\";a:0:{}}s:15:\"translate-astra\";O:8:\"stdClass\":2:{s:4:\"name\";s:15:\"Translate Astra\";s:13:\"subcategories\";a:0:{}}s:7:\"general\";O:8:\"stdClass\":2:{s:4:\"name\";s:7:\"General\";s:13:\"subcategories\";a:0:{}}s:17:\"account-and-store\";O:8:\"stdClass\":2:{s:4:\"name\";s:17:\"Account and Store\";s:13:\"subcategories\";a:0:{}}s:20:\"custom-code-snippets\";O:8:\"stdClass\":2:{s:4:\"name\";s:20:\"Custom Code Snippets\";s:13:\"subcategories\";O:8:\"stdClass\":5:{s:23:\"astra-theme-pro-filters\";O:8:\"stdClass\":2:{s:4:\"name\";s:29:\"Astra Theme &amp; Pro Filters\";s:13:\"subcategories\";a:0:{}}s:27:\"astra-header-footer-filters\";O:8:\"stdClass\":2:{s:4:\"name\";s:33:\"Astra Header &amp; Footer Filters\";s:13:\"subcategories\";a:0:{}}s:12:\"blog-filters\";O:8:\"stdClass\":2:{s:4:\"name\";s:12:\"Blog Filters\";s:13:\"subcategories\";a:0:{}}s:19:\"woocommerce-filters\";O:8:\"stdClass\":2:{s:4:\"name\";s:19:\"WooCommerce Filters\";s:13:\"subcategories\";a:0:{}}s:10:\"custom-css\";O:8:\"stdClass\":2:{s:4:\"name\";s:10:\"Custom CSS\";s:13:\"subcategories\";a:0:{}}}}s:15:\"troubleshooting\";O:8:\"stdClass\":2:{s:4:\"name\";s:15:\"Troubleshooting\";s:13:\"subcategories\";a:0:{}}}s:4:\"docs\";a:454:{i:0;O:8:\"stdClass\":3:{s:5:\"title\";s:69:\"How to Resolve Update Failed: -1 issue with Starter Templates plugin?\";s:3:\"url\";s:55:\"https://wpastra.com/docs/resolve-update-failed-1-issue/\";s:8:\"category\";a:1:{i:0;s:15:\"troubleshooting\";}}i:1;O:8:\"stdClass\":3:{s:5:\"title\";s:27:\"Astra 4.0.0 Nav Menu Module\";s:3:\"url\";s:41:\"https://wpastra.com/docs/nav-menu-module/\";s:8:\"category\";a:1:{i:0;s:8:\"nav-menu\";}}i:2;O:8:\"stdClass\":3:{s:5:\"title\";s:58:\"We are facing a temporary issue in importing this template\";s:3:\"url\";s:84:\"https://wpastra.com/docs/we-are-facing-a-temporary-issue-in-importing-this-template/\";s:8:\"category\";a:1:{i:0;s:17:\"starter-templates\";}}i:3;O:8:\"stdClass\":3:{s:5:\"title\";s:46:\"How to use dynamic customizer from Astra 4.0.0\";s:3:\"url\";s:70:\"https://wpastra.com/docs/how-to-use-dynamic-customizer-from-astra-4-0/\";s:8:\"category\";a:1:{i:0;s:25:\"astra-customizer-settings\";}}i:4;O:8:\"stdClass\":3:{s:5:\"title\";s:63:\"Changing the Post Title&#8217;s Tag of the Related Post Section\";s:3:\"url\";s:82:\"https://wpastra.com/docs/changing-the-post-titles-tag-of-the-related-post-section/\";s:8:\"category\";a:1:{i:0;s:27:\"astra-header-footer-filters\";}}i:5;O:8:\"stdClass\":3:{s:5:\"title\";s:37:\"Narrow Width &#8211; Container Layout\";s:3:\"url\";s:55:\"https://wpastra.com/docs/narrow-width-container-layout/\";s:8:\"category\";a:1:{i:0;s:6:\"global\";}}i:6;O:8:\"stdClass\":3:{s:5:\"title\";s:67:\"Quick admin bar navigation to edit custom layout &#038; page header\";s:3:\"url\";s:86:\"https://wpastra.com/docs/quick-admin-bar-navigation-to-edit-custom-layout-page-header/\";s:8:\"category\";a:1:{i:0;s:21:\"custom-layouts-module\";}}i:7;O:8:\"stdClass\":3:{s:5:\"title\";s:39:\"Mega Menu Support for all Builder Menus\";s:3:\"url\";s:65:\"https://wpastra.com/docs/mega-menu-support-for-all-builder-menus/\";s:8:\"category\";a:1:{i:0;s:24:\"installation-and-updates\";}}i:8;O:8:\"stdClass\":3:{s:5:\"title\";s:30:\"Improved Spectra Compatibility\";s:3:\"url\";s:56:\"https://wpastra.com/docs/improved-spectra-compatibility/\";s:8:\"category\";a:1:{i:0;s:28:\"astra-theme-walkthrough-docs\";}}i:9;O:8:\"stdClass\":3:{s:5:\"title\";s:44:\"How to add a custom cart button in WordPress\";s:3:\"url\";s:70:\"https://wpastra.com/docs/how-to-add-a-custom-cart-button-in-wordpress/\";s:8:\"category\";a:0:{}}i:10;O:8:\"stdClass\":3:{s:5:\"title\";s:34:\"Show Password eye icon not visible\";s:3:\"url\";s:60:\"https://wpastra.com/docs/show-password-eye-icon-not-visible/\";s:8:\"category\";a:1:{i:0;s:19:\"woocommerce-filters\";}}i:11;O:8:\"stdClass\":3:{s:5:\"title\";s:64:\"Revert support for Single Product&#8217;s legacy Gallery layouts\";s:3:\"url\";s:83:\"https://wpastra.com/docs/revert-support-for-single-products-legacy-gallery-layouts/\";s:8:\"category\";a:1:{i:0;s:23:\"astra-theme-pro-filters\";}}i:12;O:8:\"stdClass\":3:{s:5:\"title\";s:38:\"Revert support for old Astra cart icon\";s:3:\"url\";s:64:\"https://wpastra.com/docs/revert-support-for-old-astra-cart-icon/\";s:8:\"category\";a:1:{i:0;s:19:\"woocommerce-filters\";}}i:13;O:8:\"stdClass\":3:{s:5:\"title\";s:45:\"How to Manage WooCommerce Product Image Width\";s:3:\"url\";s:71:\"https://wpastra.com/docs/how-to-manage-woocommerce-product-image-width/\";s:8:\"category\";a:1:{i:0;s:3:\"woo\";}}i:14;O:8:\"stdClass\":3:{s:5:\"title\";s:44:\"How to enable Product Quantity (Plus-Minus)?\";s:3:\"url\";s:67:\"https://wpastra.com/docs/how-to-enable-product-quantity-plus-minus/\";s:8:\"category\";a:1:{i:0;s:3:\"woo\";}}i:15;O:8:\"stdClass\":3:{s:5:\"title\";s:30:\"Sticky Header Background Color\";s:3:\"url\";s:56:\"https://wpastra.com/docs/sticky-header-background-color/\";s:8:\"category\";a:1:{i:0;s:23:\"header-footer-after-3-0\";}}i:16;O:8:\"stdClass\":3:{s:5:\"title\";s:58:\"How to remove Author&#8217;s name from a Single Blog Post?\";s:3:\"url\";s:76:\"https://wpastra.com/docs/how-to-remove-authors-name-from-a-single-blog-post/\";s:8:\"category\";a:1:{i:0;s:4:\"blog\";}}i:17;O:8:\"stdClass\":3:{s:5:\"title\";s:37:\"How to Highlight the active menu item\";s:3:\"url\";s:63:\"https://wpastra.com/docs/how-to-highlight-the-active-menu-item/\";s:8:\"category\";a:1:{i:0;s:23:\"header-footer-after-3-0\";}}i:18;O:8:\"stdClass\":3:{s:5:\"title\";s:52:\"How to Change &#8220;Add to Cart&#8221; button text?\";s:3:\"url\";s:63:\"https://wpastra.com/docs/how-to-change-add-to-cart-button-text/\";s:8:\"category\";a:1:{i:0;s:15:\"translate-astra\";}}i:19;O:8:\"stdClass\":3:{s:5:\"title\";s:44:\"How to change site background color in Astra\";s:3:\"url\";s:70:\"https://wpastra.com/docs/how-to-change-site-background-color-in-astra/\";s:8:\"category\";a:1:{i:0;s:6:\"global\";}}i:20;O:8:\"stdClass\":3:{s:5:\"title\";s:36:\"Fix Mobile Usability Issues on Astra\";s:3:\"url\";s:62:\"https://wpastra.com/docs/fix-mobile-usability-issues-on-astra/\";s:8:\"category\";a:1:{i:0;s:7:\"general\";}}i:21;O:8:\"stdClass\":3:{s:5:\"title\";s:84:\"How to remove horizontal &#038; vertical gallery layouts from a single product page?\";s:3:\"url\";s:102:\"https://wpastra.com/docs/how-to-remove-horizontal-vertical-gallery-layouts-from-a-single-product-page/\";s:8:\"category\";a:1:{i:0;s:20:\"custom-code-snippets\";}}i:22;O:8:\"stdClass\":3:{s:5:\"title\";s:64:\"Transparent Header Menu Color not working with Mobile Breakpoint\";s:3:\"url\";s:90:\"https://wpastra.com/docs/transparent-header-menu-color-not-working-with-mobile-breakpoint/\";s:8:\"category\";a:1:{i:0;s:10:\"custom-css\";}}i:23;O:8:\"stdClass\":3:{s:5:\"title\";s:49:\"cURL error 60: unable to install Astra Pro plugin\";s:3:\"url\";s:74:\"https://wpastra.com/docs/curl-error-60-unable-to-install-astra-pro-plugin/\";s:8:\"category\";a:1:{i:0;s:17:\"starter-templates\";}}i:24;O:8:\"stdClass\":3:{s:5:\"title\";s:60:\"WP_Error-cURL error 7: Failed to connect to websitedemos.net\";s:3:\"url\";s:85:\"https://wpastra.com/docs/wp_error-curl-error-7-failed-to-connect-to-websitedemos-net/\";s:8:\"category\";a:2:{i:0;s:15:\"troubleshooting\";i:1;s:17:\"starter-templates\";}}i:25;O:8:\"stdClass\":3:{s:5:\"title\";s:66:\"How to create a multisite network and use Astra child theme on it.\";s:3:\"url\";s:83:\"https://wpastra.com/docs/how-to-create-a-multisite-network-using-astra-child-theme/\";s:8:\"category\";a:1:{i:0;s:24:\"installation-and-updates\";}}i:26;O:8:\"stdClass\":3:{s:5:\"title\";s:61:\"How to ensure text remains visible during web font load Astra\";s:3:\"url\";s:87:\"https://wpastra.com/docs/how-to-ensure-text-remains-visible-during-web-font-load-astra/\";s:8:\"category\";a:1:{i:0;s:15:\"troubleshooting\";}}i:27;O:8:\"stdClass\":3:{s:5:\"title\";s:39:\"How to create a sticky sidebar in Astra\";s:3:\"url\";s:65:\"https://wpastra.com/docs/how-to-create-a-sticky-sidebar-in-astra/\";s:8:\"category\";a:1:{i:0;s:25:\"astra-customizer-settings\";}}i:28;O:8:\"stdClass\":3:{s:5:\"title\";s:46:\"Change Color of Sale Badge &#8211; WooCommerce\";s:3:\"url\";s:64:\"https://wpastra.com/docs/change-color-of-sale-badge-woocommerce/\";s:8:\"category\";a:1:{i:0;s:3:\"woo\";}}i:29;O:8:\"stdClass\":3:{s:5:\"title\";s:40:\"How to design Footer Background in Astra\";s:3:\"url\";s:57:\"https://wpastra.com/docs/how-to-design-footer-background/\";s:8:\"category\";a:1:{i:0;s:23:\"header-footer-after-3-0\";}}i:30;O:8:\"stdClass\":3:{s:5:\"title\";s:28:\"How to disable logo cropping\";s:3:\"url\";s:54:\"https://wpastra.com/docs/how-to-disable-logo-cropping/\";s:8:\"category\";a:1:{i:0;s:25:\"astra-customizer-settings\";}}i:31;O:8:\"stdClass\":3:{s:5:\"title\";s:24:\"Misc &#8211; WooCommerce\";s:3:\"url\";s:42:\"https://wpastra.com/docs/misc-woocommerce/\";s:8:\"category\";a:1:{i:0;s:3:\"woo\";}}i:32;O:8:\"stdClass\":3:{s:5:\"title\";s:40:\"How To add Custom CSS for Specific Pages\";s:3:\"url\";s:66:\"https://wpastra.com/docs/how-to-add-custom-css-for-specific-pages/\";s:8:\"category\";a:1:{i:0;s:7:\"general\";}}i:33;O:8:\"stdClass\":3:{s:5:\"title\";s:27:\"How to create a Mobile Menu\";s:3:\"url\";s:53:\"https://wpastra.com/docs/how-to-create-a-mobile-menu/\";s:8:\"category\";a:1:{i:0;s:23:\"header-footer-after-3-0\";}}i:34;O:8:\"stdClass\":3:{s:5:\"title\";s:66:\"Uploaded file exceeds the upload_max_filesize directive in php.ini\";s:3:\"url\";s:92:\"https://wpastra.com/docs/uploaded-file-exceeds-the-upload_max_filesize-directive-in-php-ini/\";s:8:\"category\";a:1:{i:0;s:15:\"troubleshooting\";}}i:35;O:8:\"stdClass\":3:{s:5:\"title\";s:47:\"What are the Best Astra Settings for Elementor?\";s:3:\"url\";s:72:\"https://wpastra.com/docs/what-are-the-best-astra-settings-for-elementor/\";s:8:\"category\";a:1:{i:0;s:13:\"meta-settings\";}}i:36;O:8:\"stdClass\":3:{s:5:\"title\";s:46:\"Astra theme string translation for WooCommerce\";s:3:\"url\";s:72:\"https://wpastra.com/docs/astra-theme-string-translation-for-woocommerce/\";s:8:\"category\";a:1:{i:0;s:15:\"translate-astra\";}}i:37;O:8:\"stdClass\":3:{s:5:\"title\";s:73:\"How To Fix Not Being Able To Edit Submenu Colors, Above and Below Header?\";s:3:\"url\";s:97:\"https://wpastra.com/docs/how-to-fix-not-being-able-to-edit-submenu-colors-above-and-below-header/\";s:8:\"category\";a:1:{i:0;s:7:\"general\";}}i:38;O:8:\"stdClass\":3:{s:5:\"title\";s:48:\"How to Import / Export Astra Customizer Settings\";s:3:\"url\";s:72:\"https://wpastra.com/docs/how-to-import-export-astra-customizer-settings/\";s:8:\"category\";a:1:{i:0;s:25:\"astra-customizer-settings\";}}i:39;O:8:\"stdClass\":3:{s:5:\"title\";s:45:\"How to disable cart fragments on WooCommerce?\";s:3:\"url\";s:70:\"https://wpastra.com/docs/how-to-disable-cart-fragments-on-woocommerce/\";s:8:\"category\";a:1:{i:0;s:3:\"woo\";}}i:40;O:8:\"stdClass\":3:{s:5:\"title\";s:51:\"How to add custom CSS and JavaScript to Astra theme\";s:3:\"url\";s:77:\"https://wpastra.com/docs/how-to-add-custom-css-and-javascript-to-astra-theme/\";s:8:\"category\";a:1:{i:0;s:10:\"custom-css\";}}i:41;O:8:\"stdClass\":3:{s:5:\"title\";s:48:\"How to add custom post type with the Astra theme\";s:3:\"url\";s:74:\"https://wpastra.com/docs/how-to-add-custom-post-type-with-the-astra-theme/\";s:8:\"category\";a:1:{i:0;s:8:\"blog-pro\";}}i:42;O:8:\"stdClass\":3:{s:5:\"title\";s:43:\"How to change the menu color in Astra theme\";s:3:\"url\";s:69:\"https://wpastra.com/docs/how-to-change-the-menu-color-in-astra-theme/\";s:8:\"category\";a:1:{i:0;s:21:\"colors-background-pro\";}}i:43;O:8:\"stdClass\":3:{s:5:\"title\";s:47:\"How to use the color palette of the Astra theme\";s:3:\"url\";s:73:\"https://wpastra.com/docs/how-to-use-the-color-palette-of-the-astra-theme/\";s:8:\"category\";a:2:{i:0;s:25:\"astra-customizer-settings\";i:1;s:6:\"global\";}}i:44;O:8:\"stdClass\":3:{s:5:\"title\";s:40:\"How to create a correct format svg logo?\";s:3:\"url\";s:65:\"https://wpastra.com/docs/how-to-create-a-correct-format-svg-logo/\";s:8:\"category\";a:1:{i:0;s:7:\"general\";}}i:45;O:8:\"stdClass\":3:{s:5:\"title\";s:40:\"How to translate the WooCommerce string?\";s:3:\"url\";s:65:\"https://wpastra.com/docs/how-to-translate-the-woocommerce-string/\";s:8:\"category\";a:1:{i:0;s:15:\"translate-astra\";}}i:46;O:8:\"stdClass\":3:{s:5:\"title\";s:8:\"SVG Icon\";s:3:\"url\";s:34:\"https://wpastra.com/docs/svg-icon/\";s:8:\"category\";a:1:{i:0;s:15:\"troubleshooting\";}}i:47;O:8:\"stdClass\":3:{s:5:\"title\";s:39:\"Using Advanced Custom Fields with Astra\";s:3:\"url\";s:65:\"https://wpastra.com/docs/using-advanced-custom-fields-with-astra/\";s:8:\"category\";a:1:{i:0;s:7:\"general\";}}i:48;O:8:\"stdClass\":3:{s:5:\"title\";s:56:\"How to add a wishlist button to your WooCommerce Website\";s:3:\"url\";s:82:\"https://wpastra.com/docs/how-to-add-a-wishlist-button-to-your-woocommerce-website/\";s:8:\"category\";a:2:{i:0;s:7:\"general\";i:1;s:3:\"woo\";}}i:49;O:8:\"stdClass\":3:{s:5:\"title\";s:69:\"Error 406 while importing Starter Templates on your WordPress website\";s:3:\"url\";s:95:\"https://wpastra.com/docs/error-406-while-importing-starter-templates-on-your-wordpress-website/\";s:8:\"category\";a:1:{i:0;s:17:\"starter-templates\";}}i:50;O:8:\"stdClass\":3:{s:5:\"title\";s:51:\"How to import Starter Templates with WP CLI Command\";s:3:\"url\";s:77:\"https://wpastra.com/docs/how-to-import-starter-templates-with-wp-cli-command/\";s:8:\"category\";a:1:{i:0;s:17:\"starter-templates\";}}i:51;O:8:\"stdClass\":3:{s:5:\"title\";s:26:\"Auto Update Plugin Support\";s:3:\"url\";s:52:\"https://wpastra.com/docs/auto-update-plugin-support/\";s:8:\"category\";a:1:{i:0;s:24:\"installation-and-updates\";}}i:52;O:8:\"stdClass\":3:{s:5:\"title\";s:41:\"The blank screen in the Customizer area \";s:3:\"url\";s:65:\"https://wpastra.com/docs/the-blank-screen-in-the-customizer-area/\";s:8:\"category\";a:2:{i:0;s:25:\"astra-customizer-settings\";i:1;s:17:\"starter-templates\";}}i:53;O:8:\"stdClass\":3:{s:5:\"title\";s:13:\"Mixed Content\";s:3:\"url\";s:39:\"https://wpastra.com/docs/mixed-content/\";s:8:\"category\";a:2:{i:0;s:7:\"general\";i:1;s:15:\"troubleshooting\";}}i:54;O:8:\"stdClass\":3:{s:5:\"title\";s:41:\"How to check JavaScript errors/conflicts?\";s:3:\"url\";s:66:\"https://wpastra.com/docs/how-to-check-javascript-errors-conflicts/\";s:8:\"category\";a:1:{i:0;s:15:\"troubleshooting\";}}i:55;O:8:\"stdClass\":3:{s:5:\"title\";s:60:\"How Astra is tuned for performance and is the fastest theme?\";s:3:\"url\";s:85:\"https://wpastra.com/docs/how-astra-is-tuned-for-performance-and-is-the-fastest-theme/\";s:8:\"category\";a:1:{i:0;s:6:\"global\";}}i:56;O:8:\"stdClass\":3:{s:5:\"title\";s:26:\"Transparent Header for HFB\";s:3:\"url\";s:52:\"https://wpastra.com/docs/transparent-header-for-hfb/\";s:8:\"category\";a:1:{i:0;s:23:\"header-footer-after-3-0\";}}i:57;O:8:\"stdClass\":3:{s:5:\"title\";s:47:\"How &#8216;Enable Filter Accordion&#8217; Works\";s:3:\"url\";s:59:\"https://wpastra.com/docs/how-enable-filter-accordion-works/\";s:8:\"category\";a:1:{i:0;s:3:\"woo\";}}i:58;O:8:\"stdClass\":3:{s:5:\"title\";s:49:\"How to improve the CLS score with the Astra theme\";s:3:\"url\";s:75:\"https://wpastra.com/docs/how-to-improve-the-cls-score-with-the-astra-theme/\";s:8:\"category\";a:1:{i:0;s:6:\"global\";}}i:59;O:8:\"stdClass\":3:{s:5:\"title\";s:34:\"System requirement for Astra Theme\";s:3:\"url\";s:60:\"https://wpastra.com/docs/system-requirement-for-astra-theme/\";s:8:\"category\";a:1:{i:0;s:24:\"installation-and-updates\";}}i:60;O:8:\"stdClass\":3:{s:5:\"title\";s:17:\"WooCommerce hooks\";s:3:\"url\";s:43:\"https://wpastra.com/docs/woocommerce-hooks/\";s:8:\"category\";a:1:{i:0;s:16:\"woocommerce-free\";}}i:61;O:8:\"stdClass\":3:{s:5:\"title\";s:45:\"Set shop page as homepage &#8211; Woocommerce\";s:3:\"url\";s:63:\"https://wpastra.com/docs/set-shop-page-as-homepage-woocommerce/\";s:8:\"category\";a:1:{i:0;s:16:\"woocommerce-free\";}}i:62;O:8:\"stdClass\":3:{s:5:\"title\";s:35:\"Astra &#8211; Customize the submenu\";s:3:\"url\";s:53:\"https://wpastra.com/docs/astra-customize-the-submenu/\";s:8:\"category\";a:1:{i:0;s:25:\"astra-customizer-settings\";}}i:63;O:8:\"stdClass\":3:{s:5:\"title\";s:45:\"Remove default stretched block layout spacing\";s:3:\"url\";s:71:\"https://wpastra.com/docs/remove-default-stretched-block-layout-spacing/\";s:8:\"category\";a:1:{i:0;s:20:\"custom-code-snippets\";}}i:64;O:8:\"stdClass\":3:{s:5:\"title\";s:46:\"Improvements on the CheckOut page(Astra 3.9.0)\";s:3:\"url\";s:70:\"https://wpastra.com/docs/improvements-on-the-checkout-pageastra-3-9-0/\";s:8:\"category\";a:1:{i:0;s:24:\"installation-and-updates\";}}i:65;O:8:\"stdClass\":3:{s:5:\"title\";s:41:\"Improvments on the Cart Page(Astra 3.9.0)\";s:3:\"url\";s:54:\"https://wpastra.com/docs/improvments-on-the-cart-page/\";s:8:\"category\";a:1:{i:0;s:24:\"installation-and-updates\";}}i:66;O:8:\"stdClass\":3:{s:5:\"title\";s:52:\"Astra WooCommerce update (version 3.9.0) Misc Update\";s:3:\"url\";s:76:\"https://wpastra.com/docs/astra-woocommerce-update-version-3-9-0-misc-update/\";s:8:\"category\";a:1:{i:0;s:24:\"installation-and-updates\";}}i:67;O:8:\"stdClass\":3:{s:5:\"title\";s:56:\"Astra WooCommerce update (version 3.9.0) My Account Page\";s:3:\"url\";s:80:\"https://wpastra.com/docs/astra-woocommerce-update-version-3-9-0-my-account-page/\";s:8:\"category\";a:1:{i:0;s:24:\"installation-and-updates\";}}i:68;O:8:\"stdClass\":3:{s:5:\"title\";s:60:\"Astra WooCommerce update (version 3.9.0) Single Product Page\";s:3:\"url\";s:84:\"https://wpastra.com/docs/astra-woocommerce-update-version-3-9-0-single-product-page/\";s:8:\"category\";a:1:{i:0;s:24:\"installation-and-updates\";}}i:69;O:8:\"stdClass\":3:{s:5:\"title\";s:50:\"Astra WooCommerce update (version 3.9.0) Shop Page\";s:3:\"url\";s:74:\"https://wpastra.com/docs/astra-woocommerce-update-version-3-9-0-shop-page/\";s:8:\"category\";a:1:{i:0;s:24:\"installation-and-updates\";}}i:70;O:8:\"stdClass\":3:{s:5:\"title\";s:40:\"Astra WooCommerce update (version 3.9.0)\";s:3:\"url\";s:64:\"https://wpastra.com/docs/astra-woocommerce-update-version-3-9-0/\";s:8:\"category\";a:1:{i:0;s:24:\"installation-and-updates\";}}i:71;O:8:\"stdClass\":3:{s:5:\"title\";s:61:\"Improvement: WooCommerce &#8211; Modify the Cart label design\";s:3:\"url\";s:78:\"https://wpastra.com/docs/improvement-woocommerce-modify-the-cart-label-design/\";s:8:\"category\";a:1:{i:0;s:24:\"installation-and-updates\";}}i:72;O:8:\"stdClass\":3:{s:5:\"title\";s:43:\"Improved Block Editor Experience with Astra\";s:3:\"url\";s:58:\"https://wpastra.com/docs/improved-block-editor-experience/\";s:8:\"category\";a:1:{i:0;s:7:\"general\";}}i:73;O:8:\"stdClass\":3:{s:5:\"title\";s:54:\"How to Remove Google Fonts Suggestions in Astra Theme?\";s:3:\"url\";s:72:\"https://wpastra.com/docs/remove-google-fonts-suggestions-in-astra-theme/\";s:8:\"category\";a:1:{i:0;s:20:\"custom-code-snippets\";}}i:74;O:8:\"stdClass\":3:{s:5:\"title\";s:66:\"How to Resolve Repeater Fields Not Working in Widget Block Editor?\";s:3:\"url\";s:86:\"https://wpastra.com/docs/resolving-repeater-fields-not-working-in-widget-block-editor/\";s:8:\"category\";a:1:{i:0;s:15:\"troubleshooting\";}}i:75;O:8:\"stdClass\":3:{s:5:\"title\";s:62:\"Enhancement: Applying Content Background to Full-Width Layouts\";s:3:\"url\";s:75:\"https://wpastra.com/docs/applying-content-background-to-full-width-layouts/\";s:8:\"category\";a:1:{i:0;s:21:\"colors-background-pro\";}}i:76;O:8:\"stdClass\":3:{s:5:\"title\";s:33:\"Move Related Posts Below Comments\";s:3:\"url\";s:59:\"https://wpastra.com/docs/move-related-posts-below-comments/\";s:8:\"category\";a:1:{i:0;s:23:\"astra-theme-pro-filters\";}}i:77;O:8:\"stdClass\":3:{s:5:\"title\";s:40:\"Disable Astra Global Colors In Elementor\";s:3:\"url\";s:66:\"https://wpastra.com/docs/disable-astra-global-colors-in-elementor/\";s:8:\"category\";a:1:{i:0;s:23:\"astra-theme-pro-filters\";}}i:78;O:8:\"stdClass\":3:{s:5:\"title\";s:49:\"Remove Woocommerce Product Category Archive Title\";s:3:\"url\";s:67:\"https://wpastra.com/docs/remove-woocommerce-category-archive-title/\";s:8:\"category\";a:1:{i:0;s:19:\"woocommerce-filters\";}}i:79;O:8:\"stdClass\":3:{s:5:\"title\";s:42:\"Remove Astra Customization for WooCommerce\";s:3:\"url\";s:68:\"https://wpastra.com/docs/remove-astra-customization-for-woocommerce/\";s:8:\"category\";a:1:{i:0;s:19:\"woocommerce-filters\";}}i:80;O:8:\"stdClass\":3:{s:5:\"title\";s:34:\"How To Change Web Stories Position\";s:3:\"url\";s:53:\"https://wpastra.com/docs/change-web-stories-position/\";s:8:\"category\";a:1:{i:0;s:6:\"global\";}}i:81;O:8:\"stdClass\":3:{s:5:\"title\";s:30:\"Manage Astra Pro With Composer\";s:3:\"url\";s:56:\"https://wpastra.com/docs/manage-astra-pro-with-composer/\";s:8:\"category\";a:1:{i:0;s:7:\"general\";}}i:82;O:8:\"stdClass\":3:{s:5:\"title\";s:59:\"How to Turn Astra Website Multilingual with TranslatePress?\";s:3:\"url\";s:69:\"https://wpastra.com/docs/turn-astra-multilingual-with-translatepress/\";s:8:\"category\";a:1:{i:0;s:15:\"translate-astra\";}}i:83;O:8:\"stdClass\":3:{s:5:\"title\";s:22:\"Starter Templates FAQs\";s:3:\"url\";s:48:\"https://wpastra.com/docs/starter-templates-faqs/\";s:8:\"category\";a:1:{i:0;s:17:\"starter-templates\";}}i:84;O:8:\"stdClass\":3:{s:5:\"title\";s:44:\"Building Your Website With Starter Templates\";s:3:\"url\";s:70:\"https://wpastra.com/docs/building-your-website-with-starter-templates/\";s:8:\"category\";a:1:{i:0;s:17:\"starter-templates\";}}i:85;O:8:\"stdClass\":3:{s:5:\"title\";s:27:\"Starter Templates Importing\";s:3:\"url\";s:53:\"https://wpastra.com/docs/starter-templates-importing/\";s:8:\"category\";a:1:{i:0;s:17:\"starter-templates\";}}i:86;O:8:\"stdClass\":3:{s:5:\"title\";s:38:\"Getting Started With Starter Templates\";s:3:\"url\";s:64:\"https://wpastra.com/docs/getting-started-with-starter-templates/\";s:8:\"category\";a:1:{i:0;s:17:\"starter-templates\";}}i:87;O:8:\"stdClass\":3:{s:5:\"title\";s:56:\"Creating Your Header and Footer With Astra or Elementor?\";s:3:\"url\";s:62:\"https://wpastra.com/docs/astra-or-elementor-header-and-footer/\";s:8:\"category\";a:1:{i:0;s:23:\"header-footer-after-3-0\";}}i:88;O:8:\"stdClass\":3:{s:5:\"title\";s:64:\"Gutenberg Editor And Frontend UI Improvements With Astra (3.7.4)\";s:3:\"url\";s:62:\"https://wpastra.com/docs/gutenberg-ui-improvements-with-astra/\";s:8:\"category\";a:1:{i:0;s:23:\"astra-theme-pro-filters\";}}i:89;O:8:\"stdClass\":3:{s:5:\"title\";s:50:\"Replace Deprecated Astra Theme and Astra Pro Hooks\";s:3:\"url\";s:48:\"https://wpastra.com/docs/deprecated-astra-hooks/\";s:8:\"category\";a:2:{i:0;s:23:\"astra-theme-pro-filters\";i:1;s:27:\"astra-header-footer-filters\";}}i:90;O:8:\"stdClass\":3:{s:5:\"title\";s:46:\"Hide the Text by Setting the Font Size to Zero\";s:3:\"url\";s:51:\"https://wpastra.com/docs/setting-font-size-to-zero/\";s:8:\"category\";a:1:{i:0;s:23:\"astra-theme-pro-filters\";}}i:91;O:8:\"stdClass\":3:{s:5:\"title\";s:66:\"How to Translate Categories, Tags, and Astra Strings with Polylang\";s:3:\"url\";s:77:\"https://wpastra.com/docs/translate-categories-tags-and-strings-with-polylang/\";s:8:\"category\";a:1:{i:0;s:15:\"translate-astra\";}}i:92;O:8:\"stdClass\":3:{s:5:\"title\";s:73:\"What To Do When Product Count Is Not Visible on Mini Cart With Astra Pro?\";s:3:\"url\";s:45:\"https://wpastra.com/docs/product-count-color/\";s:8:\"category\";a:2:{i:0;s:3:\"woo\";i:1;s:15:\"troubleshooting\";}}i:93;O:8:\"stdClass\":3:{s:5:\"title\";s:48:\"How to Roll Back to A Previous Version of Astra?\";s:3:\"url\";s:61:\"https://wpastra.com/docs/roll-back-to-previous-astra-version/\";s:8:\"category\";a:1:{i:0;s:15:\"troubleshooting\";}}i:94;O:8:\"stdClass\":3:{s:5:\"title\";s:53:\"How to Turn Astra Website Multilingual with Polylang?\";s:3:\"url\";s:63:\"https://wpastra.com/docs/turn-astra-multilingual-with-polylang/\";s:8:\"category\";a:1:{i:0;s:15:\"translate-astra\";}}i:95;O:8:\"stdClass\":3:{s:5:\"title\";s:42:\"Starter Templates &#8211; Wireframe Blocks\";s:3:\"url\";s:60:\"https://wpastra.com/docs/starter-templates-wireframe-blocks/\";s:8:\"category\";a:1:{i:0;s:17:\"starter-templates\";}}i:96;O:8:\"stdClass\":3:{s:5:\"title\";s:49:\"How to Enable Debugging in WordPress (Debug Mode)\";s:3:\"url\";s:55:\"https://wpastra.com/docs/enable-debugging-in-wordpress/\";s:8:\"category\";a:1:{i:0;s:6:\"global\";}}i:97;O:8:\"stdClass\":3:{s:5:\"title\";s:52:\"How To Override Astra’s theme.json in Child Theme?\";s:3:\"url\";s:52:\"https://wpastra.com/docs/override-astras-theme-json/\";s:8:\"category\";a:1:{i:0;s:7:\"general\";}}i:98;O:8:\"stdClass\":3:{s:5:\"title\";s:63:\"How To Hide Quantity Number When the Woocommerce Cart Is Empty?\";s:3:\"url\";s:58:\"https://wpastra.com/docs/hide-quantity-when-cart-is-empty/\";s:8:\"category\";a:1:{i:0;s:19:\"woocommerce-filters\";}}i:99;O:8:\"stdClass\":3:{s:5:\"title\";s:58:\"How to Display the Post Category as a Related Posts Title?\";s:3:\"url\";s:65:\"https://wpastra.com/docs/display-category-as-related-posts-title/\";s:8:\"category\";a:1:{i:0;s:12:\"blog-filters\";}}i:100;O:8:\"stdClass\":3:{s:5:\"title\";s:48:\"How To Remove the Astra Header From Entire Site?\";s:3:\"url\";s:62:\"https://wpastra.com/docs/remove-astra-header-from-entire-site/\";s:8:\"category\";a:1:{i:0;s:27:\"astra-header-footer-filters\";}}i:101;O:8:\"stdClass\":3:{s:5:\"title\";s:55:\"How To Change Navigation Links Text for a Blog Archive?\";s:3:\"url\";s:65:\"https://wpastra.com/docs/replace-blog-archive-navigation-strings/\";s:8:\"category\";a:1:{i:0;s:12:\"blog-filters\";}}i:102;O:8:\"stdClass\":3:{s:5:\"title\";s:43:\"Frequently Asked Questions &#8211; VIP Care\";s:3:\"url\";s:39:\"https://wpastra.com/docs/faqs-vip-care/\";s:8:\"category\";a:1:{i:0;s:17:\"account-and-store\";}}i:103;O:8:\"stdClass\":3:{s:5:\"title\";s:72:\"How To Remove Underlined Content Links on Buttons and Specifics Classes?\";s:3:\"url\";s:57:\"https://wpastra.com/docs/remove-underlined-content-links/\";s:8:\"category\";a:1:{i:0;s:23:\"astra-theme-pro-filters\";}}i:104;O:8:\"stdClass\":3:{s:5:\"title\";s:24:\"Astra Typography Presets\";s:3:\"url\";s:50:\"https://wpastra.com/docs/astra-typography-presets/\";s:8:\"category\";a:1:{i:0;s:6:\"global\";}}i:105;O:8:\"stdClass\":3:{s:5:\"title\";s:20:\"Astra Button Presets\";s:3:\"url\";s:53:\"https://wpastra.com/docs/astra-button-styles-presets/\";s:8:\"category\";a:1:{i:0;s:6:\"global\";}}i:106;O:8:\"stdClass\":3:{s:5:\"title\";s:26:\"Astra Global Color Palette\";s:3:\"url\";s:61:\"https://wpastra.com/docs/astra-global-color-palette-settings/\";s:8:\"category\";a:1:{i:0;s:6:\"global\";}}i:107;O:8:\"stdClass\":3:{s:5:\"title\";s:51:\"How To Disable the Block Editor Support for Widgets\";s:3:\"url\";s:61:\"https://wpastra.com/docs/disable-widget-block-editor-support/\";s:8:\"category\";a:1:{i:0;s:23:\"astra-theme-pro-filters\";}}i:108;O:8:\"stdClass\":3:{s:5:\"title\";s:80:\"How To Enable Design Options for Header and Footer Widgets in Block-Based Editor\";s:3:\"url\";s:60:\"https://wpastra.com/docs/enable-astra-widget-design-options/\";s:8:\"category\";a:1:{i:0;s:27:\"astra-header-footer-filters\";}}i:109;O:8:\"stdClass\":3:{s:5:\"title\";s:52:\"Restrict Search Results to WooCommerce Products Only\";s:3:\"url\";s:58:\"https://wpastra.com/docs/restrict-search-results-products/\";s:8:\"category\";a:1:{i:0;s:19:\"woocommerce-filters\";}}i:110;O:8:\"stdClass\":3:{s:5:\"title\";s:58:\"Fix Swap Sections Not Working on Mobile (Old Astra Header)\";s:3:\"url\";s:55:\"https://wpastra.com/docs/fix-swap-sections-not-working/\";s:8:\"category\";a:1:{i:0;s:20:\"custom-code-snippets\";}}i:111;O:8:\"stdClass\":3:{s:5:\"title\";s:46:\"Remove Spacing Around Elementor Pro TOC Widget\";s:3:\"url\";s:54:\"https://wpastra.com/docs/remove-spacing-elementor-toc/\";s:8:\"category\";a:1:{i:0;s:23:\"astra-theme-pro-filters\";}}i:112;O:8:\"stdClass\":3:{s:5:\"title\";s:61:\"Fix Woocommerce Cart Becoming Transparent With Header Builder\";s:3:\"url\";s:58:\"https://wpastra.com/docs/fix-transparent-woocommerce-cart/\";s:8:\"category\";a:1:{i:0;s:19:\"woocommerce-filters\";}}i:113;O:8:\"stdClass\":3:{s:5:\"title\";s:53:\"How To Fix Right Margin for the Footer Widget Element\";s:3:\"url\";s:56:\"https://wpastra.com/docs/fix-footer-widget-right-margin/\";s:8:\"category\";a:1:{i:0;s:23:\"header-footer-after-3-0\";}}i:114;O:8:\"stdClass\":3:{s:5:\"title\";s:47:\"How to Add Elementor Template to the Mega Menu?\";s:3:\"url\";s:51:\"https://wpastra.com/docs/add-template-to-mega-menu/\";s:8:\"category\";a:1:{i:0;s:8:\"nav-menu\";}}i:115;O:8:\"stdClass\":3:{s:5:\"title\";s:46:\"The Recommended Size for Featured Image Upload\";s:3:\"url\";s:61:\"https://wpastra.com/docs/recommended-size-for-featured-image/\";s:8:\"category\";a:2:{i:0;s:7:\"general\";i:1;s:4:\"blog\";}}i:116;O:8:\"stdClass\":3:{s:5:\"title\";s:48:\"Why Doesn’t Parallax Scrolling Work on Mobile?\";s:3:\"url\";s:56:\"https://wpastra.com/docs/parallax-not-working-on-mobile/\";s:8:\"category\";a:1:{i:0;s:7:\"general\";}}i:117;O:8:\"stdClass\":3:{s:5:\"title\";s:63:\"How To Fix Horizontal Scrollbar on Mobile When Using Elementor?\";s:3:\"url\";s:60:\"https://wpastra.com/docs/fix-horizontal-scrollbar-on-mobile/\";s:8:\"category\";a:1:{i:0;s:15:\"troubleshooting\";}}i:118;O:8:\"stdClass\":3:{s:5:\"title\";s:47:\"How To Apply New Default Button Padding Values?\";s:3:\"url\";s:54:\"https://wpastra.com/docs/apply-default-button-padding/\";s:8:\"category\";a:1:{i:0;s:23:\"astra-theme-pro-filters\";}}i:119;O:8:\"stdClass\":3:{s:5:\"title\";s:39:\"Responsive Editing With the Astra Theme\";s:3:\"url\";s:61:\"https://wpastra.com/docs/responsive-editing-with-astra-theme/\";s:8:\"category\";a:1:{i:0;s:7:\"general\";}}i:120;O:8:\"stdClass\":3:{s:5:\"title\";s:51:\"How To Hide Astra Settings for Specific User Roles?\";s:3:\"url\";s:60:\"https://wpastra.com/docs/hide-astra-settings-for-user-roles/\";s:8:\"category\";a:1:{i:0;s:23:\"astra-theme-pro-filters\";}}i:121;O:8:\"stdClass\":3:{s:5:\"title\";s:67:\"How To Create a Header With a Centrally Positioned Logo With Astra?\";s:3:\"url\";s:70:\"https://wpastra.com/docs/create-header-with-centrally-positioned-logo/\";s:8:\"category\";a:1:{i:0;s:23:\"header-footer-after-3-0\";}}i:122;O:8:\"stdClass\":3:{s:5:\"title\";s:59:\"Manage Your Site Identity With Astra&#8217;s Header Builder\";s:3:\"url\";s:55:\"https://wpastra.com/docs/manage-site-identity-and-logo/\";s:8:\"category\";a:1:{i:0;s:23:\"header-footer-after-3-0\";}}i:123;O:8:\"stdClass\":3:{s:5:\"title\";s:58:\"How to Change the Heading Tag for the Related Posts Title?\";s:3:\"url\";s:60:\"https://wpastra.com/docs/change-tag-for-related-posts-title/\";s:8:\"category\";a:1:{i:0;s:27:\"astra-header-footer-filters\";}}i:124;O:8:\"stdClass\":3:{s:5:\"title\";s:56:\"Host Google Fonts Locally &#8211; Performance Is the Key\";s:3:\"url\";s:48:\"https://wpastra.com/docs/performance-is-the-key/\";s:8:\"category\";a:1:{i:0;s:28:\"astra-theme-walkthrough-docs\";}}i:125;O:8:\"stdClass\":3:{s:5:\"title\";s:36:\"How To Improve CLS For the SVG Logo?\";s:3:\"url\";s:50:\"https://wpastra.com/docs/improve-cls-for-svg-logo/\";s:8:\"category\";a:1:{i:0;s:15:\"troubleshooting\";}}i:126;O:8:\"stdClass\":3:{s:5:\"title\";s:53:\"How to Fix Font-Weight Not Applying To Widget Titles?\";s:3:\"url\";s:55:\"https://wpastra.com/docs/font-weight-for-widget-titles/\";s:8:\"category\";a:1:{i:0;s:23:\"astra-theme-pro-filters\";}}i:127;O:8:\"stdClass\":3:{s:5:\"title\";s:39:\"How to Self-Host Google Fonts in Astra?\";s:3:\"url\";s:50:\"https://wpastra.com/docs/self-hosted-google-fonts/\";s:8:\"category\";a:1:{i:0;s:23:\"astra-theme-pro-filters\";}}i:128;O:8:\"stdClass\":3:{s:5:\"title\";s:57:\"Gutenberg Plugin Causing Issues With the Astra Customizer\";s:3:\"url\";s:62:\"https://wpastra.com/docs/astra-customizer-options-unavailable/\";s:8:\"category\";a:1:{i:0;s:15:\"troubleshooting\";}}i:129;O:8:\"stdClass\":3:{s:5:\"title\";s:89:\"Change the &#8220;Shopping Cart&#8221; Text for WooCommerce &#038; EDD Mobile Header Cart\";s:3:\"url\";s:50:\"https://wpastra.com/docs/update-mobile-cart-title/\";s:8:\"category\";a:1:{i:0;s:19:\"woocommerce-filters\";}}i:130;O:8:\"stdClass\":3:{s:5:\"title\";s:29:\"Modify Your PHP Configuration\";s:3:\"url\";s:55:\"https://wpastra.com/docs/modify-your-php-configuration/\";s:8:\"category\";a:1:{i:0;s:7:\"general\";}}i:131;O:8:\"stdClass\":3:{s:5:\"title\";s:48:\"Could not store XML file in /wp-content/ folder?\";s:3:\"url\";s:68:\"https://wpastra.com/docs/could-not-store-files-in-wp-content-folder/\";s:8:\"category\";a:1:{i:0;s:17:\"starter-templates\";}}i:132;O:8:\"stdClass\":3:{s:5:\"title\";s:56:\"How to Fix 5XX Error While Importing a Starter Template?\";s:3:\"url\";s:53:\"https://wpastra.com/docs/5xx-error-starter-templates/\";s:8:\"category\";a:1:{i:0;s:17:\"starter-templates\";}}i:133;O:8:\"stdClass\":3:{s:5:\"title\";s:69:\"How to Fix Blocked Requests Error While Importing a Starter Template?\";s:3:\"url\";s:66:\"https://wpastra.com/docs/blocked-requests-error-starter-templates/\";s:8:\"category\";a:1:{i:0;s:17:\"starter-templates\";}}i:134;O:8:\"stdClass\":3:{s:5:\"title\";s:68:\"How to Fix Operation Timed Error While Importing a Starter Template?\";s:3:\"url\";s:65:\"https://wpastra.com/docs/operation-timed-error-starter-templates/\";s:8:\"category\";a:1:{i:0;s:17:\"starter-templates\";}}i:135;O:8:\"stdClass\":3:{s:5:\"title\";s:44:\"How to Fix Starter Template Importing Issues\";s:3:\"url\";s:63:\"https://wpastra.com/docs/fix-starter-template-importing-issues/\";s:8:\"category\";a:1:{i:0;s:17:\"starter-templates\";}}i:136;O:8:\"stdClass\":3:{s:5:\"title\";s:73:\"How to Remove Border Around the Cart? (Issue After Updating to Astra 3.4)\";s:3:\"url\";s:51:\"https://wpastra.com/docs/remove-border-around-cart/\";s:8:\"category\";a:1:{i:0;s:3:\"woo\";}}i:137;O:8:\"stdClass\":3:{s:5:\"title\";s:35:\"Getting the Most Out of Astra Theme\";s:3:\"url\";s:53:\"https://wpastra.com/docs/getting-the-most-with-astra/\";s:8:\"category\";a:1:{i:0;s:28:\"astra-theme-walkthrough-docs\";}}i:138;O:8:\"stdClass\":3:{s:5:\"title\";s:36:\"How To Build Quick Sites With Astra?\";s:3:\"url\";s:46:\"https://wpastra.com/docs/build-quick-websites/\";s:8:\"category\";a:1:{i:0;s:28:\"astra-theme-walkthrough-docs\";}}i:139;O:8:\"stdClass\":3:{s:5:\"title\";s:28:\"See Other Customizer Options\";s:3:\"url\";s:50:\"https://wpastra.com/docs/other-customizer-options/\";s:8:\"category\";a:1:{i:0;s:28:\"astra-theme-walkthrough-docs\";}}i:140;O:8:\"stdClass\":3:{s:5:\"title\";s:17:\"Build Your Footer\";s:3:\"url\";s:48:\"https://wpastra.com/docs/footer-builder-options/\";s:8:\"category\";a:1:{i:0;s:28:\"astra-theme-walkthrough-docs\";}}i:141;O:8:\"stdClass\":3:{s:5:\"title\";s:17:\"Add Your Sidebars\";s:3:\"url\";s:45:\"https://wpastra.com/docs/how-to-add-sidebars/\";s:8:\"category\";a:1:{i:0;s:28:\"astra-theme-walkthrough-docs\";}}i:142;O:8:\"stdClass\":3:{s:5:\"title\";s:16:\"Set Up Your Blog\";s:3:\"url\";s:43:\"https://wpastra.com/docs/how-to-setup-blog/\";s:8:\"category\";a:1:{i:0;s:28:\"astra-theme-walkthrough-docs\";}}i:143;O:8:\"stdClass\":3:{s:5:\"title\";s:29:\"Find the Way With Breadcrumbs\";s:3:\"url\";s:43:\"https://wpastra.com/docs/using-breadcrumbs/\";s:8:\"category\";a:1:{i:0;s:28:\"astra-theme-walkthrough-docs\";}}i:144;O:8:\"stdClass\":3:{s:5:\"title\";s:17:\"Build Your Header\";s:3:\"url\";s:48:\"https://wpastra.com/docs/header-builder-options/\";s:8:\"category\";a:1:{i:0;s:28:\"astra-theme-walkthrough-docs\";}}i:145;O:8:\"stdClass\":3:{s:5:\"title\";s:39:\"Style Your Website With Global Settings\";s:3:\"url\";s:52:\"https://wpastra.com/docs/style-with-global-settings/\";s:8:\"category\";a:1:{i:0;s:28:\"astra-theme-walkthrough-docs\";}}i:146;O:8:\"stdClass\":3:{s:5:\"title\";s:23:\"This Is Your Customizer\";s:3:\"url\";s:51:\"https://wpastra.com/docs/manage-customizer-options/\";s:8:\"category\";a:1:{i:0;s:28:\"astra-theme-walkthrough-docs\";}}i:147;O:8:\"stdClass\":3:{s:5:\"title\";s:23:\"Astra Theme Walkthrough\";s:3:\"url\";s:49:\"https://wpastra.com/docs/astra-theme-walkthrough/\";s:8:\"category\";a:1:{i:0;s:28:\"astra-theme-walkthrough-docs\";}}i:148;O:8:\"stdClass\":3:{s:5:\"title\";s:41:\"Display Related Posts on Single Blog Post\";s:3:\"url\";s:47:\"https://wpastra.com/docs/display-related-posts/\";s:8:\"category\";a:1:{i:0;s:4:\"blog\";}}i:149;O:8:\"stdClass\":3:{s:5:\"title\";s:41:\"How do I check my Support Ticket History?\";s:3:\"url\";s:54:\"https://wpastra.com/docs/check-support-ticket-history/\";s:8:\"category\";a:1:{i:0;s:17:\"account-and-store\";}}i:150;O:8:\"stdClass\":3:{s:5:\"title\";s:69:\"How to Resolve Fatal Error: Call to Undefined function ctype_xdigit()\";s:3:\"url\";s:50:\"https://wpastra.com/docs/fatal-error-ctype-xdigit/\";s:8:\"category\";a:2:{i:0;s:24:\"installation-and-updates\";i:1;s:15:\"troubleshooting\";}}i:151;O:8:\"stdClass\":3:{s:5:\"title\";s:56:\"Toggle Button for Desktop &#8211; Header Builder Element\";s:3:\"url\";s:51:\"https://wpastra.com/docs/toggle-button-for-desktop/\";s:8:\"category\";a:1:{i:0;s:23:\"header-footer-after-3-0\";}}i:152;O:8:\"stdClass\":3:{s:5:\"title\";s:46:\"Astra’s Default Font Icons Replaced With SVG\";s:3:\"url\";s:47:\"https://wpastra.com/docs/ast-font-icons-to-svg/\";s:8:\"category\";a:1:{i:0;s:7:\"general\";}}i:153;O:8:\"stdClass\":3:{s:5:\"title\";s:38:\"Fix Spacing Issues in Gutenberg Blocks\";s:3:\"url\";s:47:\"https://wpastra.com/docs/fix-spacing-gb-blocks/\";s:8:\"category\";a:1:{i:0;s:23:\"astra-theme-pro-filters\";}}i:154;O:8:\"stdClass\":3:{s:5:\"title\";s:74:\"Optimize Astra HTML and CSS &#8211; For Existing Astra Users (Before v3.3)\";s:3:\"url\";s:54:\"https://wpastra.com/docs/optimize-css-html-before-3-3/\";s:8:\"category\";a:1:{i:0;s:7:\"general\";}}i:155;O:8:\"stdClass\":3:{s:5:\"title\";s:67:\"FAQs &#8211; Astra Pro 3.2 &#8211; Custom Layout Inside Pages/Posts\";s:3:\"url\";s:44:\"https://wpastra.com/docs/faqs-astra-pro-3-2/\";s:8:\"category\";a:1:{i:0;s:7:\"general\";}}i:156;O:8:\"stdClass\":3:{s:5:\"title\";s:39:\"Inside Page/Post Content Custom Layouts\";s:3:\"url\";s:52:\"https://wpastra.com/docs/custom-layouts-inside-page/\";s:8:\"category\";a:1:{i:0;s:21:\"custom-layouts-module\";}}i:157;O:8:\"stdClass\":3:{s:5:\"title\";s:73:\"How to Remove the White Bars in the Safari Browser on iPhone X and Higher\";s:3:\"url\";s:53:\"https://wpastra.com/docs/remove-white-bars-on-safari/\";s:8:\"category\";a:1:{i:0;s:7:\"general\";}}i:158;O:8:\"stdClass\":3:{s:5:\"title\";s:46:\"Sorry, You Are Not Allowed To Access This Page\";s:3:\"url\";s:52:\"https://wpastra.com/docs/not-allowed-to-access-page/\";s:8:\"category\";a:1:{i:0;s:24:\"installation-and-updates\";}}i:159;O:8:\"stdClass\":3:{s:5:\"title\";s:34:\"Getting Started with Growth Bundle\";s:3:\"url\";s:55:\"https://wpastra.com/docs/getting-started-growth-bundle/\";s:8:\"category\";a:1:{i:0;s:24:\"installation-and-updates\";}}i:160;O:8:\"stdClass\":3:{s:5:\"title\";s:37:\"Getting Started with Essential Bundle\";s:3:\"url\";s:58:\"https://wpastra.com/docs/getting-started-essential-bundle/\";s:8:\"category\";a:1:{i:0;s:24:\"installation-and-updates\";}}i:161;O:8:\"stdClass\":3:{s:5:\"title\";s:67:\"Can&#8217;t See Newly Added Templates in Starter Templates Library?\";s:3:\"url\";s:48:\"https://wpastra.com/docs/sync-starter-templates/\";s:8:\"category\";a:1:{i:0;s:17:\"starter-templates\";}}i:162;O:8:\"stdClass\":3:{s:5:\"title\";s:55:\"Filter to Remove Starter Templates Button on Post Types\";s:3:\"url\";s:67:\"https://wpastra.com/docs/filter-to-remove-starter-templates-button/\";s:8:\"category\";a:1:{i:0;s:17:\"starter-templates\";}}i:163;O:8:\"stdClass\":3:{s:5:\"title\";s:41:\"Using Language Switcher Element with WPML\";s:3:\"url\";s:49:\"https://wpastra.com/docs/using-language-switcher/\";s:8:\"category\";a:1:{i:0;s:23:\"header-footer-after-3-0\";}}i:164;O:8:\"stdClass\":3:{s:5:\"title\";s:51:\"Importing Gutenberg Pages, Patterns, and Wireframes\";s:3:\"url\";s:50:\"https://wpastra.com/docs/import-gb-pages-patterns/\";s:8:\"category\";a:1:{i:0;s:17:\"starter-templates\";}}i:165;O:8:\"stdClass\":3:{s:5:\"title\";s:33:\"Revamped Astra&#8217;s Customizer\";s:3:\"url\";s:51:\"https://wpastra.com/docs/revamped-astra-customizer/\";s:8:\"category\";a:2:{i:0;s:23:\"header-footer-after-3-0\";i:1;s:7:\"general\";}}i:166;O:8:\"stdClass\":3:{s:5:\"title\";s:50:\"Clone and Delete Elements in Header Footer Builder\";s:3:\"url\";s:50:\"https://wpastra.com/docs/clone-delete-hf-elements/\";s:8:\"category\";a:1:{i:0;s:23:\"header-footer-after-3-0\";}}i:167;O:8:\"stdClass\":3:{s:5:\"title\";s:33:\"How to Clear Astra&#8217;s Cache?\";s:3:\"url\";s:43:\"https://wpastra.com/docs/clear-astra-cache/\";s:8:\"category\";a:1:{i:0;s:15:\"troubleshooting\";}}i:168;O:8:\"stdClass\":3:{s:5:\"title\";s:67:\"FAQs &#8211; Astra Header/Footer Builder &#8211; Existing Customers\";s:3:\"url\";s:51:\"https://wpastra.com/docs/faqs-hf-builder-old-users/\";s:8:\"category\";a:1:{i:0;s:23:\"header-footer-after-3-0\";}}i:169;O:8:\"stdClass\":3:{s:5:\"title\";s:54:\"How To Create Mobile Header With Astra Header Builder?\";s:3:\"url\";s:66:\"https://wpastra.com/docs/create-mobile-header-with-header-builder/\";s:8:\"category\";a:1:{i:0;s:23:\"header-footer-after-3-0\";}}i:170;O:8:\"stdClass\":3:{s:5:\"title\";s:49:\"How To Create a Footer With Astra Footer Builder?\";s:3:\"url\";s:59:\"https://wpastra.com/docs/create-footer-with-footer-builder/\";s:8:\"category\";a:1:{i:0;s:23:\"header-footer-after-3-0\";}}i:171;O:8:\"stdClass\":3:{s:5:\"title\";s:49:\"How To Create a Header With Astra Header Builder?\";s:3:\"url\";s:59:\"https://wpastra.com/docs/create-header-with-header-builder/\";s:8:\"category\";a:1:{i:0;s:23:\"header-footer-after-3-0\";}}i:172;O:8:\"stdClass\":3:{s:5:\"title\";s:46:\"Add Multiple Elements in Header Footer Builder\";s:3:\"url\";s:60:\"https://wpastra.com/docs/multiple-elements-in-header-footer/\";s:8:\"category\";a:1:{i:0;s:23:\"header-footer-after-3-0\";}}i:173;O:8:\"stdClass\":3:{s:5:\"title\";s:40:\"FAQs &#8211; Astra Header/Footer Builder\";s:3:\"url\";s:58:\"https://wpastra.com/docs/faqs-astra-header-footer-builder/\";s:8:\"category\";a:1:{i:0;s:23:\"header-footer-after-3-0\";}}i:174;O:8:\"stdClass\":3:{s:5:\"title\";s:64:\"Elements in Header/Footer Builder With Astra Theme and Astra Pro\";s:3:\"url\";s:59:\"https://wpastra.com/docs/elements-in-header-footer-builder/\";s:8:\"category\";a:1:{i:0;s:23:\"header-footer-after-3-0\";}}i:175;O:8:\"stdClass\":3:{s:5:\"title\";s:42:\"How to Add Gutenberg Design Compatibility?\";s:3:\"url\";s:49:\"https://wpastra.com/docs/gb-design-compatibility/\";s:8:\"category\";a:1:{i:0;s:7:\"general\";}}i:176;O:8:\"stdClass\":3:{s:5:\"title\";s:56:\"New Color Controls in Astra theme &#038; Astra Pro Addon\";s:3:\"url\";s:53:\"https://wpastra.com/docs/new-color-controls-in-astra/\";s:8:\"category\";a:1:{i:0;s:7:\"general\";}}i:177;O:8:\"stdClass\":3:{s:5:\"title\";s:30:\"Astra Pro Shortcodes Reference\";s:3:\"url\";s:56:\"https://wpastra.com/docs/astra-pro-shortcodes-reference/\";s:8:\"category\";a:0:{}}i:178;O:8:\"stdClass\":3:{s:5:\"title\";s:68:\"Filter to Add Global Button Settings Support for WooCommerce Buttons\";s:3:\"url\";s:71:\"https://wpastra.com/docs/global-button-support-for-woocommerce-buttons/\";s:8:\"category\";a:1:{i:0;s:19:\"woocommerce-filters\";}}i:179;O:8:\"stdClass\":3:{s:5:\"title\";s:72:\"Blog Featured Image Size Not Working / Error in Image Processing Library\";s:3:\"url\";s:57:\"https://wpastra.com/docs/blog-featured-image-size-issues/\";s:8:\"category\";a:2:{i:0;s:15:\"troubleshooting\";i:1;s:12:\"blog-filters\";}}i:180;O:8:\"stdClass\":3:{s:5:\"title\";s:50:\"Unable to find &#8220;No Toggle&#8221; Menu Style?\";s:3:\"url\";s:61:\"https://wpastra.com/docs/unable-to-find-no-toggle-menu-style/\";s:8:\"category\";a:1:{i:0;s:13:\"mobile-header\";}}i:181;O:8:\"stdClass\":3:{s:5:\"title\";s:58:\"Filters to Support CPTs for Blog Meta and Single Blog Meta\";s:3:\"url\";s:52:\"https://wpastra.com/docs/add-blog-meta-support-cpts/\";s:8:\"category\";a:1:{i:0;s:12:\"blog-filters\";}}i:182;O:8:\"stdClass\":3:{s:5:\"title\";s:29:\"Header Improvements in Astra!\";s:3:\"url\";s:54:\"https://wpastra.com/docs/header-improvements-in-astra/\";s:8:\"category\";a:1:{i:0;s:15:\"header-sections\";}}i:183;O:8:\"stdClass\":3:{s:5:\"title\";s:58:\"Filter to Add Support for Gutenberg Cover and Group blocks\";s:3:\"url\";s:70:\"https://wpastra.com/docs/support-for-gutenberg-cover-and-group-blocks/\";s:8:\"category\";a:1:{i:0;s:23:\"astra-theme-pro-filters\";}}i:184;O:8:\"stdClass\":3:{s:5:\"title\";s:46:\"Change Footer Widget Title&#8217;s Heading Tag\";s:3:\"url\";s:64:\"https://wpastra.com/docs/change-footer-widget-title-heading-tag/\";s:8:\"category\";a:1:{i:0;s:27:\"astra-header-footer-filters\";}}i:185;O:8:\"stdClass\":3:{s:5:\"title\";s:41:\"How to Modify/Change the Quick View text?\";s:3:\"url\";s:48:\"https://wpastra.com/docs/modify-quick-view-text/\";s:8:\"category\";a:1:{i:0;s:19:\"woocommerce-filters\";}}i:186;O:8:\"stdClass\":3:{s:5:\"title\";s:30:\"Deprecated Google Fonts Filter\";s:3:\"url\";s:56:\"https://wpastra.com/docs/deprecated-google-fonts-filter/\";s:8:\"category\";a:1:{i:0;s:23:\"astra-theme-pro-filters\";}}i:187;O:8:\"stdClass\":3:{s:5:\"title\";s:44:\"Mountain Template With Elementor Theme Style\";s:3:\"url\";s:65:\"https://wpastra.com/docs/mountain-template-elementor-theme-style/\";s:8:\"category\";a:1:{i:0;s:17:\"starter-templates\";}}i:188;O:8:\"stdClass\":3:{s:5:\"title\";s:44:\"Plugin Installation Failed &#8211; Multisite\";s:3:\"url\";s:62:\"https://wpastra.com/docs/plugin-installation-failed-multisite/\";s:8:\"category\";a:1:{i:0;s:17:\"starter-templates\";}}i:189;O:8:\"stdClass\":3:{s:5:\"title\";s:58:\"How to Modify Read Time Text on Blog and Single Post Page?\";s:3:\"url\";s:47:\"https://wpastra.com/docs/modify-read-time-text/\";s:8:\"category\";a:0:{}}i:190;O:8:\"stdClass\":3:{s:5:\"title\";s:46:\"System Requirements &#8211;  Starter Templates\";s:3:\"url\";s:63:\"https://wpastra.com/docs/system-requirements-starter-templates/\";s:8:\"category\";a:1:{i:0;s:17:\"starter-templates\";}}i:191;O:8:\"stdClass\":3:{s:5:\"title\";s:58:\"Custom Layout not Rendering Correctly with Beaver Builder?\";s:3:\"url\";s:56:\"https://wpastra.com/docs/custom-layouts-rendering-issue/\";s:8:\"category\";a:1:{i:0;s:23:\"astra-theme-pro-filters\";}}i:192;O:8:\"stdClass\":3:{s:5:\"title\";s:83:\"Unable to Upload the Astra Pro ZIP File because it is Unzipped During the Download?\";s:3:\"url\";s:65:\"https://wpastra.com/docs/unable-to-upload-the-astra-pro-zip-file/\";s:8:\"category\";a:1:{i:0;s:24:\"installation-and-updates\";}}i:193;O:8:\"stdClass\":3:{s:5:\"title\";s:64:\"How to Update Responsive Breakpoints for Tablet+Mobile in Astra?\";s:3:\"url\";s:71:\"https://wpastra.com/docs/set-update-breakpoints-tablet-mobile-in-astra/\";s:8:\"category\";a:2:{i:0;s:27:\"astra-header-footer-filters\";i:1;s:23:\"header-footer-after-3-0\";}}i:194;O:8:\"stdClass\":3:{s:5:\"title\";s:14:\"Usage Tracking\";s:3:\"url\";s:40:\"https://wpastra.com/docs/usage-tracking/\";s:8:\"category\";a:1:{i:0;s:7:\"general\";}}i:195;O:8:\"stdClass\":3:{s:5:\"title\";s:47:\"How to Install Starter Templates (Free) Plugin?\";s:3:\"url\";s:56:\"https://wpastra.com/docs/install-free-starter-templates/\";s:8:\"category\";a:1:{i:0;s:17:\"starter-templates\";}}i:196;O:8:\"stdClass\":3:{s:5:\"title\";s:51:\"Starter Templates &#8211; Restore Customizer Backup\";s:3:\"url\";s:51:\"https://wpastra.com/docs/restore-customizer-backup/\";s:8:\"category\";a:1:{i:0;s:17:\"starter-templates\";}}i:197;O:8:\"stdClass\":3:{s:5:\"title\";s:34:\"How to Update Your Payment Method?\";s:3:\"url\";s:47:\"https://wpastra.com/docs/update-payment-method/\";s:8:\"category\";a:0:{}}i:198;O:8:\"stdClass\":3:{s:5:\"title\";s:49:\"How to Setup Custom Adobe Fonts (Typekit) Plugin?\";s:3:\"url\";s:65:\"https://wpastra.com/docs/setup-custom-adobe-fonts-typekit-plugin/\";s:8:\"category\";a:1:{i:0;s:7:\"general\";}}i:199;O:8:\"stdClass\":3:{s:5:\"title\";s:56:\"Can I Import Starter Templates Site on Existing Website?\";s:3:\"url\";s:62:\"https://wpastra.com/docs/import-templates-on-existing-website/\";s:8:\"category\";a:1:{i:0;s:17:\"starter-templates\";}}i:200;O:8:\"stdClass\":3:{s:5:\"title\";s:62:\"Premium Starter Templates &#8211; Install and Activate License\";s:3:\"url\";s:59:\"https://wpastra.com/docs/install-premium-starter-templates/\";s:8:\"category\";a:1:{i:0;s:17:\"starter-templates\";}}i:201;O:8:\"stdClass\":3:{s:5:\"title\";s:43:\"Not Valid License &#8211; Starter Templates\";s:3:\"url\";s:43:\"https://wpastra.com/docs/not-valid-license/\";s:8:\"category\";a:1:{i:0;s:17:\"starter-templates\";}}i:202;O:8:\"stdClass\":3:{s:5:\"title\";s:50:\"Starter Templates &#8211; Requires plugins missing\";s:3:\"url\";s:52:\"https://wpastra.com/docs/plugin-installation-failed/\";s:8:\"category\";a:1:{i:0;s:17:\"starter-templates\";}}i:203;O:8:\"stdClass\":3:{s:5:\"title\";s:55:\"Filter to Remove Link From Featured Images on Blog Page\";s:3:\"url\";s:65:\"https://wpastra.com/docs/remove-featured-image-link-on-blog-page/\";s:8:\"category\";a:1:{i:0;s:12:\"blog-filters\";}}i:204;O:8:\"stdClass\":3:{s:5:\"title\";s:58:\"Set Parallax Effect on Responsive Devices with Page Header\";s:3:\"url\";s:46:\"https://wpastra.com/docs/parallax-page-header/\";s:8:\"category\";a:1:{i:0;s:12:\"page-headers\";}}i:205;O:8:\"stdClass\":3:{s:5:\"title\";s:50:\"Starter Templates &#8211; Free Images from Pixabay\";s:3:\"url\";s:58:\"https://wpastra.com/docs/starter-templates-pixabay-images/\";s:8:\"category\";a:1:{i:0;s:17:\"starter-templates\";}}i:206;O:8:\"stdClass\":3:{s:5:\"title\";s:41:\"Starter Templates &#8211; Elementor Popup\";s:3:\"url\";s:59:\"https://wpastra.com/docs/starter-templates-elementor-popup/\";s:8:\"category\";a:1:{i:0;s:17:\"starter-templates\";}}i:207;O:8:\"stdClass\":3:{s:5:\"title\";s:49:\"Update Required Plugins &#8211; Starter Templates\";s:3:\"url\";s:49:\"https://wpastra.com/docs/update-required-plugins/\";s:8:\"category\";a:1:{i:0;s:17:\"starter-templates\";}}i:208;O:8:\"stdClass\":3:{s:5:\"title\";s:51:\"XMLReader Support Missing &#8211; Starter Templates\";s:3:\"url\";s:43:\"https://wpastra.com/docs/xmlreader-missing/\";s:8:\"category\";a:1:{i:0;s:17:\"starter-templates\";}}i:209;O:8:\"stdClass\":3:{s:5:\"title\";s:44:\"Disable Debug Mode &#8211; Starter Templates\";s:3:\"url\";s:44:\"https://wpastra.com/docs/disable-debug-mode/\";s:8:\"category\";a:1:{i:0;s:17:\"starter-templates\";}}i:210;O:8:\"stdClass\":3:{s:5:\"title\";s:59:\"Required File Permissions Missing &#8211; Starter Templates\";s:3:\"url\";s:51:\"https://wpastra.com/docs/required-file-permissions/\";s:8:\"category\";a:1:{i:0;s:17:\"starter-templates\";}}i:211;O:8:\"stdClass\":3:{s:5:\"title\";s:46:\"cURL Support Missing &#8211; Starter Templates\";s:3:\"url\";s:46:\"https://wpastra.com/docs/curl-support-missing/\";s:8:\"category\";a:1:{i:0;s:17:\"starter-templates\";}}i:212;O:8:\"stdClass\":3:{s:5:\"title\";s:35:\"Starter Templates with Other Themes\";s:3:\"url\";s:61:\"https://wpastra.com/docs/starter-templates-with-other-themes/\";s:8:\"category\";a:1:{i:0;s:17:\"starter-templates\";}}i:213;O:8:\"stdClass\":3:{s:5:\"title\";s:53:\"How to Import A Complete Site With Starter Templates?\";s:3:\"url\";s:57:\"https://wpastra.com/docs/starter-templates-complete-site/\";s:8:\"category\";a:1:{i:0;s:17:\"starter-templates\";}}i:214;O:8:\"stdClass\":3:{s:5:\"title\";s:37:\"Starter Templates — Basics and FAQs\";s:3:\"url\";s:55:\"https://wpastra.com/docs/starter-templates-basics-faqs/\";s:8:\"category\";a:1:{i:0;s:17:\"starter-templates\";}}i:215;O:8:\"stdClass\":3:{s:5:\"title\";s:49:\"How to Import Single Page With Starter Templates?\";s:3:\"url\";s:48:\"https://wpastra.com/docs/import-single-template/\";s:8:\"category\";a:1:{i:0;s:17:\"starter-templates\";}}i:216;O:8:\"stdClass\":3:{s:5:\"title\";s:59:\"New Header Button Options in Astra theme (Old Astra Header)\";s:3:\"url\";s:59:\"https://wpastra.com/docs/new-button-options-in-astra-theme/\";s:8:\"category\";a:1:{i:0;s:24:\"header-footer-before-3-0\";}}i:217;O:8:\"stdClass\":3:{s:5:\"title\";s:53:\"How to Enable Astra Comment Box on Custom Post Types?\";s:3:\"url\";s:57:\"https://wpastra.com/docs/enable-astra-comment-box-on-cpt/\";s:8:\"category\";a:1:{i:0;s:7:\"general\";}}i:218;O:8:\"stdClass\":3:{s:5:\"title\";s:28:\"Astra 2.2 for Existing Users\";s:3:\"url\";s:54:\"https://wpastra.com/docs/astra-2-2-for-existing-users/\";s:8:\"category\";a:1:{i:0;s:7:\"general\";}}i:219;O:8:\"stdClass\":3:{s:5:\"title\";s:50:\"How to Remove Featured Image Link on Archive Page?\";s:3:\"url\";s:68:\"https://wpastra.com/docs/remove-featured-image-link-on-archive-page/\";s:8:\"category\";a:2:{i:0;s:7:\"general\";i:1;s:12:\"blog-filters\";}}i:220;O:8:\"stdClass\":3:{s:5:\"title\";s:47:\"Display Settings of Custom Layouts in Astra Pro\";s:3:\"url\";s:48:\"https://wpastra.com/docs/display-rules-in-astra/\";s:8:\"category\";a:1:{i:0;s:21:\"custom-layouts-module\";}}i:221;O:8:\"stdClass\":3:{s:5:\"title\";s:53:\"Get SkillJet Access &#8211; Brainstorm Force Customer\";s:3:\"url\";s:48:\"https://wpastra.com/docs/unlock-skilljet-access/\";s:8:\"category\";a:1:{i:0;s:7:\"general\";}}i:222;O:8:\"stdClass\":3:{s:5:\"title\";s:53:\"How to Disable Product Quantity (Plus-Minus) Buttons?\";s:3:\"url\";s:52:\"https://wpastra.com/docs/disable-plus-minus-buttons/\";s:8:\"category\";a:1:{i:0;s:19:\"woocommerce-filters\";}}i:223;O:8:\"stdClass\":3:{s:5:\"title\";s:52:\"Change Placeholder for Search Box (Old Astra Header)\";s:3:\"url\";s:51:\"https://wpastra.com/docs/change-search-placeholder/\";s:8:\"category\";a:1:{i:0;s:27:\"astra-header-footer-filters\";}}i:224;O:8:\"stdClass\":3:{s:5:\"title\";s:44:\"How to Disable Schema Markup Added by Astra?\";s:3:\"url\";s:47:\"https://wpastra.com/docs/disable-schema-markup/\";s:8:\"category\";a:1:{i:0;s:23:\"astra-theme-pro-filters\";}}i:225;O:8:\"stdClass\":3:{s:5:\"title\";s:50:\"Change the String &#8220;Search Results For&#8221;\";s:3:\"url\";s:46:\"https://wpastra.com/docs/change-search-string/\";s:8:\"category\";a:1:{i:0;s:27:\"astra-header-footer-filters\";}}i:226;O:8:\"stdClass\":3:{s:5:\"title\";s:37:\"Restrict Search Results to Posts Only\";s:3:\"url\";s:54:\"https://wpastra.com/docs/restrict-search-results-post/\";s:8:\"category\";a:1:{i:0;s:23:\"astra-theme-pro-filters\";}}i:227;O:8:\"stdClass\":3:{s:5:\"title\";s:32:\"How to Remove Page Header Title?\";s:3:\"url\";s:50:\"https://wpastra.com/docs/remove-page-header-title/\";s:8:\"category\";a:1:{i:0;s:12:\"page-headers\";}}i:228;O:8:\"stdClass\":3:{s:5:\"title\";s:45:\"Naming Convention for Astra 2.1.0 CSS File(s)\";s:3:\"url\";s:53:\"https://wpastra.com/docs/naming-convention-astra-2-1/\";s:8:\"category\";a:1:{i:0;s:7:\"general\";}}i:229;O:8:\"stdClass\":3:{s:5:\"title\";s:43:\"How to Get Started with CSS File Generation\";s:3:\"url\";s:52:\"https://wpastra.com/docs/enable-css-file-generation/\";s:8:\"category\";a:1:{i:0;s:7:\"general\";}}i:230;O:8:\"stdClass\":3:{s:5:\"title\";s:24:\"Browser Support by Astra\";s:3:\"url\";s:50:\"https://wpastra.com/docs/browser-support-by-astra/\";s:8:\"category\";a:1:{i:0;s:7:\"general\";}}i:231;O:8:\"stdClass\":3:{s:5:\"title\";s:33:\"Structuring Shop WooCommerce Page\";s:3:\"url\";s:44:\"https://wpastra.com/docs/shop-woocommerce-2/\";s:8:\"category\";a:1:{i:0;s:3:\"woo\";}}i:232;O:8:\"stdClass\":3:{s:5:\"title\";s:66:\"How to Deal with Update Issues in Astra Theme and Astra Pro Addon?\";s:3:\"url\";s:59:\"https://wpastra.com/docs/overcoming-update-issues-in-astra/\";s:8:\"category\";a:1:{i:0;s:15:\"troubleshooting\";}}i:233;O:8:\"stdClass\":3:{s:5:\"title\";s:31:\"How to Manage License on Store?\";s:3:\"url\";s:56:\"https://wpastra.com/docs/how-to-manage-license-on-store/\";s:8:\"category\";a:1:{i:0;s:17:\"account-and-store\";}}i:234;O:8:\"stdClass\":3:{s:5:\"title\";s:35:\"How to Update Astra Theme Manually?\";s:3:\"url\";s:47:\"https://wpastra.com/docs/update-theme-manually/\";s:8:\"category\";a:1:{i:0;s:24:\"installation-and-updates\";}}i:235;O:8:\"stdClass\":3:{s:5:\"title\";s:55:\"How to Change the Heading Tag for the Page/Post Titles?\";s:3:\"url\";s:59:\"https://wpastra.com/docs/change-heading-tag-for-post-title/\";s:8:\"category\";a:1:{i:0;s:27:\"astra-header-footer-filters\";}}i:236;O:8:\"stdClass\":3:{s:5:\"title\";s:46:\"Astra Compatibility with LearnDash Version 3.0\";s:3:\"url\";s:64:\"https://wpastra.com/docs/astra-compatibility-with-learndash-3-0/\";s:8:\"category\";a:2:{i:0;s:27:\"learndash-astra-pro-modules\";i:1;s:9:\"learndash\";}}i:237;O:8:\"stdClass\":3:{s:5:\"title\";s:34:\"Modify font-display Property Value\";s:3:\"url\";s:60:\"https://wpastra.com/docs/modify-font-display-property-value/\";s:8:\"category\";a:1:{i:0;s:23:\"astra-theme-pro-filters\";}}i:238;O:8:\"stdClass\":3:{s:5:\"title\";s:50:\"How to Change HTML tag for Site Title and Tagline?\";s:3:\"url\";s:60:\"https://wpastra.com/docs/change-site-title-tagline-html-tag/\";s:8:\"category\";a:1:{i:0;s:27:\"astra-header-footer-filters\";}}i:239;O:8:\"stdClass\":3:{s:5:\"title\";s:44:\"Why font-display property is added to Astra?\";s:3:\"url\";s:56:\"https://wpastra.com/docs/font-display-property-in-astra/\";s:8:\"category\";a:0:{}}i:240;O:8:\"stdClass\":3:{s:5:\"title\";s:49:\"Disable All Meta Settings of Page/Post by Default\";s:3:\"url\";s:75:\"https://wpastra.com/docs/disable-all-meta-settings-of-page-post-by-default/\";s:8:\"category\";a:1:{i:0;s:23:\"astra-theme-pro-filters\";}}i:241;O:8:\"stdClass\":3:{s:5:\"title\";s:36:\"How to Remove Inline CSS from Astra?\";s:3:\"url\";s:54:\"https://wpastra.com/docs/remove-inline-css-from-astra/\";s:8:\"category\";a:1:{i:0;s:23:\"astra-theme-pro-filters\";}}i:242;O:8:\"stdClass\":3:{s:5:\"title\";s:35:\"How to Add RTL CSS via Child Theme?\";s:3:\"url\";s:49:\"https://wpastra.com/docs/rtl-css-via-child-theme/\";s:8:\"category\";a:1:{i:0;s:7:\"general\";}}i:243;O:8:\"stdClass\":3:{s:5:\"title\";s:66:\"How to Change Previous and Next Link Text from a Single Blog Post?\";s:3:\"url\";s:67:\"https://wpastra.com/docs/replace-navigation-strings-on-single-post/\";s:8:\"category\";a:1:{i:0;s:12:\"blog-filters\";}}i:244;O:8:\"stdClass\":3:{s:5:\"title\";s:75:\"Add Title attribute to Header Background Image as a Substitute for Alt Text\";s:3:\"url\";s:68:\"https://wpastra.com/docs/title-attribute-in-header-background-image/\";s:8:\"category\";a:1:{i:0;s:27:\"astra-header-footer-filters\";}}i:245;O:8:\"stdClass\":3:{s:5:\"title\";s:52:\"How to Switch From Existing Breadcrumb to New Trail?\";s:3:\"url\";s:64:\"https://wpastra.com/docs/filter-to-switch-bread-from-old-to-new/\";s:8:\"category\";a:1:{i:0;s:10:\"breadcrumb\";}}i:246;O:8:\"stdClass\":3:{s:5:\"title\";s:74:\"How to Display a Breadcrumb Anywhere within a Page or Post with Shortcode?\";s:3:\"url\";s:59:\"https://wpastra.com/docs/display-breadcrumb-with-shortcode/\";s:8:\"category\";a:1:{i:0;s:10:\"breadcrumb\";}}i:247;O:8:\"stdClass\":3:{s:5:\"title\";s:54:\"How to Add Breadcrumbs in WordPress Website with Astra\";s:3:\"url\";s:52:\"https://wpastra.com/docs/add-breadcrumbs-with-astra/\";s:8:\"category\";a:1:{i:0;s:10:\"breadcrumb\";}}i:248;O:8:\"stdClass\":3:{s:5:\"title\";s:42:\"Disable Astra’s Native AMP Functionality\";s:3:\"url\";s:51:\"https://wpastra.com/docs/disable-astra-amp-support/\";s:8:\"category\";a:2:{i:0;s:18:\"native-amp-support\";i:1;s:23:\"astra-theme-pro-filters\";}}i:249;O:8:\"stdClass\":3:{s:5:\"title\";s:44:\"Astra Options that won&#8217;t work with AMP\";s:3:\"url\";s:63:\"https://wpastra.com/docs/astra-options-that-wont-work-with-amp/\";s:8:\"category\";a:2:{i:0;s:18:\"native-amp-support\";i:1;s:7:\"general\";}}i:250;O:8:\"stdClass\":3:{s:5:\"title\";s:20:\"Configure AMP Plugin\";s:3:\"url\";s:46:\"https://wpastra.com/docs/configure-amp-plugin/\";s:8:\"category\";a:2:{i:0;s:18:\"native-amp-support\";i:1;s:7:\"general\";}}i:251;O:8:\"stdClass\":3:{s:5:\"title\";s:59:\"How to Activate the License for Astra Premium Sites Plugin?\";s:3:\"url\";s:73:\"https://wpastra.com/docs/activate-license-for-astra-premium-sites-plugin/\";s:8:\"category\";a:1:{i:0;s:24:\"installation-and-updates\";}}i:252;O:8:\"stdClass\":3:{s:5:\"title\";s:51:\"White Label Constants to Change Strings Permanently\";s:3:\"url\";s:77:\"https://wpastra.com/docs/white-label-constants-to-change-strings-permanently/\";s:8:\"category\";a:1:{i:0;s:11:\"white-label\";}}i:253;O:8:\"stdClass\":3:{s:5:\"title\";s:30:\"Manually Install Astra via FTP\";s:3:\"url\";s:56:\"https://wpastra.com/docs/manually-install-astra-via-ftp/\";s:8:\"category\";a:1:{i:0;s:24:\"installation-and-updates\";}}i:254;O:8:\"stdClass\":3:{s:5:\"title\";s:39:\"Change Sidebar Widget Title Heading Tag\";s:3:\"url\";s:65:\"https://wpastra.com/docs/change-sidebar-widget-title-heading-tag/\";s:8:\"category\";a:1:{i:0;s:23:\"astra-theme-pro-filters\";}}i:255;O:8:\"stdClass\":3:{s:5:\"title\";s:48:\"How to Change the Direction for Submenu Opening?\";s:3:\"url\";s:66:\"https://wpastra.com/docs/change-the-direction-for-submenu-opening/\";s:8:\"category\";a:1:{i:0;s:7:\"general\";}}i:256;O:8:\"stdClass\":3:{s:5:\"title\";s:51:\"Display Products from Same Category with Navigation\";s:3:\"url\";s:78:\"https://wpastra.com/docs/products-from-same-directed-category-with-navigation/\";s:8:\"category\";a:1:{i:0;s:7:\"general\";}}i:257;O:8:\"stdClass\":3:{s:5:\"title\";s:27:\"Native AMP Support in Astra\";s:3:\"url\";s:50:\"https://wpastra.com/docs/astra-native-amp-support/\";s:8:\"category\";a:2:{i:0;s:18:\"native-amp-support\";i:1;s:7:\"general\";}}i:258;O:8:\"stdClass\":3:{s:5:\"title\";s:52:\"How to Disable the White Label Settings Permanently?\";s:3:\"url\";s:77:\"https://wpastra.com/docs/how-to-disable-the-white-label-settings-permanently/\";s:8:\"category\";a:2:{i:0;s:11:\"white-label\";i:1;s:7:\"general\";}}i:259;O:8:\"stdClass\":3:{s:5:\"title\";s:73:\"Troubleshooting Steps ( with Health Check &#038; Troubleshooting plugin )\";s:3:\"url\";s:47:\"https://wpastra.com/docs/troubleshooting-steps/\";s:8:\"category\";a:1:{i:0;s:15:\"troubleshooting\";}}i:260;O:8:\"stdClass\":3:{s:5:\"title\";s:31:\"How to Add Icons to Menu Items?\";s:3:\"url\";s:56:\"https://wpastra.com/docs/how-to-add-icons-to-menu-items/\";s:8:\"category\";a:1:{i:0;s:7:\"general\";}}i:261;O:8:\"stdClass\":3:{s:5:\"title\";s:67:\"How Translations can be Manually Exported and Uploaded to the Site?\";s:3:\"url\";s:54:\"https://wpastra.com/docs/manually-upload-translations/\";s:8:\"category\";a:1:{i:0;s:15:\"translate-astra\";}}i:262;O:8:\"stdClass\":3:{s:5:\"title\";s:39:\"How to Add Button as Last Item in Menu?\";s:3:\"url\";s:57:\"https://wpastra.com/docs/add-button-as-last-item-in-menu/\";s:8:\"category\";a:2:{i:0;s:7:\"general\";i:1;s:24:\"header-footer-before-3-0\";}}i:263;O:8:\"stdClass\":3:{s:5:\"title\";s:33:\"Transparent Header in Astra Theme\";s:3:\"url\";s:50:\"https://wpastra.com/docs/astra-transparent-header/\";s:8:\"category\";a:1:{i:0;s:24:\"header-footer-before-3-0\";}}i:264;O:8:\"stdClass\":3:{s:5:\"title\";s:77:\"&#8216;The preview could not be loaded&#8217; Pop Up with Astra and Elementor\";s:3:\"url\";s:64:\"https://wpastra.com/docs/the-preview-could-not-be-loaded-pop-up/\";s:8:\"category\";a:1:{i:0;s:15:\"troubleshooting\";}}i:265;O:8:\"stdClass\":3:{s:5:\"title\";s:36:\"Change Woocommerce Out of Stock Text\";s:3:\"url\";s:62:\"https://wpastra.com/docs/change-woocommerce-out-of-stock-text/\";s:8:\"category\";a:1:{i:0;s:19:\"woocommerce-filters\";}}i:266;O:8:\"stdClass\":3:{s:5:\"title\";s:50:\"Does White Label Feature Make Changes in the Code?\";s:3:\"url\";s:97:\"https://wpastra.com/docs/does-white-label-feature-in-astra-pro-make-changes-in-the-frontend-code/\";s:8:\"category\";a:1:{i:0;s:11:\"white-label\";}}i:267;O:8:\"stdClass\":3:{s:5:\"title\";s:26:\"Typography options for EDD\";s:3:\"url\";s:52:\"https://wpastra.com/docs/typography-options-for-edd/\";s:8:\"category\";a:1:{i:0;s:29:\"easy-digital-downloads-module\";}}i:268;O:8:\"stdClass\":3:{s:5:\"title\";s:40:\"Colors &#038; Background options for EDD\";s:3:\"url\";s:59:\"https://wpastra.com/docs/colors-background-options-for-edd/\";s:8:\"category\";a:1:{i:0;s:29:\"easy-digital-downloads-module\";}}i:269;O:8:\"stdClass\":3:{s:5:\"title\";s:40:\"Checkout Page &#8211; EDD Module Options\";s:3:\"url\";s:58:\"https://wpastra.com/docs/checkout-page-edd-module-options/\";s:8:\"category\";a:1:{i:0;s:29:\"easy-digital-downloads-module\";}}i:270;O:8:\"stdClass\":3:{s:5:\"title\";s:41:\"Single Product &#8211; EDD Module Options\";s:3:\"url\";s:59:\"https://wpastra.com/docs/single-product-edd-module-options/\";s:8:\"category\";a:1:{i:0;s:29:\"easy-digital-downloads-module\";}}i:271;O:8:\"stdClass\":3:{s:5:\"title\";s:42:\"Product Archive &#8211; EDD Module Options\";s:3:\"url\";s:60:\"https://wpastra.com/docs/product-archive-edd-module-options/\";s:8:\"category\";a:1:{i:0;s:29:\"easy-digital-downloads-module\";}}i:272;O:8:\"stdClass\":3:{s:5:\"title\";s:34:\"General &#8211; EDD Module Options\";s:3:\"url\";s:52:\"https://wpastra.com/docs/general-edd-module-options/\";s:8:\"category\";a:1:{i:0;s:29:\"easy-digital-downloads-module\";}}i:273;O:8:\"stdClass\":3:{s:5:\"title\";s:50:\"EDD &#8211; Easy Digital Downloads Module Overview\";s:3:\"url\";s:64:\"https://wpastra.com/docs/easy-digital-downloads-module-overview/\";s:8:\"category\";a:1:{i:0;s:29:\"easy-digital-downloads-module\";}}i:274;O:8:\"stdClass\":3:{s:5:\"title\";s:44:\"EDD Integration Overview in Free Astra Theme\";s:3:\"url\";s:62:\"https://wpastra.com/docs/edd-integration-overview-astra-theme/\";s:8:\"category\";a:1:{i:0;s:22:\"easy-digital-downloads\";}}i:275;O:8:\"stdClass\":3:{s:5:\"title\";s:68:\"How to Display a Mini Cart Anywhere Using Shortcode? (Astra and EDD)\";s:3:\"url\";s:49:\"https://wpastra.com/docs/edd-mini-cart-shortcode/\";s:8:\"category\";a:2:{i:0;s:29:\"easy-digital-downloads-module\";i:1;s:7:\"general\";}}i:276;O:8:\"stdClass\":3:{s:5:\"title\";s:49:\"How to Add EDD Cart in Header? (Old Astra Header)\";s:3:\"url\";s:44:\"https://wpastra.com/docs/edd-cart-in-header/\";s:8:\"category\";a:3:{i:0;s:7:\"general\";i:1;s:22:\"easy-digital-downloads\";i:2;s:29:\"easy-digital-downloads-module\";}}i:277;O:8:\"stdClass\":3:{s:5:\"title\";s:72:\"How to Add Download Archive Pages to the Menu When Using Astra with EDD?\";s:3:\"url\";s:59:\"https://wpastra.com/docs/add-download-archive-page-to-menu/\";s:8:\"category\";a:3:{i:0;s:7:\"general\";i:1;s:22:\"easy-digital-downloads\";i:2;s:29:\"easy-digital-downloads-module\";}}i:278;O:8:\"stdClass\":3:{s:5:\"title\";s:35:\"How to Disable EDD Inbuilt Styling?\";s:3:\"url\";s:53:\"https://wpastra.com/docs/disable-edd-inbuilt-styling/\";s:8:\"category\";a:3:{i:0;s:7:\"general\";i:1;s:22:\"easy-digital-downloads\";i:2;s:29:\"easy-digital-downloads-module\";}}i:279;O:8:\"stdClass\":3:{s:5:\"title\";s:77:\"How to Apply For Brainstorm Force Affiliate Program? (Become Astra Affiliate)\";s:3:\"url\";s:48:\"https://wpastra.com/docs/become-astra-affiliate/\";s:8:\"category\";a:1:{i:0;s:17:\"account-and-store\";}}i:280;O:8:\"stdClass\":3:{s:5:\"title\";s:33:\"How to Add Custom Fonts in Astra?\";s:3:\"url\";s:58:\"https://wpastra.com/docs/how-to-add-custom-fonts-in-astra/\";s:8:\"category\";a:1:{i:0;s:7:\"general\";}}i:281;O:8:\"stdClass\":3:{s:5:\"title\";s:28:\"How to Upgrade to Astra Pro?\";s:3:\"url\";s:46:\"https://wpastra.com/docs/upgrade-to-astra-pro/\";s:8:\"category\";a:1:{i:0;s:24:\"installation-and-updates\";}}i:282;O:8:\"stdClass\":3:{s:5:\"title\";s:32:\"Typography Improvement for Astra\";s:3:\"url\";s:58:\"https://wpastra.com/docs/typography-improvement-for-astra/\";s:8:\"category\";a:1:{i:0;s:6:\"global\";}}i:283;O:8:\"stdClass\":3:{s:5:\"title\";s:46:\"How Does Astra Work with the Gutenberg Editor?\";s:3:\"url\";s:53:\"https://wpastra.com/docs/astra-with-gutenberg-editor/\";s:8:\"category\";a:0:{}}i:284;O:8:\"stdClass\":3:{s:5:\"title\";s:63:\"How to Create Different Headers on Different Pages Using Astra?\";s:3:\"url\";s:62:\"https://wpastra.com/docs/different-headers-on-different-pages/\";s:8:\"category\";a:1:{i:0;s:7:\"general\";}}i:285;O:8:\"stdClass\":3:{s:5:\"title\";s:25:\"Dim Content on Menu Hover\";s:3:\"url\";s:51:\"https://wpastra.com/docs/dim-content-on-menu-hover/\";s:8:\"category\";a:1:{i:0;s:10:\"custom-css\";}}i:286;O:8:\"stdClass\":3:{s:5:\"title\";s:42:\"Which Zip Should I Install from the Store?\";s:3:\"url\";s:46:\"https://wpastra.com/docs/which-zip-to-install/\";s:8:\"category\";a:1:{i:0;s:24:\"installation-and-updates\";}}i:287;O:8:\"stdClass\":3:{s:5:\"title\";s:37:\"How to Set Animation To The Sub Menu?\";s:3:\"url\";s:62:\"https://wpastra.com/docs/how-to-set-animation-to-the-sub-menu/\";s:8:\"category\";a:1:{i:0;s:7:\"general\";}}i:288;O:8:\"stdClass\":3:{s:5:\"title\";s:37:\"Display SubMenu Just Below the Header\";s:3:\"url\";s:59:\"https://wpastra.com/docs/display-sub-menu-below-the-header/\";s:8:\"category\";a:1:{i:0;s:7:\"general\";}}i:289;O:8:\"stdClass\":3:{s:5:\"title\";s:77:\"How to Duplicate &#8216;Custom Layouts&#8217; and &#8216;Page Headers&#8217;?\";s:3:\"url\";s:67:\"https://wpastra.com/docs/duplicate-custom-layouts-and-page-headers/\";s:8:\"category\";a:1:{i:0;s:7:\"general\";}}i:290;O:8:\"stdClass\":3:{s:5:\"title\";s:39:\"How to Set up a WordPress Staging Site?\";s:3:\"url\";s:54:\"https://wpastra.com/docs/how-to-set-up-a-staging-site/\";s:8:\"category\";a:1:{i:0;s:7:\"general\";}}i:291;O:8:\"stdClass\":3:{s:5:\"title\";s:30:\"How to Disable Primary Header?\";s:3:\"url\";s:55:\"https://wpastra.com/docs/how-to-disable-primary-header/\";s:8:\"category\";a:1:{i:0;s:27:\"astra-header-footer-filters\";}}i:292;O:8:\"stdClass\":3:{s:5:\"title\";s:36:\"Nav Menu Module [Create a Mega Menu]\";s:3:\"url\";s:40:\"https://wpastra.com/docs/nav-menu-addon/\";s:8:\"category\";a:1:{i:0;s:8:\"nav-menu\";}}i:293;O:8:\"stdClass\":3:{s:5:\"title\";s:42:\"How to Switch to Astra from Another Theme?\";s:3:\"url\";s:48:\"https://wpastra.com/docs/how-to-switch-to-astra/\";s:8:\"category\";a:1:{i:0;s:7:\"general\";}}i:294;O:8:\"stdClass\":3:{s:5:\"title\";s:35:\"Google Fonts Not Loading with Astra\";s:3:\"url\";s:61:\"https://wpastra.com/docs/google-fonts-not-loading-with-astra/\";s:8:\"category\";a:1:{i:0;s:7:\"general\";}}i:295;O:8:\"stdClass\":3:{s:5:\"title\";s:74:\"Adding Custom Sidebar to the Theme with Lightweight Sidebar Manager plugin\";s:3:\"url\";s:47:\"https://wpastra.com/docs/adding-custom-sidebar/\";s:8:\"category\";a:1:{i:0;s:7:\"general\";}}i:296;O:8:\"stdClass\":3:{s:5:\"title\";s:32:\"Automatic Beta Updates for Astra\";s:3:\"url\";s:58:\"https://wpastra.com/docs/automatic-beta-updates-for-astra/\";s:8:\"category\";a:2:{i:0;s:7:\"general\";i:1;s:24:\"installation-and-updates\";}}i:297;O:8:\"stdClass\":3:{s:5:\"title\";s:39:\"How to Add Font Awesome Icons in Astra?\";s:3:\"url\";s:57:\"https://wpastra.com/docs/add-font-awesome-icons-in-astra/\";s:8:\"category\";a:1:{i:0;s:7:\"general\";}}i:298;O:8:\"stdClass\":3:{s:5:\"title\";s:39:\"Color for Anchor Tag Inside Heading Tag\";s:3:\"url\";s:55:\"https://wpastra.com/docs/anchor-tag-inside-heading-tag/\";s:8:\"category\";a:1:{i:0;s:7:\"general\";}}i:299;O:8:\"stdClass\":3:{s:5:\"title\";s:43:\"Search Shortcode to Add Search Box in Astra\";s:3:\"url\";s:55:\"https://wpastra.com/docs/search-box-shortcode-in-astra/\";s:8:\"category\";a:1:{i:0;s:7:\"general\";}}i:300;O:8:\"stdClass\":3:{s:5:\"title\";s:39:\"LifterLMS Shortcode to Add Profile Link\";s:3:\"url\";s:62:\"https://wpastra.com/docs/lifterlms-shortcode-for-profile-link/\";s:8:\"category\";a:2:{i:0;s:7:\"general\";i:1;s:19:\"lifterlms-astra-pro\";}}i:301;O:8:\"stdClass\":3:{s:5:\"title\";s:39:\"LearnDash Shortcode to Add Profile Link\";s:3:\"url\";s:62:\"https://wpastra.com/docs/learndash-shortcode-for-profile-link/\";s:8:\"category\";a:2:{i:0;s:7:\"general\";i:1;s:27:\"learndash-astra-pro-modules\";}}i:302;O:8:\"stdClass\":3:{s:5:\"title\";s:71:\"How to Download Older Version of Astra Theme or Astra Pro Addon plugin?\";s:3:\"url\";s:57:\"https://wpastra.com/docs/download-older-version-of-astra/\";s:8:\"category\";a:1:{i:0;s:7:\"general\";}}i:303;O:8:\"stdClass\":3:{s:5:\"title\";s:44:\"How to Add Google Tag Manager Code to Astra?\";s:3:\"url\";s:69:\"https://wpastra.com/docs/how-to-add-google-tag-manager-code-to-astra/\";s:8:\"category\";a:1:{i:0;s:7:\"general\";}}i:304;O:8:\"stdClass\":3:{s:5:\"title\";s:56:\"Mobile Header with Above/Below Header (Old Astra Header)\";s:3:\"url\";s:63:\"https://wpastra.com/docs/mobile-header-with-above-below-header/\";s:8:\"category\";a:1:{i:0;s:13:\"mobile-header\";}}i:305;O:8:\"stdClass\":3:{s:5:\"title\";s:56:\"How to Stick Footer to Bottom when Page Content is Less?\";s:3:\"url\";s:81:\"https://wpastra.com/docs/how-to-stick-footer-to-bottom-when-page-content-is-less/\";s:8:\"category\";a:2:{i:0;s:7:\"general\";i:1;s:21:\"footer-widgets-module\";}}i:306;O:8:\"stdClass\":3:{s:5:\"title\";s:35:\"Quick View for WooCommerce Products\";s:3:\"url\";s:61:\"https://wpastra.com/docs/quick-view-for-woocommerce-products/\";s:8:\"category\";a:1:{i:0;s:3:\"woo\";}}i:307;O:8:\"stdClass\":3:{s:5:\"title\";s:44:\"Off Canvas Sidebar for WooCommerce Shop Page\";s:3:\"url\";s:70:\"https://wpastra.com/docs/off-canvas-sidebar-for-woocommerce-shop-page/\";s:8:\"category\";a:1:{i:0;s:3:\"woo\";}}i:308;O:8:\"stdClass\":3:{s:5:\"title\";s:74:\"Colors &#038; Background Options for Transparent Header (Old Astra Header)\";s:3:\"url\";s:74:\"https://wpastra.com/docs/colors-background-options-for-transparent-header/\";s:8:\"category\";a:1:{i:0;s:24:\"header-footer-before-3-0\";}}i:309;O:8:\"stdClass\":3:{s:5:\"title\";s:74:\"Colors/Background and Typography options for Footer Bar (Old Astra Footer)\";s:3:\"url\";s:81:\"https://wpastra.com/docs/colors-background-and-typography-options-for-footer-bar/\";s:8:\"category\";a:1:{i:0;s:24:\"header-footer-before-3-0\";}}i:310;O:8:\"stdClass\":3:{s:5:\"title\";s:62:\"How to Add WooCommerce Mini Cart in Header? (Old Astra Header)\";s:3:\"url\";s:61:\"https://wpastra.com/docs/add-woocommerce-mini-cart-to-header/\";s:8:\"category\";a:3:{i:0;s:7:\"general\";i:1;s:16:\"woocommerce-free\";i:2;s:3:\"woo\";}}i:311;O:8:\"stdClass\":3:{s:5:\"title\";s:41:\"How to Translate Astra Strings with WPML?\";s:3:\"url\";s:53:\"https://wpastra.com/docs/translate-astra-string-wpml/\";s:8:\"category\";a:1:{i:0;s:15:\"translate-astra\";}}i:312;O:8:\"stdClass\":3:{s:5:\"title\";s:61:\"Know More about Astra Beta Versions? How to Download and Use?\";s:3:\"url\";s:45:\"https://wpastra.com/docs/about-beta-versions/\";s:8:\"category\";a:2:{i:0;s:7:\"general\";i:1;s:24:\"installation-and-updates\";}}i:313;O:8:\"stdClass\":3:{s:5:\"title\";s:40:\"How to Add Social Media Icons to Header?\";s:3:\"url\";s:65:\"https://wpastra.com/docs/how-to-add-social-media-icons-to-header/\";s:8:\"category\";a:1:{i:0;s:7:\"general\";}}i:314;O:8:\"stdClass\":3:{s:5:\"title\";s:42:\"How to Translate Custom Layouts with WPML?\";s:3:\"url\";s:67:\"https://wpastra.com/docs/how-to-translate-custom-layouts-with-wpml/\";s:8:\"category\";a:2:{i:0;s:15:\"translate-astra\";i:1;s:21:\"custom-layouts-module\";}}i:315;O:8:\"stdClass\":3:{s:5:\"title\";s:22:\"Why Is My Logo Blurry?\";s:3:\"url\";s:47:\"https://wpastra.com/docs/why-is-my-logo-blurry/\";s:8:\"category\";a:1:{i:0;s:24:\"header-footer-before-3-0\";}}i:316;O:8:\"stdClass\":3:{s:5:\"title\";s:58:\"How to Disable Title on Posts, Pages, or Other Post Types?\";s:3:\"url\";s:52:\"https://wpastra.com/docs/disable-title-on-post-type/\";s:8:\"category\";a:1:{i:0;s:23:\"astra-theme-pro-filters\";}}i:317;O:8:\"stdClass\":3:{s:5:\"title\";s:59:\"Disable Featured Image on Posts, Pages, or Other Post Types\";s:3:\"url\";s:61:\"https://wpastra.com/docs/disable-featured-image-on-post-type/\";s:8:\"category\";a:1:{i:0;s:23:\"astra-theme-pro-filters\";}}i:318;O:8:\"stdClass\":3:{s:5:\"title\";s:81:\"How to Display &#8220;Last Updated&#8221; instead of &#8220;Published&#8221; Date\";s:3:\"url\";s:62:\"https://wpastra.com/docs/show-last-updated-not-published-date/\";s:8:\"category\";a:3:{i:0;s:8:\"blog-pro\";i:1;s:12:\"blog-filters\";i:2;s:4:\"blog\";}}i:319;O:8:\"stdClass\":3:{s:5:\"title\";s:36:\"How To Reset WordPress Installation?\";s:3:\"url\";s:61:\"https://wpastra.com/docs/how-to-reset-wordpress-installation/\";s:8:\"category\";a:1:{i:0;s:17:\"starter-templates\";}}i:320;O:8:\"stdClass\":3:{s:5:\"title\";s:43:\"Mobile Header with Astra (Old Astra Header)\";s:3:\"url\";s:50:\"https://wpastra.com/docs/mobile-header-with-astra/\";s:8:\"category\";a:1:{i:0;s:13:\"mobile-header\";}}i:321;O:8:\"stdClass\":3:{s:5:\"title\";s:35:\"Disable featured image on all pages\";s:3:\"url\";s:61:\"https://wpastra.com/docs/disable-featured-image-on-all-pages/\";s:8:\"category\";a:0:{}}i:322;O:8:\"stdClass\":3:{s:5:\"title\";s:60:\"Elementor Error: The Content Area Was Not Found in Your Page\";s:3:\"url\";s:79:\"https://wpastra.com/docs/elementor-the-content-area-was-not-found-in-your-page/\";s:8:\"category\";a:0:{}}i:323;O:8:\"stdClass\":3:{s:5:\"title\";s:68:\"Sidebar / Container Options in Customizer for Learndash Not Working?\";s:3:\"url\";s:91:\"https://wpastra.com/docs/sidebar-container-options-in-customizer-for-learndash-not-working/\";s:8:\"category\";a:1:{i:0;s:7:\"general\";}}i:324;O:8:\"stdClass\":3:{s:5:\"title\";s:38:\"About Icons Font That Comes with Astra\";s:3:\"url\";s:57:\"https://wpastra.com/docs/default-font-icon-list-in-astra/\";s:8:\"category\";a:1:{i:0;s:7:\"general\";}}i:325;O:8:\"stdClass\":3:{s:5:\"title\";s:29:\"How to Add Background Images?\";s:3:\"url\";s:82:\"https://wpastra.com/docs/how-to-add-background-images-to-various-sections-on-site/\";s:8:\"category\";a:3:{i:0;s:21:\"colors-background-pro\";i:1;s:24:\"header-footer-before-3-0\";i:2;s:7:\"sidebar\";}}i:326;O:8:\"stdClass\":3:{s:5:\"title\";s:56:\"Default Structured Data and Schema Markup in Astra Theme\";s:3:\"url\";s:68:\"https://wpastra.com/docs/structured-data-and-schema-markup-in-astra/\";s:8:\"category\";a:1:{i:0;s:7:\"general\";}}i:327;O:8:\"stdClass\":3:{s:5:\"title\";s:20:\"Below Header Section\";s:3:\"url\";s:46:\"https://wpastra.com/docs/below-header-section/\";s:8:\"category\";a:1:{i:0;s:15:\"header-sections\";}}i:328;O:8:\"stdClass\":3:{s:5:\"title\";s:20:\"Above Header Section\";s:3:\"url\";s:46:\"https://wpastra.com/docs/above-header-section/\";s:8:\"category\";a:1:{i:0;s:15:\"header-sections\";}}i:329;O:8:\"stdClass\":3:{s:5:\"title\";s:27:\"How to Install Astra Theme?\";s:3:\"url\";s:52:\"https://wpastra.com/docs/how-to-install-astra-theme/\";s:8:\"category\";a:1:{i:0;s:24:\"installation-and-updates\";}}i:330;O:8:\"stdClass\":3:{s:5:\"title\";s:50:\"Not Receiving Update Notification for Astra Theme?\";s:3:\"url\";s:75:\"https://wpastra.com/docs/not-receiving-update-notification-for-astra-theme/\";s:8:\"category\";a:1:{i:0;s:7:\"general\";}}i:331;O:8:\"stdClass\":3:{s:5:\"title\";s:62:\"Do Not See License Activation Form for Astra Pro Addon Plugin?\";s:3:\"url\";s:60:\"https://wpastra.com/docs/do-not-see-license-activation-form/\";s:8:\"category\";a:1:{i:0;s:24:\"installation-and-updates\";}}i:332;O:8:\"stdClass\":3:{s:5:\"title\";s:44:\"How to Refresh / Flush WordPress Permalinks?\";s:3:\"url\";s:61:\"https://wpastra.com/docs/how-to-refresh-wordpress-permalinks/\";s:8:\"category\";a:1:{i:0;s:7:\"general\";}}i:333;O:8:\"stdClass\":3:{s:5:\"title\";s:71:\"How to Merge Above/Below Header Menu with a Primary Menu in Responsive?\";s:3:\"url\";s:96:\"https://wpastra.com/docs/how-to-merge-above-below-header-menu-with-a-primary-menu-in-responsive/\";s:8:\"category\";a:1:{i:0;s:7:\"general\";}}i:334;O:8:\"stdClass\":3:{s:5:\"title\";s:50:\"How to add Google Analytics code with Astra theme?\";s:3:\"url\";s:75:\"https://wpastra.com/docs/how-to-add-google-analytics-code-with-astra-theme/\";s:8:\"category\";a:1:{i:0;s:7:\"general\";}}i:335;O:8:\"stdClass\":3:{s:5:\"title\";s:104:\"Getting error &#8211; The package could not be installed. The theme is missing the style.css stylesheet?\";s:3:\"url\";s:120:\"https://wpastra.com/docs/getting-error-the-package-could-not-be-installed-the-theme-is-missing-the-style-css-stylesheet/\";s:8:\"category\";a:2:{i:0;s:24:\"installation-and-updates\";i:1;s:15:\"troubleshooting\";}}i:336;O:8:\"stdClass\":3:{s:5:\"title\";s:34:\"Typography Options for WooCommerce\";s:3:\"url\";s:60:\"https://wpastra.com/docs/typography-options-for-woocommerce/\";s:8:\"category\";a:1:{i:0;s:3:\"woo\";}}i:337;O:8:\"stdClass\":3:{s:5:\"title\";s:44:\"Getting Started with Astra Pro Addon Plugin!\";s:3:\"url\";s:56:\"https://wpastra.com/docs/getting-started-with-astra-pro/\";s:8:\"category\";a:1:{i:0;s:24:\"installation-and-updates\";}}i:338;O:8:\"stdClass\":3:{s:5:\"title\";s:48:\"Colors &#038; Background options for WooCommerce\";s:3:\"url\";s:67:\"https://wpastra.com/docs/colors-background-options-for-woocommerce/\";s:8:\"category\";a:1:{i:0;s:3:\"woo\";}}i:339;O:8:\"stdClass\":3:{s:5:\"title\";s:51:\"How to Activate License Key on WordPress Multisite?\";s:3:\"url\";s:76:\"https://wpastra.com/docs/how-to-activate-license-key-on-wordpress-multisite/\";s:8:\"category\";a:1:{i:0;s:7:\"general\";}}i:340;O:8:\"stdClass\":3:{s:5:\"title\";s:37:\"How to Edit style.css in Child Theme?\";s:3:\"url\";s:62:\"https://wpastra.com/docs/how-to-edit-style-css-in-child-theme/\";s:8:\"category\";a:1:{i:0;s:7:\"general\";}}i:341;O:8:\"stdClass\":3:{s:5:\"title\";s:61:\"How to Display WooCommerce Sidebar on Top for Mobile Devices?\";s:3:\"url\";s:77:\"https://wpastra.com/docs/how-to-display-woocommerce-sidebar-on-top-on-mobile/\";s:8:\"category\";a:1:{i:0;s:7:\"general\";}}i:342;O:8:\"stdClass\":3:{s:5:\"title\";s:41:\"How to Set Background Image for the Site?\";s:3:\"url\";s:66:\"https://wpastra.com/docs/how-to-set-background-image-for-the-site/\";s:8:\"category\";a:1:{i:0;s:7:\"general\";}}i:343;O:8:\"stdClass\":3:{s:5:\"title\";s:60:\"How to add Google Analytics code with Custom Layouts Module?\";s:3:\"url\";s:85:\"https://wpastra.com/docs/how-to-add-google-analytics-code-with-custom-layouts-module/\";s:8:\"category\";a:0:{}}i:344;O:8:\"stdClass\":3:{s:5:\"title\";s:124:\"Fix for- cURL error 51: SSL: no alternative certificate subject name matches target host name &#8216;websitedemos.net&#8217;\";s:3:\"url\";s:133:\"https://wpastra.com/docs/fix-for-curl-error-51-ssl-no-alternative-certificate-subject-name-matches-target-host-name-websitedemos-net/\";s:8:\"category\";a:1:{i:0;s:15:\"troubleshooting\";}}i:345;O:8:\"stdClass\":3:{s:5:\"title\";s:61:\"How to Remove Previous and Next Link from a Single Blog Post?\";s:3:\"url\";s:84:\"https://wpastra.com/docs/how-to-remove-previous-and-next-link-from-single-blog-post/\";s:8:\"category\";a:1:{i:0;s:7:\"general\";}}i:346;O:8:\"stdClass\":3:{s:5:\"title\";s:15:\"Custom 404 Page\";s:3:\"url\";s:41:\"https://wpastra.com/docs/custom-404-page/\";s:8:\"category\";a:1:{i:0;s:21:\"custom-layouts-module\";}}i:347;O:8:\"stdClass\":3:{s:5:\"title\";s:27:\"Custom Layout &#8211; Hooks\";s:3:\"url\";s:45:\"https://wpastra.com/docs/custom-layout-hooks/\";s:8:\"category\";a:1:{i:0;s:21:\"custom-layouts-module\";}}i:348;O:8:\"stdClass\":3:{s:5:\"title\";s:13:\"Custom Footer\";s:3:\"url\";s:39:\"https://wpastra.com/docs/custom-footer/\";s:8:\"category\";a:1:{i:0;s:21:\"custom-layouts-module\";}}i:349;O:8:\"stdClass\":3:{s:5:\"title\";s:13:\"Custom Header\";s:3:\"url\";s:39:\"https://wpastra.com/docs/custom-header/\";s:8:\"category\";a:1:{i:0;s:21:\"custom-layouts-module\";}}i:350;O:8:\"stdClass\":3:{s:5:\"title\";s:61:\"Cannot edit Custom Layouts / Custom Layouts having 404 error?\";s:3:\"url\";s:84:\"https://wpastra.com/docs/cannot-edit-custom-layouts-custom-layouts-having-404-error/\";s:8:\"category\";a:1:{i:0;s:21:\"custom-layouts-module\";}}i:351;O:8:\"stdClass\":3:{s:5:\"title\";s:49:\"Astra Options Page &#8211; All Settings Explained\";s:3:\"url\";s:54:\"https://wpastra.com/docs/new-welcome-screen-for-astra/\";s:8:\"category\";a:1:{i:0;s:7:\"general\";}}i:352;O:8:\"stdClass\":3:{s:5:\"title\";s:25:\"How to White Label Astra?\";s:3:\"url\";s:50:\"https://wpastra.com/docs/how-to-white-label-astra/\";s:8:\"category\";a:1:{i:0;s:11:\"white-label\";}}i:353;O:8:\"stdClass\":3:{s:5:\"title\";s:32:\"How to Install Astra Pro Plugin?\";s:3:\"url\";s:63:\"https://wpastra.com/docs/how-to-install-astra-pro-addon-plugin/\";s:8:\"category\";a:1:{i:0;s:24:\"installation-and-updates\";}}i:354;O:8:\"stdClass\":3:{s:5:\"title\";s:44:\"Backup Your Website in Less than 10 Minutes!\";s:3:\"url\";s:69:\"https://wpastra.com/docs/backup-your-website-in-less-than-10-minutes/\";s:8:\"category\";a:1:{i:0;s:7:\"general\";}}i:355;O:8:\"stdClass\":3:{s:5:\"title\";s:29:\"How to use RGBA color picker?\";s:3:\"url\";s:54:\"https://wpastra.com/docs/how-to-use-rgba-color-picker/\";s:8:\"category\";a:1:{i:0;s:7:\"general\";}}i:356;O:8:\"stdClass\":3:{s:5:\"title\";s:47:\"How to fix Fatal Error / White Screen of Death?\";s:3:\"url\";s:66:\"https://wpastra.com/docs/fixing-fatal-error-white-screen-of-death/\";s:8:\"category\";a:1:{i:0;s:15:\"troubleshooting\";}}i:357;O:8:\"stdClass\":3:{s:5:\"title\";s:65:\"Fix for &#8211;  Parse error: syntax error, unexpected T_FUNCTION\";s:3:\"url\";s:79:\"https://wpastra.com/docs/fixing-parse-error-syntax-error-unexpected-t-function/\";s:8:\"category\";a:1:{i:0;s:15:\"troubleshooting\";}}i:358;O:8:\"stdClass\":3:{s:5:\"title\";s:75:\"How to Disable the Loading of Astra&#8217;s Default Font File? (Astra.woff)\";s:3:\"url\";s:77:\"https://wpastra.com/docs/disable-loading-astras-default-font-file-astra-woff/\";s:8:\"category\";a:1:{i:0;s:23:\"astra-theme-pro-filters\";}}i:359;O:8:\"stdClass\":3:{s:5:\"title\";s:48:\"Overview of LearnDash Integration in Astra Theme\";s:3:\"url\";s:56:\"https://wpastra.com/docs/learndash-integration-overview/\";s:8:\"category\";a:1:{i:0;s:9:\"learndash\";}}i:360;O:8:\"stdClass\":3:{s:5:\"title\";s:34:\"LearnDash Integration in Astra Pro\";s:3:\"url\";s:60:\"https://wpastra.com/docs/learndash-integration-in-astra-pro/\";s:8:\"category\";a:1:{i:0;s:27:\"learndash-astra-pro-modules\";}}i:361;O:8:\"stdClass\":3:{s:5:\"title\";s:25:\"Checkout Page WooCommerce\";s:3:\"url\";s:51:\"https://wpastra.com/docs/checkout-page-woocommerce/\";s:8:\"category\";a:1:{i:0;s:3:\"woo\";}}i:362;O:8:\"stdClass\":3:{s:5:\"title\";s:26:\"Single Product WooCommerce\";s:3:\"url\";s:52:\"https://wpastra.com/docs/single-product-woocommerce/\";s:8:\"category\";a:1:{i:0;s:3:\"woo\";}}i:363;O:8:\"stdClass\":3:{s:5:\"title\";s:84:\"How to Design a Product Catalog Page or Shop Page Using WooCommerce Module in Astra?\";s:3:\"url\";s:42:\"https://wpastra.com/docs/shop-woocommerce/\";s:8:\"category\";a:1:{i:0;s:3:\"woo\";}}i:364;O:8:\"stdClass\":3:{s:5:\"title\";s:27:\"WooCommerce Module Overview\";s:3:\"url\";s:53:\"https://wpastra.com/docs/woocommerce-module-overview/\";s:8:\"category\";a:1:{i:0;s:3:\"woo\";}}i:365;O:8:\"stdClass\":3:{s:5:\"title\";s:19:\"General WooCommerce\";s:3:\"url\";s:45:\"https://wpastra.com/docs/general-woocommerce/\";s:8:\"category\";a:0:{}}i:366;O:8:\"stdClass\":3:{s:5:\"title\";s:17:\"Typography Module\";s:3:\"url\";s:43:\"https://wpastra.com/docs/typography-module/\";s:8:\"category\";a:1:{i:0;s:14:\"typography-pro\";}}i:367;O:8:\"stdClass\":3:{s:5:\"title\";s:37:\"Global Typography &#8211; Astra Theme\";s:3:\"url\";s:41:\"https://wpastra.com/docs/typography-free/\";s:8:\"category\";a:1:{i:0;s:6:\"global\";}}i:368;O:8:\"stdClass\":3:{s:5:\"title\";s:31:\"Colors &#038; Background Module\";s:3:\"url\";s:50:\"https://wpastra.com/docs/colors-background-module/\";s:8:\"category\";a:1:{i:0;s:21:\"colors-background-pro\";}}i:369;O:8:\"stdClass\":3:{s:5:\"title\";s:33:\"Global Colors &#8211; Astra Theme\";s:3:\"url\";s:43:\"https://wpastra.com/docs/colors-background/\";s:8:\"category\";a:1:{i:0;s:6:\"global\";}}i:370;O:8:\"stdClass\":3:{s:5:\"title\";s:37:\"Astra WooCommerce Mini Cart Shortcode\";s:3:\"url\";s:55:\"https://wpastra.com/docs/shortcode-for-astra-mini-cart/\";s:8:\"category\";a:1:{i:0;s:3:\"woo\";}}i:371;O:8:\"stdClass\":3:{s:5:\"title\";s:34:\"LifterLMS Integration in Astra Pro\";s:3:\"url\";s:46:\"https://wpastra.com/docs/lifterlms-module-pro/\";s:8:\"category\";a:1:{i:0;s:19:\"lifterlms-astra-pro\";}}i:372;O:8:\"stdClass\":3:{s:5:\"title\";s:18:\"LifterLMS Overview\";s:3:\"url\";s:44:\"https://wpastra.com/docs/lifterlms-overview/\";s:8:\"category\";a:1:{i:0;s:9:\"lifterlms\";}}i:373;O:8:\"stdClass\":3:{s:5:\"title\";s:41:\"LifterLMS Integration in Free Astra Theme\";s:3:\"url\";s:40:\"https://wpastra.com/docs/lifterlms-free/\";s:8:\"category\";a:1:{i:0;s:9:\"lifterlms\";}}i:374;O:8:\"stdClass\":3:{s:5:\"title\";s:43:\"How to Manage Sidebars in Free Astra Theme?\";s:3:\"url\";s:38:\"https://wpastra.com/docs/sidebar-free/\";s:8:\"category\";a:1:{i:0;s:7:\"sidebar\";}}i:375;O:8:\"stdClass\":3:{s:5:\"title\";s:25:\"Single post with Blog Pro\";s:3:\"url\";s:46:\"https://wpastra.com/docs/single-post-blog-pro/\";s:8:\"category\";a:1:{i:0;s:8:\"blog-pro\";}}i:376;O:8:\"stdClass\":3:{s:5:\"title\";s:28:\"Blog / Archive with Blog Pro\";s:3:\"url\";s:47:\"https://wpastra.com/docs/blog-archive-blog-pro/\";s:8:\"category\";a:1:{i:0;s:8:\"blog-pro\";}}i:377;O:8:\"stdClass\":3:{s:5:\"title\";s:17:\"Blog Pro Overview\";s:3:\"url\";s:43:\"https://wpastra.com/docs/blog-pro-overview/\";s:8:\"category\";a:1:{i:0;s:8:\"blog-pro\";}}i:378;O:8:\"stdClass\":3:{s:5:\"title\";s:11:\"Single Post\";s:3:\"url\";s:37:\"https://wpastra.com/docs/single-post/\";s:8:\"category\";a:1:{i:0;s:4:\"blog\";}}i:379;O:8:\"stdClass\":3:{s:5:\"title\";s:14:\"Blog / Archive\";s:3:\"url\";s:38:\"https://wpastra.com/docs/blog-archive/\";s:8:\"category\";a:1:{i:0;s:4:\"blog\";}}i:380;O:8:\"stdClass\":3:{s:5:\"title\";s:13:\"Blog Overview\";s:3:\"url\";s:39:\"https://wpastra.com/docs/blog-overview/\";s:8:\"category\";a:1:{i:0;s:4:\"blog\";}}i:381;O:8:\"stdClass\":3:{s:5:\"title\";s:13:\"Scroll To Top\";s:3:\"url\";s:43:\"https://wpastra.com/docs/scroll-to-top-pro/\";s:8:\"category\";a:1:{i:0;s:28:\"astra-theme-walkthrough-docs\";}}i:382;O:8:\"stdClass\":3:{s:5:\"title\";s:23:\"Custom Layouts Overview\";s:3:\"url\";s:44:\"https://wpastra.com/docs/custom-layouts-pro/\";s:8:\"category\";a:1:{i:0;s:21:\"custom-layouts-module\";}}i:383;O:8:\"stdClass\":3:{s:5:\"title\";s:36:\"Footer Widgets Module with Astra Pro\";s:3:\"url\";s:50:\"https://wpastra.com/docs/footer-widgets-astra-pro/\";s:8:\"category\";a:1:{i:0;s:21:\"footer-widgets-module\";}}i:384;O:8:\"stdClass\":3:{s:5:\"title\";s:15:\"Footer Overview\";s:3:\"url\";s:41:\"https://wpastra.com/docs/footer-overview/\";s:8:\"category\";a:1:{i:0;s:24:\"header-footer-before-3-0\";}}i:385;O:8:\"stdClass\":3:{s:5:\"title\";s:10:\"Footer Bar\";s:3:\"url\";s:36:\"https://wpastra.com/docs/footer-bar/\";s:8:\"category\";a:1:{i:0;s:24:\"header-footer-before-3-0\";}}i:386;O:8:\"stdClass\":3:{s:5:\"title\";s:14:\"Footer Widgets\";s:3:\"url\";s:40:\"https://wpastra.com/docs/footer-widgets/\";s:8:\"category\";a:1:{i:0;s:24:\"header-footer-before-3-0\";}}i:387;O:8:\"stdClass\":3:{s:5:\"title\";s:19:\"Astra Meta Settings\";s:3:\"url\";s:44:\"https://wpastra.com/docs/page-meta-settings/\";s:8:\"category\";a:1:{i:0;s:13:\"meta-settings\";}}i:388;O:8:\"stdClass\":3:{s:5:\"title\";s:45:\"How to Manage Spacing in Headers Using Astra?\";s:3:\"url\";s:49:\"https://wpastra.com/docs/header-spacing-controls/\";s:8:\"category\";a:1:{i:0;s:7:\"spacing\";}}i:389;O:8:\"stdClass\":3:{s:5:\"title\";s:24:\"Sidebar Spacing Controls\";s:3:\"url\";s:50:\"https://wpastra.com/docs/sidebar-spacing-controls/\";s:8:\"category\";a:1:{i:0;s:7:\"spacing\";}}i:390;O:8:\"stdClass\":3:{s:5:\"title\";s:51:\"How to Manage Spacing on the Blog Page Using Astra?\";s:3:\"url\";s:55:\"https://wpastra.com/docs/blog-archive-spacing-controls/\";s:8:\"category\";a:1:{i:0;s:7:\"spacing\";}}i:391;O:8:\"stdClass\":3:{s:5:\"title\";s:23:\"Footer Spacing Controls\";s:3:\"url\";s:49:\"https://wpastra.com/docs/footer-spacing-controls/\";s:8:\"category\";a:1:{i:0;s:7:\"spacing\";}}i:392;O:8:\"stdClass\":3:{s:5:\"title\";s:21:\"Page Headers Overview\";s:3:\"url\";s:47:\"https://wpastra.com/docs/page-headers-overview/\";s:8:\"category\";a:1:{i:0;s:12:\"page-headers\";}}i:393;O:8:\"stdClass\":3:{s:5:\"title\";s:43:\"Header Sections Overview (Old Astra Header)\";s:3:\"url\";s:45:\"https://wpastra.com/docs/header-sections-pro/\";s:8:\"category\";a:1:{i:0;s:15:\"header-sections\";}}i:394;O:8:\"stdClass\":3:{s:5:\"title\";s:62:\"How to Set the Full-width/Stretched Container Layout in Astra?\";s:3:\"url\";s:63:\"https://wpastra.com/docs/full-width-stretched-container-layout/\";s:8:\"category\";a:1:{i:0;s:6:\"global\";}}i:395;O:8:\"stdClass\":3:{s:5:\"title\";s:43:\"Full Width / Contained – Container Layout\";s:3:\"url\";s:63:\"https://wpastra.com/docs/full-width-contained-container-layout/\";s:8:\"category\";a:1:{i:0;s:6:\"global\";}}i:396;O:8:\"stdClass\":3:{s:5:\"title\";s:38:\"Content Boxed &#8211; Container Layout\";s:3:\"url\";s:56:\"https://wpastra.com/docs/content-boxed-container-layout/\";s:8:\"category\";a:1:{i:0;s:6:\"global\";}}i:397;O:8:\"stdClass\":3:{s:5:\"title\";s:26:\"Boxed – Container Layout\";s:3:\"url\";s:48:\"https://wpastra.com/docs/boxed-container-layout/\";s:8:\"category\";a:1:{i:0;s:6:\"global\";}}i:398;O:8:\"stdClass\":3:{s:5:\"title\";s:26:\"Container Spacing Controls\";s:3:\"url\";s:52:\"https://wpastra.com/docs/container-spacing-controls/\";s:8:\"category\";a:1:{i:0;s:7:\"spacing\";}}i:399;O:8:\"stdClass\":3:{s:5:\"title\";s:30:\"Site Identity Spacing Controls\";s:3:\"url\";s:56:\"https://wpastra.com/docs/site-identity-spacing-controls/\";s:8:\"category\";a:1:{i:0;s:7:\"spacing\";}}i:400;O:8:\"stdClass\":3:{s:5:\"title\";s:22:\"Spacing Addon Overview\";s:3:\"url\";s:48:\"https://wpastra.com/docs/spacing-addon-overview/\";s:8:\"category\";a:1:{i:0;s:7:\"spacing\";}}i:401;O:8:\"stdClass\":3:{s:5:\"title\";s:39:\"Color and Typography for Primary Header\";s:3:\"url\";s:57:\"https://wpastra.com/docs/color-typography-primary-header/\";s:8:\"category\";a:1:{i:0;s:24:\"header-footer-before-3-0\";}}i:402;O:8:\"stdClass\":3:{s:5:\"title\";s:14:\"Primary Header\";s:3:\"url\";s:40:\"https://wpastra.com/docs/primary-header/\";s:8:\"category\";a:1:{i:0;s:24:\"header-footer-before-3-0\";}}i:403;O:8:\"stdClass\":3:{s:5:\"title\";s:15:\"Header Overview\";s:3:\"url\";s:41:\"https://wpastra.com/docs/header-overview/\";s:8:\"category\";a:1:{i:0;s:24:\"header-footer-before-3-0\";}}i:404;O:8:\"stdClass\":3:{s:5:\"title\";s:36:\"Global Container &#8211; Astra Theme\";s:3:\"url\";s:44:\"https://wpastra.com/docs/container-overview/\";s:8:\"category\";a:1:{i:0;s:6:\"global\";}}i:405;O:8:\"stdClass\":3:{s:5:\"title\";s:71:\"How to Add Logo, Favicon, and Site Title with Astra? (Old Astra Header)\";s:3:\"url\";s:46:\"https://wpastra.com/docs/manage-site-identity/\";s:8:\"category\";a:1:{i:0;s:24:\"header-footer-before-3-0\";}}i:406;O:8:\"stdClass\":3:{s:5:\"title\";s:64:\"How to Add a Sticky Header or On-Scroll Fixed Header with Astra?\";s:3:\"url\";s:43:\"https://wpastra.com/docs/sticky-header-pro/\";s:8:\"category\";a:1:{i:0;s:13:\"sticky-header\";}}i:407;O:8:\"stdClass\":3:{s:5:\"title\";s:18:\"Padded Site Layout\";s:3:\"url\";s:44:\"https://wpastra.com/docs/padded-site-layout/\";s:8:\"category\";a:1:{i:0;s:11:\"site-layout\";}}i:408;O:8:\"stdClass\":3:{s:5:\"title\";s:17:\"Fluid Site Layout\";s:3:\"url\";s:43:\"https://wpastra.com/docs/fluid-site-layout/\";s:8:\"category\";a:1:{i:0;s:11:\"site-layout\";}}i:409;O:8:\"stdClass\":3:{s:5:\"title\";s:21:\"Max Width Site Layout\";s:3:\"url\";s:47:\"https://wpastra.com/docs/max-width-site-layout/\";s:8:\"category\";a:1:{i:0;s:11:\"site-layout\";}}i:410;O:8:\"stdClass\":3:{s:5:\"title\";s:22:\"Full Width Site Layout\";s:3:\"url\";s:48:\"https://wpastra.com/docs/full-width-site-layout/\";s:8:\"category\";a:1:{i:0;s:11:\"site-layout\";}}i:411;O:8:\"stdClass\":3:{s:5:\"title\";s:20:\"Site Layout Overview\";s:3:\"url\";s:46:\"https://wpastra.com/docs/site-layout-overview/\";s:8:\"category\";a:1:{i:0;s:11:\"site-layout\";}}i:412;O:8:\"stdClass\":3:{s:5:\"title\";s:40:\"Change the Astra Header Breakpoint Width\";s:3:\"url\";s:62:\"https://wpastra.com/docs/change-astra-header-breakpoint-width/\";s:8:\"category\";a:1:{i:0;s:27:\"astra-header-footer-filters\";}}i:413;O:8:\"stdClass\":3:{s:5:\"title\";s:43:\"How to Add Custom Javascript Code in Astra?\";s:3:\"url\";s:58:\"https://wpastra.com/docs/add-custom-javascript-code-astra/\";s:8:\"category\";a:0:{}}i:414;O:8:\"stdClass\":3:{s:5:\"title\";s:31:\"What is a Favicon or Site Icon?\";s:3:\"url\";s:43:\"https://wpastra.com/docs/favicon-site-icon/\";s:8:\"category\";a:1:{i:0;s:7:\"general\";}}i:415;O:8:\"stdClass\":3:{s:5:\"title\";s:39:\"Complete List of WordPress Locale Codes\";s:3:\"url\";s:62:\"https://wpastra.com/docs/complete-list-wordpress-locale-codes/\";s:8:\"category\";a:0:{}}i:416;O:8:\"stdClass\":3:{s:5:\"title\";s:53:\"Fix for &#8211; The PCLZIP_ERR_BAD_FORMAT (-10) Error\";s:3:\"url\";s:60:\"https://wpastra.com/docs/fix-pclzip-err-bad-format-10-error/\";s:8:\"category\";a:1:{i:0;s:15:\"troubleshooting\";}}i:417;O:8:\"stdClass\":3:{s:5:\"title\";s:27:\"How to Add Custom PHP Code?\";s:3:\"url\";s:45:\"https://wpastra.com/docs/add-custom-php-code/\";s:8:\"category\";a:1:{i:0;s:23:\"astra-theme-pro-filters\";}}i:418;O:8:\"stdClass\":3:{s:5:\"title\";s:52:\"WooCommerce Integration Overview in Free Astra Theme\";s:3:\"url\";s:58:\"https://wpastra.com/docs/woocommerce-integration-overview/\";s:8:\"category\";a:1:{i:0;s:16:\"woocommerce-free\";}}i:419;O:8:\"stdClass\":3:{s:5:\"title\";s:38:\"How to Replicate the Astra Screenshot?\";s:3:\"url\";s:52:\"https://wpastra.com/docs/replicating-the-screenshot/\";s:8:\"category\";a:0:{}}i:420;O:8:\"stdClass\":3:{s:5:\"title\";s:41:\"How to Turn Astra Multilingual with WPML?\";s:3:\"url\";s:59:\"https://wpastra.com/docs/turn-astra-multilingual-with-wpml/\";s:8:\"category\";a:1:{i:0;s:15:\"translate-astra\";}}i:421;O:8:\"stdClass\":3:{s:5:\"title\";s:81:\"How to Build Advanced Websites Based on Custom Post Types with Toolset and Astra?\";s:3:\"url\";s:57:\"https://wpastra.com/docs/custom-post-types-toolset-astra/\";s:8:\"category\";a:1:{i:0;s:7:\"general\";}}i:422;O:8:\"stdClass\":3:{s:5:\"title\";s:36:\"How to Get License Key of Astra Pro?\";s:3:\"url\";s:42:\"https://wpastra.com/docs/get-license-keys/\";s:8:\"category\";a:1:{i:0;s:24:\"installation-and-updates\";}}i:423;O:8:\"stdClass\":3:{s:5:\"title\";s:40:\"How to Activate Astra Pro Addon License?\";s:3:\"url\";s:58:\"https://wpastra.com/docs/activate-astra-pro-addon-license/\";s:8:\"category\";a:1:{i:0;s:24:\"installation-and-updates\";}}i:424;O:8:\"stdClass\":3:{s:5:\"title\";s:35:\"How to Design Bullets &#038; Lists?\";s:3:\"url\";s:46:\"https://wpastra.com/docs/design-bullets-lists/\";s:8:\"category\";a:1:{i:0;s:10:\"custom-css\";}}i:425;O:8:\"stdClass\":3:{s:5:\"title\";s:45:\"How to Disable Comments on WordPress website?\";s:3:\"url\";s:49:\"https://wpastra.com/docs/how-to-disable-comments/\";s:8:\"category\";a:1:{i:0;s:7:\"general\";}}i:426;O:8:\"stdClass\":3:{s:5:\"title\";s:37:\"How to Highlight a Certain Menu Item?\";s:3:\"url\";s:53:\"https://wpastra.com/docs/highlight-certain-menu-item/\";s:8:\"category\";a:1:{i:0;s:10:\"custom-css\";}}i:427;O:8:\"stdClass\":3:{s:5:\"title\";s:76:\"How to Bulk Edit Astra Meta Settings on Multiple Pages &#038; Posts at Once?\";s:3:\"url\";s:76:\"https://wpastra.com/docs/bulk-edit-astra-meta-settings-multiple-pages-posts/\";s:8:\"category\";a:1:{i:0;s:7:\"general\";}}i:428;O:8:\"stdClass\":3:{s:5:\"title\";s:14:\"Font Selection\";s:3:\"url\";s:40:\"https://wpastra.com/docs/font-selection/\";s:8:\"category\";a:1:{i:0;s:7:\"general\";}}i:429;O:8:\"stdClass\":3:{s:5:\"title\";s:28:\"How to Renew Yearly License?\";s:3:\"url\";s:46:\"https://wpastra.com/docs/renew-yearly-license/\";s:8:\"category\";a:1:{i:0;s:17:\"account-and-store\";}}i:430;O:8:\"stdClass\":3:{s:5:\"title\";s:52:\"How to Increase PHP Time Limit for a WordPress Site?\";s:3:\"url\";s:65:\"https://wpastra.com/docs/increase-php-time-limit-wordpress-sites/\";s:8:\"category\";a:1:{i:0;s:7:\"general\";}}i:431;O:8:\"stdClass\":3:{s:5:\"title\";s:25:\"Astra Pro WP CLI Commands\";s:3:\"url\";s:41:\"https://wpastra.com/docs/wp-cli-commands/\";s:8:\"category\";a:2:{i:0;s:7:\"general\";i:1;s:23:\"astra-theme-pro-filters\";}}i:432;O:8:\"stdClass\":3:{s:5:\"title\";s:29:\"How Do License Upgrades Work?\";s:3:\"url\";s:51:\"https://wpastra.com/docs/how-license-upgrades-work/\";s:8:\"category\";a:1:{i:0;s:17:\"account-and-store\";}}i:433;O:8:\"stdClass\":3:{s:5:\"title\";s:59:\"Recommended Settings for Beaver Builder and the Astra Theme\";s:3:\"url\";s:67:\"https://wpastra.com/docs/recommended-settings-beaver-builder-astra/\";s:8:\"category\";a:1:{i:0;s:7:\"general\";}}i:434;O:8:\"stdClass\":3:{s:5:\"title\";s:54:\"Recommended Settings for Elementor and the Astra Theme\";s:3:\"url\";s:60:\"https://wpastra.com/docs/recommended-settings-for-elementor/\";s:8:\"category\";a:1:{i:0;s:7:\"general\";}}i:435;O:8:\"stdClass\":3:{s:5:\"title\";s:27:\"How to Force Check Updates?\";s:3:\"url\";s:45:\"https://wpastra.com/docs/force-check-updates/\";s:8:\"category\";a:0:{}}i:436;O:8:\"stdClass\":3:{s:5:\"title\";s:56:\"How to Disable or Change Position of the Featured Image?\";s:3:\"url\";s:64:\"https://wpastra.com/docs/disable-change-position-featured-image/\";s:8:\"category\";a:0:{}}i:437;O:8:\"stdClass\":3:{s:5:\"title\";s:42:\"How do I manage margin between paragraphs?\";s:3:\"url\";s:50:\"https://wpastra.com/docs/manage-margin-paragraphs/\";s:8:\"category\";a:0:{}}i:438;O:8:\"stdClass\":3:{s:5:\"title\";s:57:\"How to Update the Plugin Manually from WordPress Backend?\";s:3:\"url\";s:66:\"https://wpastra.com/docs/update-plugin-manually-wordpress-backend/\";s:8:\"category\";a:1:{i:0;s:7:\"general\";}}i:439;O:8:\"stdClass\":3:{s:5:\"title\";s:40:\"How to Adjust the Width of Your Sidebar?\";s:3:\"url\";s:46:\"https://wpastra.com/docs/adjust-width-sidebar/\";s:8:\"category\";a:1:{i:0;s:7:\"general\";}}i:440;O:8:\"stdClass\":3:{s:5:\"title\";s:51:\"Where Does Astra Primary Color Setting Take Effect?\";s:3:\"url\";s:65:\"https://wpastra.com/docs/astra-primary-color-setting-take-effect/\";s:8:\"category\";a:1:{i:0;s:7:\"general\";}}i:441;O:8:\"stdClass\":3:{s:5:\"title\";s:59:\"How to Disable Header or Footer for a Landing Page or Post?\";s:3:\"url\";s:65:\"https://wpastra.com/docs/disable-header-footer-landing-page-post/\";s:8:\"category\";a:1:{i:0;s:7:\"general\";}}i:442;O:8:\"stdClass\":3:{s:5:\"title\";s:54:\"What Is a Child Theme and How To Install It for Astra?\";s:3:\"url\";s:51:\"https://wpastra.com/docs/install-astra-child-theme/\";s:8:\"category\";a:1:{i:0;s:24:\"installation-and-updates\";}}i:443;O:8:\"stdClass\":3:{s:5:\"title\";s:47:\"Increasing the PHP Memory Limit of Your Website\";s:3:\"url\";s:61:\"https://wpastra.com/docs/increasing-php-memory-limit-website/\";s:8:\"category\";a:1:{i:0;s:7:\"general\";}}i:444;O:8:\"stdClass\":3:{s:5:\"title\";s:76:\"How to Translate Astra Theme / Plugins in Your Own Language using GlotPress?\";s:3:\"url\";s:42:\"https://wpastra.com/docs/how-to-translate/\";s:8:\"category\";a:1:{i:0;s:15:\"translate-astra\";}}i:445;O:8:\"stdClass\":3:{s:5:\"title\";s:40:\"Does Astra support Beaver Themer Plugin?\";s:3:\"url\";s:65:\"https://wpastra.com/docs/does-astra-support-beaver-themer-plugin/\";s:8:\"category\";a:1:{i:0;s:7:\"general\";}}i:446;O:8:\"stdClass\":3:{s:5:\"title\";s:40:\"Remove Primary Navigation Menu with Hook\";s:3:\"url\";s:63:\"https://wpastra.com/docs/how-to-remove-primary-navigation-menu/\";s:8:\"category\";a:1:{i:0;s:27:\"astra-header-footer-filters\";}}i:447;O:8:\"stdClass\":3:{s:5:\"title\";s:33:\"Footer Custom Text Helper Strings\";s:3:\"url\";s:59:\"https://wpastra.com/docs/footer-custom-text-helper-strings/\";s:8:\"category\";a:1:{i:0;s:7:\"general\";}}i:448;O:8:\"stdClass\":3:{s:5:\"title\";s:24:\"What is Astra Pro Addon?\";s:3:\"url\";s:41:\"https://wpastra.com/docs/astra-pro-addon/\";s:8:\"category\";a:1:{i:0;s:24:\"installation-and-updates\";}}i:449;O:8:\"stdClass\":3:{s:5:\"title\";s:51:\"How to Change the Destination URL for Website Logo?\";s:3:\"url\";s:40:\"https://wpastra.com/docs/astra-logo-url/\";s:8:\"category\";a:1:{i:0;s:27:\"astra-header-footer-filters\";}}i:450;O:8:\"stdClass\":3:{s:5:\"title\";s:20:\"Using Hooks in Astra\";s:3:\"url\";s:37:\"https://wpastra.com/docs/using-hooks/\";s:8:\"category\";a:1:{i:0;s:23:\"astra-theme-pro-filters\";}}i:451;O:8:\"stdClass\":3:{s:5:\"title\";s:59:\"Standard server 404 page showing instead of custom 404 page\";s:3:\"url\";s:85:\"https://wpastra.com/docs/standard-server-404-page-showing-instead-of-custom-404-page/\";s:8:\"category\";a:0:{}}i:452;O:8:\"stdClass\":3:{s:5:\"title\";s:39:\"How to Change the Default Astra Strings\";s:3:\"url\";s:47:\"https://wpastra.com/docs/astra-default-strings/\";s:8:\"category\";a:1:{i:0;s:23:\"astra-theme-pro-filters\";}}i:453;O:8:\"stdClass\":3:{s:5:\"title\";s:55:\"How to Add Custom CSS Code Without Editing Theme Files?\";s:3:\"url\";s:48:\"https://wpastra.com/docs/adding-custom-css-code/\";s:8:\"category\";a:1:{i:0;s:10:\"custom-css\";}}}}', 'yes');
